{"id":149701,"date":"2018-12-03T13:40:05","date_gmt":"2018-12-03T12:40:05","guid":{"rendered":"http:\/\/wp.kristdemokraterna.se\/vasternorrland\/?page_id=149701"},"modified":"2023-04-11T20:23:41","modified_gmt":"2023-04-11T18:23:41","slug":"regionplaner","status":"publish","type":"page","link":"https:\/\/wp.kristdemokraterna.se\/vasternorrland\/var-politik\/regionplaner\/","title":{"rendered":"Regionplaner"},"content":{"rendered":"<p>H\u00e4r hittar du Kristdemokraternas f\u00f6rslag till regionplaner (landstingsplaner) f\u00f6r\u00a0 Region V\u00e4sternorrland, tidigare Landstinget V\u00e4sternorrland.<\/p>\n<ul>\n<li><a href=\"https:\/\/wp.kristdemokraterna.se\/vasternorrland\/krisplan-for-region-vasternorrland\/\">Krisplan f\u00f6r Region V\u00e4sternorrland &#8211; Vi skapar ljus i m\u00f6rkret <\/a>(SJVP, SD och KD:s f\u00f6rslag till budget 2023 med plan f\u00f6r 2024 och 205)<\/li>\n<li>Kristdemokraternas f\u00f6rslag till Regionplan 2022-2024<\/li>\n<li><a href=\"http:\/\/wp.kristdemokraterna.se\/vasternorrland\/regionplan-2021-2023-ett-vasternorrland-handlingskraft-livskraft-och-naturkraft\/\">Kristdemokraternas f\u00f6rslag till Regionplan 2021-2023<\/a><\/li>\n<li><a href=\"http:\/\/wp.kristdemokraterna.se\/vasternorrland\/var-politik\/regionplaner\/regionplan-2020-2022-ett-stolt-vasternorrland-med-funktion-och-attraktivitet\/\">Kristdemokraternas f\u00f6rslag till Regionplan 2020-2022<\/a><\/li>\n<li><a href=\"http:\/\/wp.kristdemokraterna.se\/vasternorrland\/var-politik\/regionplaner\/regionplan-2019-2021\/\">Kristdemokraternas f\u00f6rslag till Regionplan 2019-2021<\/a><\/li>\n<li><a href=\"http:\/\/wp.kristdemokraterna.se\/vasternorrland\/regionplaner\/regionplan-2018-2020\">Kristdemokraternas f\u00f6rslag till Regionplan 2018-2020<\/a><\/li>\n<li><a href=\"http:\/\/wp.kristdemokraterna.se\/vasternorrland\/regionplaner\/landstingsplan-2017-2019\/\">Kristdemokraternas f\u00f6rslag till Landstingsplan 2017-2019<\/a><\/li>\n<li><a href=\"http:\/\/wp.kristdemokraterna.se\/vasternorrland\/regionplaner\/landstingsplan-2016-2018\/\">V\u00e5rdalliansens\u00a0(M, C, FP, KD:s) f\u00f6rslag till Landstingsplan 2016-2018<\/a><\/li>\n<li><a href=\"http:\/\/wp.kristdemokraterna.se\/vasternorrland\/regionplaner\/landstingsplan-2015-2017\/\">V\u00e5rdalliansens (M, C, FP, KD och MP:s) f\u00f6rslag till Landstingsplan 2015-2017<\/a><\/li>\n<li><a href=\"http:\/\/wp.kristdemokraterna.se\/vasternorrland\/regionplaner\/landstingsplan-2014-2016\/\">V\u00e5rdalliansens (M, C, FP, KD och MP:s) f\u00f6rslag till Landstingsplan 2014-2016<\/a><\/li>\n<li><a href=\"http:\/\/wp.kristdemokraterna.se\/vasternorrland\/regionplaner\/landstingsplan-2013-2015\/\">V\u00e5rdalliansens (M, C, FP, KD och MP:s) f\u00f6rslag till Landstingsplan 2013-2015<\/a><\/li>\n<li>V\u00e5rdalliansens (M, C, FP, KD och MP:s) f\u00f6rslag till Landstingsplan 2012-2014<\/li>\n<li><a href=\"http:\/\/wp.kristdemokraterna.se\/vasternorrland\/regionplaner\/landstingsplan-2011-2013\/\">V\u00e5rdalliansens (M, C, FP, KD och MP:s) f\u00f6rslag till Landstingsplan 2011-2013<\/a><\/li>\n<li><a href=\"http:\/\/wp.kristdemokraterna.se\/vasternorrland\/regionplaner\/landstingsplan-2010-2012\/\">Oppositionens (M, C, SJVP, KD, FP och MP:s) f\u00f6rslag till Landstingsplan 2010-2012<\/a><\/li>\n<li><a href=\"http:\/\/wp.kristdemokraterna.se\/vasternorrland\/regionplaner\/landstingsplan-2009-2011\/\">Oppositionens (M, C, SJVP, KD, FP och MP:s) f\u00f6rslag till Landstingsplan 2009-2011<\/a><\/li>\n<li><a href=\"https:\/\/wp.kristdemokraterna.se\/vasternorrland\/landstingsplan-2006-2008-fornyelse-och-mangfald\/\">V\u00e5rdalliansens (C, FP, SJVP, KD och MP:s) f\u00f6rslag till Landstingsplan 2006-2008<\/a><\/li>\n<\/ul>\n","protected":false},"excerpt":{"rendered":"<p>H\u00e4r hittar du Kristdemokraternas f\u00f6rslag till regionplaner (landstingsplaner) f\u00f6r\u00a0 Region V\u00e4sternorrland, tidigare Landstinget V\u00e4sternorrland. Krisplan f\u00f6r Region V\u00e4sternorrland &#8211; Vi skapar ljus i m\u00f6rkret (SJVP, SD och KD:s f\u00f6rslag till budget 2023 med plan f\u00f6r 2024 och 205) Kristdemokraternas f\u00f6rslag till Regionplan 2022-2024 Kristdemokraternas f\u00f6rslag till Regionplan 2021-2023 Kristdemokraternas f\u00f6rslag till Regionplan 2020-2022 Kristdemokraternas f\u00f6rslag <a class=\"read-more-link\" href=\"https:\/\/wp.kristdemokraterna.se\/vasternorrland\/var-politik\/regionplaner\/\">Read More<\/a><\/p>\n","protected":false},"author":787,"featured_media":0,"parent":119034,"menu_order":7,"comment_status":"closed","ping_status":"closed","template":"","meta":{"_acf_changed":false,"footnotes":""},"class_list":["post-149701","page","type-page","status-publish","hentry"],"acf":[],"yoast_head":"<!-- This site is optimized with the Yoast SEO plugin v27.3 - https:\/\/yoast.com\/product\/yoast-seo-wordpress\/ -->\n<title>Regionplaner | KD V\u00e4sternorrland<\/title>\n<meta name=\"robots\" content=\"index, follow, max-snippet:-1, max-image-preview:large, max-video-preview:-1\" \/>\n<link rel=\"canonical\" href=\"https:\/\/wp.kristdemokraterna.se\/vasternorrland\/var-politik\/regionplaner\/\" \/>\n<meta property=\"og:locale\" content=\"sv_SE\" \/>\n<meta property=\"og:type\" content=\"article\" \/>\n<meta property=\"og:title\" content=\"Regionplaner | KD V\u00e4sternorrland\" \/>\n<meta property=\"og:description\" content=\"H\u00e4r hittar du Kristdemokraternas f\u00f6rslag till regionplaner (landstingsplaner) f\u00f6r\u00a0 Region V\u00e4sternorrland, tidigare Landstinget V\u00e4sternorrland. Krisplan f\u00f6r Region V\u00e4sternorrland &#8211; Vi skapar ljus i m\u00f6rkret (SJVP, SD och KD:s f\u00f6rslag till budget 2023 med plan f\u00f6r 2024 och 205) Kristdemokraternas f\u00f6rslag till Regionplan 2022-2024 Kristdemokraternas f\u00f6rslag till Regionplan 2021-2023 Kristdemokraternas f\u00f6rslag till Regionplan 2020-2022 Kristdemokraternas f\u00f6rslag Read More\" \/>\n<meta property=\"og:url\" content=\"https:\/\/wp.kristdemokraterna.se\/vasternorrland\/var-politik\/regionplaner\/\" \/>\n<meta property=\"og:site_name\" content=\"KD V\u00e4sternorrland\" \/>\n<meta property=\"article:publisher\" content=\"https:\/\/www.facebook.com\/kdrvn\/\" \/>\n<meta property=\"article:modified_time\" content=\"2023-04-11T18:23:41+00:00\" \/>\n<meta name=\"twitter:card\" content=\"summary_large_image\" \/>\n<meta name=\"twitter:label1\" content=\"Ber\u00e4knad l\u00e4stid\" \/>\n\t<meta name=\"twitter:data1\" content=\"1 minut\" \/>\n<script type=\"application\/ld+json\" class=\"yoast-schema-graph\">{\"@context\":\"https:\\\/\\\/schema.org\",\"@graph\":[{\"@type\":\"WebPage\",\"@id\":\"https:\\\/\\\/wp.kristdemokraterna.se\\\/vasternorrland\\\/var-politik\\\/regionplaner\\\/\",\"url\":\"https:\\\/\\\/wp.kristdemokraterna.se\\\/vasternorrland\\\/var-politik\\\/regionplaner\\\/\",\"name\":\"Regionplaner | KD V\u00e4sternorrland\",\"isPartOf\":{\"@id\":\"https:\\\/\\\/wp.kristdemokraterna.se\\\/vasternorrland\\\/#website\"},\"datePublished\":\"2018-12-03T12:40:05+00:00\",\"dateModified\":\"2023-04-11T18:23:41+00:00\",\"breadcrumb\":{\"@id\":\"https:\\\/\\\/wp.kristdemokraterna.se\\\/vasternorrland\\\/var-politik\\\/regionplaner\\\/#breadcrumb\"},\"inLanguage\":\"sv-SE\",\"potentialAction\":[{\"@type\":\"ReadAction\",\"target\":[\"https:\\\/\\\/wp.kristdemokraterna.se\\\/vasternorrland\\\/var-politik\\\/regionplaner\\\/\"]}]},{\"@type\":\"BreadcrumbList\",\"@id\":\"https:\\\/\\\/wp.kristdemokraterna.se\\\/vasternorrland\\\/var-politik\\\/regionplaner\\\/#breadcrumb\",\"itemListElement\":[{\"@type\":\"ListItem\",\"position\":1,\"name\":\"Hem\",\"item\":\"https:\\\/\\\/wp.kristdemokraterna.se\\\/vasternorrland\\\/\"},{\"@type\":\"ListItem\",\"position\":2,\"name\":\"V\u00e5r politik\",\"item\":\"https:\\\/\\\/wp.kristdemokraterna.se\\\/vasternorrland\\\/var-politik\\\/\"},{\"@type\":\"ListItem\",\"position\":3,\"name\":\"Regionplaner\"}]},{\"@type\":\"WebSite\",\"@id\":\"https:\\\/\\\/wp.kristdemokraterna.se\\\/vasternorrland\\\/#website\",\"url\":\"https:\\\/\\\/wp.kristdemokraterna.se\\\/vasternorrland\\\/\",\"name\":\"KD V\u00e4sternorrland\",\"description\":\"V\u00e5rda v\u00e5rden - utveckla prim\u00e4rv\u00e5rden\",\"inLanguage\":\"sv-SE\"}]}<\/script>\n<!-- \/ Yoast SEO plugin. -->","yoast_head_json":{"title":"Regionplaner | KD V\u00e4sternorrland","robots":{"index":"index","follow":"follow","max-snippet":"max-snippet:-1","max-image-preview":"max-image-preview:large","max-video-preview":"max-video-preview:-1"},"canonical":"https:\/\/wp.kristdemokraterna.se\/vasternorrland\/var-politik\/regionplaner\/","og_locale":"sv_SE","og_type":"article","og_title":"Regionplaner | KD V\u00e4sternorrland","og_description":"H\u00e4r hittar du Kristdemokraternas f\u00f6rslag till regionplaner (landstingsplaner) f\u00f6r\u00a0 Region V\u00e4sternorrland, tidigare Landstinget V\u00e4sternorrland. Krisplan f\u00f6r Region V\u00e4sternorrland &#8211; Vi skapar ljus i m\u00f6rkret (SJVP, SD och KD:s f\u00f6rslag till budget 2023 med plan f\u00f6r 2024 och 205) Kristdemokraternas f\u00f6rslag till Regionplan 2022-2024 Kristdemokraternas f\u00f6rslag till Regionplan 2021-2023 Kristdemokraternas f\u00f6rslag till Regionplan 2020-2022 Kristdemokraternas f\u00f6rslag Read More","og_url":"https:\/\/wp.kristdemokraterna.se\/vasternorrland\/var-politik\/regionplaner\/","og_site_name":"KD V\u00e4sternorrland","article_publisher":"https:\/\/www.facebook.com\/kdrvn\/","article_modified_time":"2023-04-11T18:23:41+00:00","twitter_card":"summary_large_image","twitter_misc":{"Ber\u00e4knad l\u00e4stid":"1 minut"},"schema":{"@context":"https:\/\/schema.org","@graph":[{"@type":"WebPage","@id":"https:\/\/wp.kristdemokraterna.se\/vasternorrland\/var-politik\/regionplaner\/","url":"https:\/\/wp.kristdemokraterna.se\/vasternorrland\/var-politik\/regionplaner\/","name":"Regionplaner | KD V\u00e4sternorrland","isPartOf":{"@id":"https:\/\/wp.kristdemokraterna.se\/vasternorrland\/#website"},"datePublished":"2018-12-03T12:40:05+00:00","dateModified":"2023-04-11T18:23:41+00:00","breadcrumb":{"@id":"https:\/\/wp.kristdemokraterna.se\/vasternorrland\/var-politik\/regionplaner\/#breadcrumb"},"inLanguage":"sv-SE","potentialAction":[{"@type":"ReadAction","target":["https:\/\/wp.kristdemokraterna.se\/vasternorrland\/var-politik\/regionplaner\/"]}]},{"@type":"BreadcrumbList","@id":"https:\/\/wp.kristdemokraterna.se\/vasternorrland\/var-politik\/regionplaner\/#breadcrumb","itemListElement":[{"@type":"ListItem","position":1,"name":"Hem","item":"https:\/\/wp.kristdemokraterna.se\/vasternorrland\/"},{"@type":"ListItem","position":2,"name":"V\u00e5r politik","item":"https:\/\/wp.kristdemokraterna.se\/vasternorrland\/var-politik\/"},{"@type":"ListItem","position":3,"name":"Regionplaner"}]},{"@type":"WebSite","@id":"https:\/\/wp.kristdemokraterna.se\/vasternorrland\/#website","url":"https:\/\/wp.kristdemokraterna.se\/vasternorrland\/","name":"KD V\u00e4sternorrland","description":"V\u00e5rda v\u00e5rden - utveckla prim\u00e4rv\u00e5rden","inLanguage":"sv-SE"}]}},"_links":{"self":[{"href":"https:\/\/wp.kristdemokraterna.se\/vasternorrland\/wp-json\/wp\/v2\/pages\/149701","targetHints":{"allow":["GET"]}}],"collection":[{"href":"https:\/\/wp.kristdemokraterna.se\/vasternorrland\/wp-json\/wp\/v2\/pages"}],"about":[{"href":"https:\/\/wp.kristdemokraterna.se\/vasternorrland\/wp-json\/wp\/v2\/types\/page"}],"author":[{"embeddable":true,"href":"https:\/\/wp.kristdemokraterna.se\/vasternorrland\/wp-json\/wp\/v2\/users\/787"}],"replies":[{"embeddable":true,"href":"https:\/\/wp.kristdemokraterna.se\/vasternorrland\/wp-json\/wp\/v2\/comments?post=149701"}],"version-history":[{"count":22,"href":"https:\/\/wp.kristdemokraterna.se\/vasternorrland\/wp-json\/wp\/v2\/pages\/149701\/revisions"}],"predecessor-version":[{"id":352404,"href":"https:\/\/wp.kristdemokraterna.se\/vasternorrland\/wp-json\/wp\/v2\/pages\/149701\/revisions\/352404"}],"up":[{"embeddable":true,"href":"https:\/\/wp.kristdemokraterna.se\/vasternorrland\/wp-json\/wp\/v2\/pages\/119034"}],"wp:attachment":[{"href":"https:\/\/wp.kristdemokraterna.se\/vasternorrland\/wp-json\/wp\/v2\/media?parent=149701"}],"curies":[{"name":"wp","href":"https:\/\/api.w.org\/{rel}","templated":true}]}}