{"id":149724,"date":"2015-08-06T13:49:11","date_gmt":"2015-08-06T11:49:11","guid":{"rendered":"http:\/\/wp.kristdemokraterna.se\/vasternorrland\/?page_id=149724"},"modified":"2020-05-10T16:02:07","modified_gmt":"2020-05-10T14:02:07","slug":"landstingsplan-2016-2018","status":"publish","type":"page","link":"https:\/\/wp.kristdemokraterna.se\/vasternorrland\/var-politik\/regionplaner\/landstingsplan-2016-2018\/","title":{"rendered":"Landstingsplan 2016-2018"},"content":{"rendered":"<p>V\u00e5rdalliansens landstingsplan 2016-2018 har inriktningen att f\u00f6rverkliga landstingets vision \u2013 Liv och h\u00e4lsa i V\u00e4sternorrland.<\/p>\n<p>M\u00e5let \u00e4r att Landstinget V\u00e4sternorrland ska f\u00f6rb\u00e4ttra sin position och under planperioden tillh\u00f6ra det \u00f6vre skiktet i Sverige vad g\u00e4ller inv\u00e5narnas f\u00f6rtroende.<\/p>\n<p>Landstingets verksamhet best\u00e5r av tre omr\u00e5den \u2013 h\u00e4lso- och sjukv\u00e5rd, tandv\u00e5rd och regional utveckling. Alla omr\u00e5den har stor betydelse f\u00f6r m\u00e4nniskors livskvalitet och h\u00e4lsa liksom f\u00f6r l\u00e4nets attraktivitet och utveckling. Inom hela landstinget ska det arbetas f\u00f6r en v\u00e4l fungerande verksamhet. Samtidigt beh\u00f6vs en \u00f6ppenhet f\u00f6r st\u00e4ndiga f\u00f6rb\u00e4ttringar och f\u00f6rnyelse med utg\u00e5ngspunkt i inv\u00e5narnas behov. Ett s\u00e4tt att n\u00e5 dit \u00e4r att landstinget blir b\u00e4ttre p\u00e5 att handla lokalproducerad mat som tillagas d\u00e4r den ska \u00e4tas.<\/p>\n<p>Ett l\u00e4n pr\u00e4glat av m\u00e5ngfald, med bra milj\u00f6, goda arbets-, utbildnings- och utvecklingsm\u00f6jligheter, tillg\u00e4nglig kollektivtrafik, utbyggd infrastruktur och ett rikt kulturliv \u00e4r attraktivt och skapar f\u00f6ruts\u00e4ttningar f\u00f6r en god h\u00e4lsa och ett bra liv. S\u00e5dana faktorer g\u00f6r l\u00e4net attraktivt och f\u00e5r m\u00e4nniskor och f\u00f6retag att s\u00f6ka sig till l\u00e4net f\u00f6r arbete och utbildning. Landstinget st\u00f6der aktivt projekt och organisationer som bidrar till l\u00e4nets tillv\u00e4xt.<\/p>\n<p>Ett arbete inleddes under f\u00f6reg\u00e5ende mandatperiod f\u00f6r att g\u00f6ra V\u00e4sternorrland till en av landets b\u00e4st utvecklade regioner f\u00f6r h\u00e5llbar och klimatanpassad utveckling i samverkan mellan offentlig och privat sektor. M\u00e5len i landstingets fastst\u00e4llda Milj\u00f6- och energiplan ska uppn\u00e5s. Inte minst viktigt \u00e4r det att utbilda de egna medarbetarna och d\u00e4rmed h\u00f6ja kompetensen och motivationen kring h\u00e5llbarhetsfr\u00e5gor. Arbetet med ISO-certifiering av landstingets verksamheter har inletts under f\u00f6reg\u00e5ende mandatperiod och f\u00f6rv\u00e4ntas vara slutf\u00f6rt under planperioden.<\/p>\n<p>M\u00e5let f\u00f6r h\u00e4lso- och sjukv\u00e5rden \u00e4r en god h\u00e4lsa och v\u00e5rd p\u00e5 lika villkor f\u00f6r hela befolkningen. V\u00e5rden ska ges med respekt f\u00f6r alla m\u00e4nniskors lika v\u00e4rde och f\u00f6r den enskilda m\u00e4nniskans v\u00e4rdighet. Den med st\u00f6rst behov av h\u00e4lso- och sjukv\u00e5rd ska ges f\u00f6retr\u00e4de till v\u00e5rden. Inv\u00e5narna i V\u00e4sternorrland ska erbjudas en grundtrygghet vid sjukdom och skada genom en god h\u00e4lso- och sjukv\u00e5rd som ges i tid och som \u00e4r kunskapsbaserad, \u00e4ndam\u00e5lsenlig, s\u00e4ker, patientfokuserad, effektiv, j\u00e4mlik, j\u00e4mst\u00e4lld och h\u00e4lsoinriktad. H\u00e4lso- och sjukv\u00e5rden ska vara l\u00e4ttillg\u00e4nglig f\u00f6r alla l\u00e4nsinv\u00e5nare. Det fria v\u00e5rdvalet ska v\u00e4rnas och formerna f\u00f6r det utvecklas under planperioden.<\/p>\n<p>Nya diagnostekniker, behandlingsmetoder och l\u00e4kemedel medf\u00f6r att allt fler kan f\u00e5 behandling, vilket leder till ett \u00f6kande behov av h\u00e4lso- och sjukv\u00e5rdsresurser. Landstinget ska med hj\u00e4lp av en god ekonomisk hush\u00e5llning klara denna utveckling.<\/p>\n<p>H\u00e4lsofr\u00e4mjande insatser ska, utifr\u00e5n en helhetssyn, genomsyra h\u00e4lso- och sjukv\u00e5rden och vara en sj\u00e4lvklar del i all v\u00e5rd och behandling. Fr\u00e5gor om levnadsvanor och livsstil ska ing\u00e5 naturligt i varje patientm\u00f6te. F\u00f6r att fr\u00e4mja folkh\u00e4lsan kr\u00e4vs att landstinget samverkar med l\u00e4nets kommuner, myndigheter och det civila<br \/>\nsamh\u00e4llet. Inte minst betydelsefullt \u00e4r de m\u00e5nga ideella insatser som g\u00f6rs inom omr\u00e5det.<\/p>\n<p>F\u00f6rm\u00e5gan att samverka \u00e4r avg\u00f6rande f\u00f6r resultatet. Det \u00e4r av stor vikt att utveckla samverkan s\u00e5 att patienten f\u00e5r den v\u00e5rd som kr\u00e4vs ur ett helhetsperspektiv, oberoende av v\u00e5rdform och huvudmannagr\u00e4nser. Varje verksamhet har en skyldighet att g\u00f6ra b\u00e4sta m\u00f6jliga i kontakterna med patienter och n\u00e4rst\u00e5ende, att underl\u00e4tta f\u00f6r n\u00e4sta steg i v\u00e5rdprocessen och att \u00e5terkoppla till f\u00f6reg\u00e5ende steg.<\/p>\n<p><strong>V\u00e5rdalliansen i V\u00e4sternorrland<\/strong><br \/>\nPer Wahlberg,\u00a0Oppositionsr\u00e5d,\u00a0Moderaterna<br \/>\nHans Hedlund,\u00a0Oppositionsr\u00e5d, Centerpartiet<br \/>\nIngeborg Wiksten, Gruppledare, Folkpartiet Liberalerna<br \/>\nMona Hammarstedt, Gruppledare, Kristdemokraterna<\/p>\n<p>F\u00f6r att l\u00e4sa V\u00e5rdalliansens hela f\u00f6rslag till landstingsplan, ladda ner pdf-dokumentetet:\u00a0<a href=\"http:\/\/wp.kristdemokraterna.se\/vasternorrland\/files\/2018\/08\/landstingsplan-2016-2018-vardalliansen-3.pdf\">Landstingsplan 2016-2018 V\u00e5rdalliansen<\/a><\/p>\n","protected":false},"excerpt":{"rendered":"<p>V\u00e5rdalliansens landstingsplan 2016-2018 har inriktningen att f\u00f6rverkliga landstingets vision \u2013 Liv och h\u00e4lsa i V\u00e4sternorrland. M\u00e5let \u00e4r att Landstinget V\u00e4sternorrland ska f\u00f6rb\u00e4ttra sin position och under planperioden tillh\u00f6ra det \u00f6vre skiktet i Sverige vad g\u00e4ller inv\u00e5narnas f\u00f6rtroende. Landstingets verksamhet best\u00e5r av tre omr\u00e5den \u2013 h\u00e4lso- och sjukv\u00e5rd, tandv\u00e5rd och regional utveckling. Alla omr\u00e5den har stor <a class=\"read-more-link\" href=\"https:\/\/wp.kristdemokraterna.se\/vasternorrland\/var-politik\/regionplaner\/landstingsplan-2016-2018\/\">Read More<\/a><\/p>\n","protected":false},"author":787,"featured_media":0,"parent":149701,"menu_order":2016,"comment_status":"closed","ping_status":"closed","template":"","meta":{"_acf_changed":false,"footnotes":""},"class_list":["post-149724","page","type-page","status-publish","hentry"],"acf":[],"yoast_head":"<!-- This site is optimized with the Yoast SEO plugin v27.3 - https:\/\/yoast.com\/product\/yoast-seo-wordpress\/ -->\n<title>Landstingsplan 2016-2018 | KD V\u00e4sternorrland<\/title>\n<meta name=\"robots\" content=\"index, follow, max-snippet:-1, max-image-preview:large, max-video-preview:-1\" \/>\n<link rel=\"canonical\" href=\"https:\/\/wp.kristdemokraterna.se\/vasternorrland\/var-politik\/regionplaner\/landstingsplan-2016-2018\/\" \/>\n<meta property=\"og:locale\" content=\"sv_SE\" \/>\n<meta property=\"og:type\" content=\"article\" \/>\n<meta property=\"og:title\" content=\"Landstingsplan 2016-2018 | KD V\u00e4sternorrland\" \/>\n<meta property=\"og:description\" content=\"V\u00e5rdalliansens landstingsplan 2016-2018 har inriktningen att f\u00f6rverkliga landstingets vision \u2013 Liv och h\u00e4lsa i V\u00e4sternorrland. M\u00e5let \u00e4r att Landstinget V\u00e4sternorrland ska f\u00f6rb\u00e4ttra sin position och under planperioden tillh\u00f6ra det \u00f6vre skiktet i Sverige vad g\u00e4ller inv\u00e5narnas f\u00f6rtroende. Landstingets verksamhet best\u00e5r av tre omr\u00e5den \u2013 h\u00e4lso- och sjukv\u00e5rd, tandv\u00e5rd och regional utveckling. Alla omr\u00e5den har stor Read More\" \/>\n<meta property=\"og:url\" content=\"https:\/\/wp.kristdemokraterna.se\/vasternorrland\/var-politik\/regionplaner\/landstingsplan-2016-2018\/\" \/>\n<meta property=\"og:site_name\" content=\"KD V\u00e4sternorrland\" \/>\n<meta property=\"article:publisher\" content=\"https:\/\/www.facebook.com\/kdrvn\/\" \/>\n<meta property=\"article:modified_time\" content=\"2020-05-10T14:02:07+00:00\" \/>\n<meta name=\"twitter:card\" content=\"summary_large_image\" \/>\n<meta name=\"twitter:label1\" content=\"Ber\u00e4knad l\u00e4stid\" \/>\n\t<meta name=\"twitter:data1\" content=\"4 minuter\" \/>\n<script type=\"application\/ld+json\" class=\"yoast-schema-graph\">{\"@context\":\"https:\\\/\\\/schema.org\",\"@graph\":[{\"@type\":\"WebPage\",\"@id\":\"https:\\\/\\\/wp.kristdemokraterna.se\\\/vasternorrland\\\/var-politik\\\/regionplaner\\\/landstingsplan-2016-2018\\\/\",\"url\":\"https:\\\/\\\/wp.kristdemokraterna.se\\\/vasternorrland\\\/var-politik\\\/regionplaner\\\/landstingsplan-2016-2018\\\/\",\"name\":\"Landstingsplan 2016-2018 | KD V\u00e4sternorrland\",\"isPartOf\":{\"@id\":\"https:\\\/\\\/wp.kristdemokraterna.se\\\/vasternorrland\\\/#website\"},\"datePublished\":\"2015-08-06T11:49:11+00:00\",\"dateModified\":\"2020-05-10T14:02:07+00:00\",\"breadcrumb\":{\"@id\":\"https:\\\/\\\/wp.kristdemokraterna.se\\\/vasternorrland\\\/var-politik\\\/regionplaner\\\/landstingsplan-2016-2018\\\/#breadcrumb\"},\"inLanguage\":\"sv-SE\",\"potentialAction\":[{\"@type\":\"ReadAction\",\"target\":[\"https:\\\/\\\/wp.kristdemokraterna.se\\\/vasternorrland\\\/var-politik\\\/regionplaner\\\/landstingsplan-2016-2018\\\/\"]}]},{\"@type\":\"BreadcrumbList\",\"@id\":\"https:\\\/\\\/wp.kristdemokraterna.se\\\/vasternorrland\\\/var-politik\\\/regionplaner\\\/landstingsplan-2016-2018\\\/#breadcrumb\",\"itemListElement\":[{\"@type\":\"ListItem\",\"position\":1,\"name\":\"Hem\",\"item\":\"https:\\\/\\\/wp.kristdemokraterna.se\\\/vasternorrland\\\/\"},{\"@type\":\"ListItem\",\"position\":2,\"name\":\"V\u00e5r politik\",\"item\":\"https:\\\/\\\/wp.kristdemokraterna.se\\\/vasternorrland\\\/var-politik\\\/\"},{\"@type\":\"ListItem\",\"position\":3,\"name\":\"Regionplaner\",\"item\":\"https:\\\/\\\/wp.kristdemokraterna.se\\\/vasternorrland\\\/var-politik\\\/regionplaner\\\/\"},{\"@type\":\"ListItem\",\"position\":4,\"name\":\"Landstingsplan 2016-2018\"}]},{\"@type\":\"WebSite\",\"@id\":\"https:\\\/\\\/wp.kristdemokraterna.se\\\/vasternorrland\\\/#website\",\"url\":\"https:\\\/\\\/wp.kristdemokraterna.se\\\/vasternorrland\\\/\",\"name\":\"KD V\u00e4sternorrland\",\"description\":\"V\u00e5rda v\u00e5rden - utveckla prim\u00e4rv\u00e5rden\",\"inLanguage\":\"sv-SE\"}]}<\/script>\n<!-- \/ Yoast SEO plugin. -->","yoast_head_json":{"title":"Landstingsplan 2016-2018 | KD V\u00e4sternorrland","robots":{"index":"index","follow":"follow","max-snippet":"max-snippet:-1","max-image-preview":"max-image-preview:large","max-video-preview":"max-video-preview:-1"},"canonical":"https:\/\/wp.kristdemokraterna.se\/vasternorrland\/var-politik\/regionplaner\/landstingsplan-2016-2018\/","og_locale":"sv_SE","og_type":"article","og_title":"Landstingsplan 2016-2018 | KD V\u00e4sternorrland","og_description":"V\u00e5rdalliansens landstingsplan 2016-2018 har inriktningen att f\u00f6rverkliga landstingets vision \u2013 Liv och h\u00e4lsa i V\u00e4sternorrland. M\u00e5let \u00e4r att Landstinget V\u00e4sternorrland ska f\u00f6rb\u00e4ttra sin position och under planperioden tillh\u00f6ra det \u00f6vre skiktet i Sverige vad g\u00e4ller inv\u00e5narnas f\u00f6rtroende. Landstingets verksamhet best\u00e5r av tre omr\u00e5den \u2013 h\u00e4lso- och sjukv\u00e5rd, tandv\u00e5rd och regional utveckling. Alla omr\u00e5den har stor Read More","og_url":"https:\/\/wp.kristdemokraterna.se\/vasternorrland\/var-politik\/regionplaner\/landstingsplan-2016-2018\/","og_site_name":"KD V\u00e4sternorrland","article_publisher":"https:\/\/www.facebook.com\/kdrvn\/","article_modified_time":"2020-05-10T14:02:07+00:00","twitter_card":"summary_large_image","twitter_misc":{"Ber\u00e4knad l\u00e4stid":"4 minuter"},"schema":{"@context":"https:\/\/schema.org","@graph":[{"@type":"WebPage","@id":"https:\/\/wp.kristdemokraterna.se\/vasternorrland\/var-politik\/regionplaner\/landstingsplan-2016-2018\/","url":"https:\/\/wp.kristdemokraterna.se\/vasternorrland\/var-politik\/regionplaner\/landstingsplan-2016-2018\/","name":"Landstingsplan 2016-2018 | KD V\u00e4sternorrland","isPartOf":{"@id":"https:\/\/wp.kristdemokraterna.se\/vasternorrland\/#website"},"datePublished":"2015-08-06T11:49:11+00:00","dateModified":"2020-05-10T14:02:07+00:00","breadcrumb":{"@id":"https:\/\/wp.kristdemokraterna.se\/vasternorrland\/var-politik\/regionplaner\/landstingsplan-2016-2018\/#breadcrumb"},"inLanguage":"sv-SE","potentialAction":[{"@type":"ReadAction","target":["https:\/\/wp.kristdemokraterna.se\/vasternorrland\/var-politik\/regionplaner\/landstingsplan-2016-2018\/"]}]},{"@type":"BreadcrumbList","@id":"https:\/\/wp.kristdemokraterna.se\/vasternorrland\/var-politik\/regionplaner\/landstingsplan-2016-2018\/#breadcrumb","itemListElement":[{"@type":"ListItem","position":1,"name":"Hem","item":"https:\/\/wp.kristdemokraterna.se\/vasternorrland\/"},{"@type":"ListItem","position":2,"name":"V\u00e5r politik","item":"https:\/\/wp.kristdemokraterna.se\/vasternorrland\/var-politik\/"},{"@type":"ListItem","position":3,"name":"Regionplaner","item":"https:\/\/wp.kristdemokraterna.se\/vasternorrland\/var-politik\/regionplaner\/"},{"@type":"ListItem","position":4,"name":"Landstingsplan 2016-2018"}]},{"@type":"WebSite","@id":"https:\/\/wp.kristdemokraterna.se\/vasternorrland\/#website","url":"https:\/\/wp.kristdemokraterna.se\/vasternorrland\/","name":"KD V\u00e4sternorrland","description":"V\u00e5rda v\u00e5rden - utveckla prim\u00e4rv\u00e5rden","inLanguage":"sv-SE"}]}},"_links":{"self":[{"href":"https:\/\/wp.kristdemokraterna.se\/vasternorrland\/wp-json\/wp\/v2\/pages\/149724","targetHints":{"allow":["GET"]}}],"collection":[{"href":"https:\/\/wp.kristdemokraterna.se\/vasternorrland\/wp-json\/wp\/v2\/pages"}],"about":[{"href":"https:\/\/wp.kristdemokraterna.se\/vasternorrland\/wp-json\/wp\/v2\/types\/page"}],"author":[{"embeddable":true,"href":"https:\/\/wp.kristdemokraterna.se\/vasternorrland\/wp-json\/wp\/v2\/users\/787"}],"replies":[{"embeddable":true,"href":"https:\/\/wp.kristdemokraterna.se\/vasternorrland\/wp-json\/wp\/v2\/comments?post=149724"}],"version-history":[{"count":1,"href":"https:\/\/wp.kristdemokraterna.se\/vasternorrland\/wp-json\/wp\/v2\/pages\/149724\/revisions"}],"predecessor-version":[{"id":149725,"href":"https:\/\/wp.kristdemokraterna.se\/vasternorrland\/wp-json\/wp\/v2\/pages\/149724\/revisions\/149725"}],"up":[{"embeddable":true,"href":"https:\/\/wp.kristdemokraterna.se\/vasternorrland\/wp-json\/wp\/v2\/pages\/149701"}],"wp:attachment":[{"href":"https:\/\/wp.kristdemokraterna.se\/vasternorrland\/wp-json\/wp\/v2\/media?parent=149724"}],"curies":[{"name":"wp","href":"https:\/\/api.w.org\/{rel}","templated":true}]}}