{"id":179149,"date":"2019-04-16T13:00:01","date_gmt":"2019-04-16T11:00:01","guid":{"rendered":"http:\/\/wp.kristdemokraterna.se\/vasternorrland\/?page_id=179149"},"modified":"2020-11-06T08:24:03","modified_gmt":"2020-11-06T07:24:03","slug":"primarvard","status":"publish","type":"page","link":"https:\/\/wp.kristdemokraterna.se\/vasternorrland\/var-politik\/politikomraden\/primarvard\/","title":{"rendered":"Prim\u00e4rv\u00e5rd"},"content":{"rendered":"<h1>Prim\u00e4rv\u00e5rden i V\u00e4sternorrland<\/h1>\n<p>Prim\u00e4rv\u00e5rden ska vara f\u00f6rstahandsvalet, vara l\u00e4tt tillg\u00e4nglig och utg\u00e5 fr\u00e5n individens behov.<\/p>\n<p>En prim\u00e4rv\u00e5rdssatsning med r\u00e4tt till fast l\u00e4karkontakt och m\u00f6jlighet att lista sig p\u00e5 l\u00e4kare, med listningstak. Hur detta ska utformas handlar bland annat om hur prim\u00e4rv\u00e5rdens uppdrag ska se ut fram\u00f6ver. Flexiblare \u00f6ppettider, s\u00e5som kv\u00e4lls- och helg\u00f6ppet b\u00f6r utredas. N\u00e4r prim\u00e4rv\u00e5rdens uppdrag ut\u00f6kas m\u00e5ste ocks\u00e5 ekonomiska medel f\u00f6lja med.<\/p>\n<p>Det finns ett \u00f6kat behov att informera allm\u00e4nheten om egenv\u00e5rd och det b\u00f6r ges m\u00f6jlighet till utbildning i egenv\u00e5rd och egenv\u00e5rdsrum d\u00e4r patienterna sj\u00e4lva kan testa sitt blodtryck eller ta prover.<\/p>\n<p>Samarbetet mellan regionens patientorganisationer och prim\u00e4rv\u00e5rden beh\u00f6ver utvecklas. Om intresse finns ska regionen se positivt p\u00e5 inf\u00f6randet av patientr\u00e5d vid varje h\u00e4lsocentral.<\/p>\n<p>Familjecentraler, d\u00e4r m\u00f6drav\u00e5rd, BVC, \u00f6ppen f\u00f6rskola och socialtj\u00e4nst samlas p\u00e5 ett och samma st\u00e4lle, finns idag p\u00e5 tre av l\u00e4nets sju kommuner.<\/p>\n<p>M\u00f6jligheten att arbeta med f\u00f6rebyggande insatser f\u00f6r barn och deras f\u00f6r\u00e4ldrar \u00f6kar. N\u00e4rheten till socialtj\u00e4nsten g\u00f6r att steget att s\u00f6ka sig dit f\u00f6r att f\u00e5 hj\u00e4lp minskar och genom den \u00f6ppna f\u00f6rskolan st\u00e4rks f\u00f6r\u00e4ldrarnas kunskaper och sociala n\u00e4tverk. M\u00e5let att ha familjecentraler i varje kommun ska prioriteras i samtalen med kommunerna.<\/p>\n<h2>Prim\u00e4rv\u00e5rd A-\u00d6<\/h2>\n<p><a href=\"http:\/\/wp.kristdemokraterna.se\/vasternorrland\/etiketter\/bvc\/\">BVC<\/a>\u00a0\u00b7 <a href=\"http:\/\/wp.kristdemokraterna.se\/vasternorrland\/etiketter\/familjecentral\/\">familjecentral<\/a>\u00a0\u00b7 <a href=\"http:\/\/wp.kristdemokraterna.se\/vasternorrland\/etiketter\/halsocentralen-granlo\/\">H\u00e4lsocentralen Granlo<\/a>\u00a0\u00b7 <a href=\"http:\/\/wp.kristdemokraterna.se\/vasternorrland\/etiketter\/halsocentralen-junsele\/\">H\u00e4lsocentralen Junsele<\/a>\u00a0\u00b7 <a href=\"http:\/\/wp.kristdemokraterna.se\/vasternorrland\/etiketter\/halsocentralen-liden\/\">H\u00e4lsocentralen Liden<\/a>\u00a0\u00b7 <a href=\"http:\/\/wp.kristdemokraterna.se\/vasternorrland\/etiketter\/halsocentralen-langviksmon\/\">H\u00e4lsocentralen L\u00e5ngviksmon<\/a>\u00a0\u00b7 <a href=\"http:\/\/wp.kristdemokraterna.se\/vasternorrland\/etiketter\/halsocentralen-nacksta\/\">H\u00e4lsocentralen Nacksta<\/a>\u00a0\u00b7 <a href=\"http:\/\/wp.kristdemokraterna.se\/vasternorrland\/etiketter\/endometrios\/\">endometrios<\/a>\u00a0\u00b7 <a href=\"http:\/\/wp.kristdemokraterna.se\/vasternorrland\/etiketter\/geriatrik\/\">geriatrik<\/a>\u00a0\u00b7 <a href=\"http:\/\/wp.kristdemokraterna.se\/vasternorrland\/etiketter\/hud\/\">hud<\/a>\u00a0\u00b7 <a href=\"http:\/\/wp.kristdemokraterna.se\/vasternorrland\/etiketter\/hypertyreos\/\">hypertyreos<\/a>\u00a0\u00b7 <a href=\"http:\/\/wp.kristdemokraterna.se\/vasternorrland\/etiketter\/hypotyreos\/\">hypotyreos<\/a>\u00a0\u00b7 <a href=\"http:\/\/wp.kristdemokraterna.se\/vasternorrland\/etiketter\/infektion\/\">infektion<\/a>\u00a0\u00b7 <a href=\"http:\/\/wp.kristdemokraterna.se\/vasternorrland\/etiketter\/intensivvard\/\">intensivv\u00e5rd<\/a>\u00a0\u00b7 <a href=\"http:\/\/wp.kristdemokraterna.se\/vasternorrland\/etiketter\/iktyos\/\">iktyos<\/a>\u00a0\u00b7 <a href=\"http:\/\/wp.kristdemokraterna.se\/vasternorrland\/etiketter\/kardiologi\/\">kardiologi<\/a>\u00a0\u00b7 <a href=\"http:\/\/wp.kristdemokraterna.se\/vasternorrland\/etiketter\/kirurgi\/\">kirurgi<\/a>\u00a0\u00b7 <a href=\"http:\/\/wp.kristdemokraterna.se\/vasternorrland\/etiketter\/klinisk-fysiologi\/\">klinisk fysiologi<\/a>\u00a0\u00b7 <a href=\"http:\/\/wp.kristdemokraterna.se\/vasternorrland\/etiketter\/ktc\/\">Kliniskt tr\u00e4ningscentrum (KTC)<\/a>\u00a0\u00b7 <a href=\"http:\/\/wp.kristdemokraterna.se\/vasternorrland\/etiketter\/kvinnosjukvard\/\">kvinnosjukv\u00e5rd<\/a>\u00a0\u00b7 <a href=\"http:\/\/wp.kristdemokraterna.se\/vasternorrland\/etiketter\/labmedicin\/\">labmedicin<\/a>\u00a0\u00b7 <a href=\"http:\/\/wp.kristdemokraterna.se\/vasternorrland\/etiketter\/lungmedicin\/\">lungmedicin<\/a>\u00a0\u00b7 <a href=\"http:\/\/wp.kristdemokraterna.se\/vasternorrland\/etiketter\/mammografi\/\">mammografi<\/a>\u00a0\u00b7 <a href=\"http:\/\/wp.kristdemokraterna.se\/vasternorrland\/etiketter\/medicin\/\">medicin<\/a>\u00a0\u00b7 <a href=\"http:\/\/wp.kristdemokraterna.se\/vasternorrland\/etiketter\/neurologi\/\">neurologi<\/a>\u00a0\u00b7 <a href=\"http:\/\/wp.kristdemokraterna.se\/vasternorrland\/etiketter\/onkologi\/\">onkologi<\/a>\u00a0\u00b7 <a href=\"http:\/\/wp.kristdemokraterna.se\/vasternorrland\/etiketter\/operation\/\">operation<\/a>\u00a0\u00b7 <a href=\"http:\/\/wp.kristdemokraterna.se\/vasternorrland\/etiketter\/ortopedi\/\">ortopedi<\/a>\u00a0\u00b7 <a href=\"http:\/\/wp.kristdemokraterna.se\/vasternorrland\/etiketter\/patientsakerhet\/\">patients\u00e4kerhet<\/a>\u00a0\u00b7 <a href=\"http:\/\/wp.kristdemokraterna.se\/vasternorrland\/etiketter\/psykiatri\/\">psykiatri<\/a>\u00a0\u00b7 <a href=\"http:\/\/wp.kristdemokraterna.se\/vasternorrland\/etiketter\/rehabilitering\/\">rehabilitering<\/a>\u00a0\u00b7 <a href=\"http:\/\/wp.kristdemokraterna.se\/vasternorrland\/etiketter\/vardval\/\">v\u00e5rdval<\/a><\/p>\n","protected":false},"excerpt":{"rendered":"<p>Prim\u00e4rv\u00e5rden i V\u00e4sternorrland Prim\u00e4rv\u00e5rden ska vara f\u00f6rstahandsvalet, vara l\u00e4tt tillg\u00e4nglig och utg\u00e5 fr\u00e5n individens behov. En prim\u00e4rv\u00e5rdssatsning med r\u00e4tt till fast l\u00e4karkontakt och m\u00f6jlighet att lista sig p\u00e5 l\u00e4kare, med listningstak. Hur detta ska utformas handlar bland annat om hur prim\u00e4rv\u00e5rdens uppdrag ska se ut fram\u00f6ver. Flexiblare \u00f6ppettider, s\u00e5som kv\u00e4lls- och helg\u00f6ppet b\u00f6r utredas. N\u00e4r <a class=\"read-more-link\" href=\"https:\/\/wp.kristdemokraterna.se\/vasternorrland\/var-politik\/politikomraden\/primarvard\/\">Read More<\/a><\/p>\n","protected":false},"author":787,"featured_media":0,"parent":179725,"menu_order":14,"comment_status":"closed","ping_status":"closed","template":"index.php","meta":{"_acf_changed":false,"footnotes":""},"class_list":["post-179149","page","type-page","status-publish","hentry"],"acf":[],"yoast_head":"<!-- This site is optimized with the Yoast SEO plugin v27.4 - https:\/\/yoast.com\/product\/yoast-seo-wordpress\/ -->\n<title>Prim\u00e4rv\u00e5rd | KD V\u00e4sternorrland<\/title>\n<meta name=\"description\" content=\"V\u00e4sternorrland l\u00e4gger n\u00e4st minst pengar per inv\u00e5nare i landet p\u00e5 prim\u00e4rv\u00e5rden. \u00c4nd\u00e5 f\u00f6rv\u00e4ntas prim\u00e4rv\u00e5rden vara f\u00f6rsta linjens v\u00e5rd \u00e4ven i v\u00e5rt l\u00e4n, framf\u00f6r allt f\u00f6r att avlasta specialistv\u00e5rden. F\u00f6r att den ska klara det m\u00e5ste vi satsa p\u00e5 prim\u00e4rv\u00e5rden. Det ska ske genom \u00f6kade ekonomiska anslag men ocks\u00e5 genom att \u00f6verf\u00f6ra verksamheter fr\u00e5n specialistv\u00e5rden till prim\u00e4rv\u00e5rden. Att v\u00e5rda v\u00e5rden \u2013 det \u00e4r att utveckla prim\u00e4rv\u00e5rden.\" \/>\n<meta name=\"robots\" content=\"index, follow, max-snippet:-1, max-image-preview:large, max-video-preview:-1\" \/>\n<link rel=\"canonical\" href=\"https:\/\/wp.kristdemokraterna.se\/vasternorrland\/var-politik\/politikomraden\/primarvard\/\" \/>\n<meta property=\"og:locale\" content=\"sv_SE\" \/>\n<meta property=\"og:type\" content=\"article\" \/>\n<meta property=\"og:title\" content=\"Prim\u00e4rv\u00e5rd | KD V\u00e4sternorrland\" \/>\n<meta property=\"og:description\" content=\"V\u00e4sternorrland l\u00e4gger n\u00e4st minst pengar per inv\u00e5nare i landet p\u00e5 prim\u00e4rv\u00e5rden. \u00c4nd\u00e5 f\u00f6rv\u00e4ntas prim\u00e4rv\u00e5rden vara f\u00f6rsta linjens v\u00e5rd \u00e4ven i v\u00e5rt l\u00e4n, framf\u00f6r allt f\u00f6r att avlasta specialistv\u00e5rden. F\u00f6r att den ska klara det m\u00e5ste vi satsa p\u00e5 prim\u00e4rv\u00e5rden. Det ska ske genom \u00f6kade ekonomiska anslag men ocks\u00e5 genom att \u00f6verf\u00f6ra verksamheter fr\u00e5n specialistv\u00e5rden till prim\u00e4rv\u00e5rden. Att v\u00e5rda v\u00e5rden \u2013 det \u00e4r att utveckla prim\u00e4rv\u00e5rden.\" \/>\n<meta property=\"og:url\" content=\"https:\/\/wp.kristdemokraterna.se\/vasternorrland\/var-politik\/politikomraden\/primarvard\/\" \/>\n<meta property=\"og:site_name\" content=\"KD V\u00e4sternorrland\" \/>\n<meta property=\"article:publisher\" content=\"https:\/\/www.facebook.com\/kdrvn\/\" \/>\n<meta property=\"article:modified_time\" content=\"2020-11-06T07:24:03+00:00\" \/>\n<meta name=\"twitter:card\" content=\"summary_large_image\" \/>\n<meta name=\"twitter:label1\" content=\"Ber\u00e4knad l\u00e4stid\" \/>\n\t<meta name=\"twitter:data1\" content=\"2 minuter\" \/>\n<script type=\"application\/ld+json\" class=\"yoast-schema-graph\">{\"@context\":\"https:\\\/\\\/schema.org\",\"@graph\":[{\"@type\":\"WebPage\",\"@id\":\"https:\\\/\\\/wp.kristdemokraterna.se\\\/vasternorrland\\\/var-politik\\\/politikomraden\\\/primarvard\\\/\",\"url\":\"https:\\\/\\\/wp.kristdemokraterna.se\\\/vasternorrland\\\/var-politik\\\/politikomraden\\\/primarvard\\\/\",\"name\":\"Prim\u00e4rv\u00e5rd | KD V\u00e4sternorrland\",\"isPartOf\":{\"@id\":\"https:\\\/\\\/wp.kristdemokraterna.se\\\/vasternorrland\\\/#website\"},\"datePublished\":\"2019-04-16T11:00:01+00:00\",\"dateModified\":\"2020-11-06T07:24:03+00:00\",\"description\":\"V\u00e4sternorrland l\u00e4gger n\u00e4st minst pengar per inv\u00e5nare i landet p\u00e5 prim\u00e4rv\u00e5rden. \u00c4nd\u00e5 f\u00f6rv\u00e4ntas prim\u00e4rv\u00e5rden vara f\u00f6rsta linjens v\u00e5rd \u00e4ven i v\u00e5rt l\u00e4n, framf\u00f6r allt f\u00f6r att avlasta specialistv\u00e5rden. F\u00f6r att den ska klara det m\u00e5ste vi satsa p\u00e5 prim\u00e4rv\u00e5rden. Det ska ske genom \u00f6kade ekonomiska anslag men ocks\u00e5 genom att \u00f6verf\u00f6ra verksamheter fr\u00e5n specialistv\u00e5rden till prim\u00e4rv\u00e5rden. Att v\u00e5rda v\u00e5rden \u2013 det \u00e4r att utveckla prim\u00e4rv\u00e5rden.\",\"breadcrumb\":{\"@id\":\"https:\\\/\\\/wp.kristdemokraterna.se\\\/vasternorrland\\\/var-politik\\\/politikomraden\\\/primarvard\\\/#breadcrumb\"},\"inLanguage\":\"sv-SE\",\"potentialAction\":[{\"@type\":\"ReadAction\",\"target\":[\"https:\\\/\\\/wp.kristdemokraterna.se\\\/vasternorrland\\\/var-politik\\\/politikomraden\\\/primarvard\\\/\"]}]},{\"@type\":\"BreadcrumbList\",\"@id\":\"https:\\\/\\\/wp.kristdemokraterna.se\\\/vasternorrland\\\/var-politik\\\/politikomraden\\\/primarvard\\\/#breadcrumb\",\"itemListElement\":[{\"@type\":\"ListItem\",\"position\":1,\"name\":\"Hem\",\"item\":\"https:\\\/\\\/wp.kristdemokraterna.se\\\/vasternorrland\\\/\"},{\"@type\":\"ListItem\",\"position\":2,\"name\":\"V\u00e5r politik\",\"item\":\"https:\\\/\\\/wp.kristdemokraterna.se\\\/vasternorrland\\\/var-politik\\\/\"},{\"@type\":\"ListItem\",\"position\":3,\"name\":\"Politikomr\u00e5den\",\"item\":\"https:\\\/\\\/wp.kristdemokraterna.se\\\/vasternorrland\\\/var-politik\\\/politikomraden\\\/\"},{\"@type\":\"ListItem\",\"position\":4,\"name\":\"Prim\u00e4rv\u00e5rd\"}]},{\"@type\":\"WebSite\",\"@id\":\"https:\\\/\\\/wp.kristdemokraterna.se\\\/vasternorrland\\\/#website\",\"url\":\"https:\\\/\\\/wp.kristdemokraterna.se\\\/vasternorrland\\\/\",\"name\":\"KD V\u00e4sternorrland\",\"description\":\"V\u00e5rda v\u00e5rden - utveckla prim\u00e4rv\u00e5rden\",\"inLanguage\":\"sv-SE\"}]}<\/script>\n<!-- \/ Yoast SEO plugin. -->","yoast_head_json":{"title":"Prim\u00e4rv\u00e5rd | KD V\u00e4sternorrland","description":"V\u00e4sternorrland l\u00e4gger n\u00e4st minst pengar per inv\u00e5nare i landet p\u00e5 prim\u00e4rv\u00e5rden. \u00c4nd\u00e5 f\u00f6rv\u00e4ntas prim\u00e4rv\u00e5rden vara f\u00f6rsta linjens v\u00e5rd \u00e4ven i v\u00e5rt l\u00e4n, framf\u00f6r allt f\u00f6r att avlasta specialistv\u00e5rden. F\u00f6r att den ska klara det m\u00e5ste vi satsa p\u00e5 prim\u00e4rv\u00e5rden. Det ska ske genom \u00f6kade ekonomiska anslag men ocks\u00e5 genom att \u00f6verf\u00f6ra verksamheter fr\u00e5n specialistv\u00e5rden till prim\u00e4rv\u00e5rden. Att v\u00e5rda v\u00e5rden \u2013 det \u00e4r att utveckla prim\u00e4rv\u00e5rden.","robots":{"index":"index","follow":"follow","max-snippet":"max-snippet:-1","max-image-preview":"max-image-preview:large","max-video-preview":"max-video-preview:-1"},"canonical":"https:\/\/wp.kristdemokraterna.se\/vasternorrland\/var-politik\/politikomraden\/primarvard\/","og_locale":"sv_SE","og_type":"article","og_title":"Prim\u00e4rv\u00e5rd | KD V\u00e4sternorrland","og_description":"V\u00e4sternorrland l\u00e4gger n\u00e4st minst pengar per inv\u00e5nare i landet p\u00e5 prim\u00e4rv\u00e5rden. \u00c4nd\u00e5 f\u00f6rv\u00e4ntas prim\u00e4rv\u00e5rden vara f\u00f6rsta linjens v\u00e5rd \u00e4ven i v\u00e5rt l\u00e4n, framf\u00f6r allt f\u00f6r att avlasta specialistv\u00e5rden. F\u00f6r att den ska klara det m\u00e5ste vi satsa p\u00e5 prim\u00e4rv\u00e5rden. Det ska ske genom \u00f6kade ekonomiska anslag men ocks\u00e5 genom att \u00f6verf\u00f6ra verksamheter fr\u00e5n specialistv\u00e5rden till prim\u00e4rv\u00e5rden. Att v\u00e5rda v\u00e5rden \u2013 det \u00e4r att utveckla prim\u00e4rv\u00e5rden.","og_url":"https:\/\/wp.kristdemokraterna.se\/vasternorrland\/var-politik\/politikomraden\/primarvard\/","og_site_name":"KD V\u00e4sternorrland","article_publisher":"https:\/\/www.facebook.com\/kdrvn\/","article_modified_time":"2020-11-06T07:24:03+00:00","twitter_card":"summary_large_image","twitter_misc":{"Ber\u00e4knad l\u00e4stid":"2 minuter"},"schema":{"@context":"https:\/\/schema.org","@graph":[{"@type":"WebPage","@id":"https:\/\/wp.kristdemokraterna.se\/vasternorrland\/var-politik\/politikomraden\/primarvard\/","url":"https:\/\/wp.kristdemokraterna.se\/vasternorrland\/var-politik\/politikomraden\/primarvard\/","name":"Prim\u00e4rv\u00e5rd | KD V\u00e4sternorrland","isPartOf":{"@id":"https:\/\/wp.kristdemokraterna.se\/vasternorrland\/#website"},"datePublished":"2019-04-16T11:00:01+00:00","dateModified":"2020-11-06T07:24:03+00:00","description":"V\u00e4sternorrland l\u00e4gger n\u00e4st minst pengar per inv\u00e5nare i landet p\u00e5 prim\u00e4rv\u00e5rden. \u00c4nd\u00e5 f\u00f6rv\u00e4ntas prim\u00e4rv\u00e5rden vara f\u00f6rsta linjens v\u00e5rd \u00e4ven i v\u00e5rt l\u00e4n, framf\u00f6r allt f\u00f6r att avlasta specialistv\u00e5rden. F\u00f6r att den ska klara det m\u00e5ste vi satsa p\u00e5 prim\u00e4rv\u00e5rden. Det ska ske genom \u00f6kade ekonomiska anslag men ocks\u00e5 genom att \u00f6verf\u00f6ra verksamheter fr\u00e5n specialistv\u00e5rden till prim\u00e4rv\u00e5rden. Att v\u00e5rda v\u00e5rden \u2013 det \u00e4r att utveckla prim\u00e4rv\u00e5rden.","breadcrumb":{"@id":"https:\/\/wp.kristdemokraterna.se\/vasternorrland\/var-politik\/politikomraden\/primarvard\/#breadcrumb"},"inLanguage":"sv-SE","potentialAction":[{"@type":"ReadAction","target":["https:\/\/wp.kristdemokraterna.se\/vasternorrland\/var-politik\/politikomraden\/primarvard\/"]}]},{"@type":"BreadcrumbList","@id":"https:\/\/wp.kristdemokraterna.se\/vasternorrland\/var-politik\/politikomraden\/primarvard\/#breadcrumb","itemListElement":[{"@type":"ListItem","position":1,"name":"Hem","item":"https:\/\/wp.kristdemokraterna.se\/vasternorrland\/"},{"@type":"ListItem","position":2,"name":"V\u00e5r politik","item":"https:\/\/wp.kristdemokraterna.se\/vasternorrland\/var-politik\/"},{"@type":"ListItem","position":3,"name":"Politikomr\u00e5den","item":"https:\/\/wp.kristdemokraterna.se\/vasternorrland\/var-politik\/politikomraden\/"},{"@type":"ListItem","position":4,"name":"Prim\u00e4rv\u00e5rd"}]},{"@type":"WebSite","@id":"https:\/\/wp.kristdemokraterna.se\/vasternorrland\/#website","url":"https:\/\/wp.kristdemokraterna.se\/vasternorrland\/","name":"KD V\u00e4sternorrland","description":"V\u00e5rda v\u00e5rden - utveckla prim\u00e4rv\u00e5rden","inLanguage":"sv-SE"}]}},"_links":{"self":[{"href":"https:\/\/wp.kristdemokraterna.se\/vasternorrland\/wp-json\/wp\/v2\/pages\/179149","targetHints":{"allow":["GET"]}}],"collection":[{"href":"https:\/\/wp.kristdemokraterna.se\/vasternorrland\/wp-json\/wp\/v2\/pages"}],"about":[{"href":"https:\/\/wp.kristdemokraterna.se\/vasternorrland\/wp-json\/wp\/v2\/types\/page"}],"author":[{"embeddable":true,"href":"https:\/\/wp.kristdemokraterna.se\/vasternorrland\/wp-json\/wp\/v2\/users\/787"}],"replies":[{"embeddable":true,"href":"https:\/\/wp.kristdemokraterna.se\/vasternorrland\/wp-json\/wp\/v2\/comments?post=179149"}],"version-history":[{"count":22,"href":"https:\/\/wp.kristdemokraterna.se\/vasternorrland\/wp-json\/wp\/v2\/pages\/179149\/revisions"}],"predecessor-version":[{"id":321810,"href":"https:\/\/wp.kristdemokraterna.se\/vasternorrland\/wp-json\/wp\/v2\/pages\/179149\/revisions\/321810"}],"up":[{"embeddable":true,"href":"https:\/\/wp.kristdemokraterna.se\/vasternorrland\/wp-json\/wp\/v2\/pages\/179725"}],"wp:attachment":[{"href":"https:\/\/wp.kristdemokraterna.se\/vasternorrland\/wp-json\/wp\/v2\/media?parent=179149"}],"curies":[{"name":"wp","href":"https:\/\/api.w.org\/{rel}","templated":true}]}}