{"id":180506,"date":"2019-04-16T01:00:04","date_gmt":"2019-04-15T23:00:04","guid":{"rendered":"http:\/\/wp.kristdemokraterna.se\/vasternorrland\/?page_id=180506"},"modified":"2020-05-10T17:45:39","modified_gmt":"2020-05-10T15:45:39","slug":"samverkan","status":"publish","type":"page","link":"https:\/\/wp.kristdemokraterna.se\/vasternorrland\/var-politik\/politikomraden\/samverkan\/","title":{"rendered":"Samverkan"},"content":{"rendered":"<p><img loading=\"lazy\" decoding=\"async\" class=\"wp-image-199797 size-full\" src=\"http:\/\/wp.kristdemokraterna.se\/vasternorrland\/files\/2019\/06\/civilsamhalle-samverkan.jpg\" alt=\"\" width=\"1920\" height=\"1080\" srcset=\"https:\/\/wp.kristdemokraterna.se\/vasternorrland\/files\/2019\/06\/civilsamhalle-samverkan.jpg 1920w, https:\/\/wp.kristdemokraterna.se\/vasternorrland\/files\/2019\/06\/civilsamhalle-samverkan-300x169.jpg 300w, https:\/\/wp.kristdemokraterna.se\/vasternorrland\/files\/2019\/06\/civilsamhalle-samverkan-768x432.jpg 768w, https:\/\/wp.kristdemokraterna.se\/vasternorrland\/files\/2019\/06\/civilsamhalle-samverkan-540x304.jpg 540w, https:\/\/wp.kristdemokraterna.se\/vasternorrland\/files\/2019\/06\/civilsamhalle-samverkan-356x200.jpg 356w, https:\/\/wp.kristdemokraterna.se\/vasternorrland\/files\/2019\/06\/civilsamhalle-samverkan-370x208.jpg 370w, https:\/\/wp.kristdemokraterna.se\/vasternorrland\/files\/2019\/06\/civilsamhalle-samverkan-770x433.jpg 770w, https:\/\/wp.kristdemokraterna.se\/vasternorrland\/files\/2019\/06\/civilsamhalle-samverkan-450x253.jpg 450w, https:\/\/wp.kristdemokraterna.se\/vasternorrland\/files\/2019\/06\/civilsamhalle-samverkan-280x158.jpg 280w, https:\/\/wp.kristdemokraterna.se\/vasternorrland\/files\/2019\/06\/civilsamhalle-samverkan-340x191.jpg 340w, https:\/\/wp.kristdemokraterna.se\/vasternorrland\/files\/2019\/06\/civilsamhalle-samverkan-200x113.jpg 200w, https:\/\/wp.kristdemokraterna.se\/vasternorrland\/files\/2019\/06\/civilsamhalle-samverkan-100x56.jpg 100w\" sizes=\"auto, (max-width: 1920px) 100vw, 1920px\" \/><\/p>\n<p>M\u00e4nniskan finner det naturligt att bilda gemenskaper och sociala n\u00e4tverk f\u00f6r att ta ansvar f\u00f6r sig sj\u00e4lv, f\u00f6r de sina och f\u00f6r sina och andras livsvillkor. Ett vitalt civilsamh\u00e4lle \u00e4r av stor betydelse eftersom engagemang i f\u00f6reningar, frivilligorganisationer och samfund inneb\u00e4r demokratisk fostran och norm\u00f6verf\u00f6ring.<\/p>\n<p>Det fr\u00e4mjar ocks\u00e5 det personliga ansvarstagandet. Dessutom \u00e4r det civila samh\u00e4llet en m\u00f6tesplats d\u00e4r sociala kontakter skapas och utvecklas b\u00e5de inom och mellan generationer. Denna civila kultur \u00e4r en f\u00f6ruts\u00e4ttning f\u00f6r en levande demokrati, men \u00e4ven f\u00f6r samh\u00e4llets ekonomiska utveckling.<\/p>\n<h2>L\u00e4ns\u00f6verenskommelsen<\/h2>\n<p>L\u00e4ns\u00f6verenskommelsen som regionen sl\u00f6t med den id\u00e9burna sektorn 2017 m\u00e5ste nu g\u00e5 fr\u00e5n att vara en pappersprodukt till att komma i aktivt bruk. En genomg\u00e5ng av de id\u00e9burna r\u00f6relsernas behov samt reglementet kring bidragen till dessa beh\u00f6ver ocks\u00e5 ses \u00f6ver under planperioden. F\u00f6rm\u00e5gan att skapa aktiva samarbeten mellan det offentliga och id\u00e9buren verksamhet kan bli avg\u00f6rande f\u00f6r l\u00e4nets framtid!<\/p>\n<p><strong>Senaste inl\u00e4ggen om civilsamh\u00e4lle:<\/strong><br \/>\n<ul class = \"posts-by-tag-list\"><li class=\"posts-by-tag-item BRIS civilsamh\u00e4lle Fritidskortet gemenskap h\u00e4lsosamtal Henrik Sendelbach ofrivillig ensamhet regeringen samverkan\" id=\"posts-by-tag-item-352372\"><a class = \"posts-by-tag-item-title\" href=\"https:\/\/wp.kristdemokraterna.se\/vasternorrland\/ofrivillig-ensamhet-ar-ingen-privatsak-dags-att-kraftsamla\/\">Ofrivillig ensamhet \u00e4r ingen privatsak \u2013 dags att kraftsamla<\/a> <small>Posted on: 21 december 2022<\/small><\/li><li class=\"posts-by-tag-item \u00c5dalsbanan alla inl\u00e4gg \u00e5rskr\u00f6nika BB Bo Grafstr\u00f6m centralisering civilsamh\u00e4lle Henrik Sendelbach Joachim Jonsson m\u00e5lbild Michal Zakolski Mona Hammarstedt Norrt\u00e5g NPM \u00f6verbel\u00e4ggning personal Svenskt Ambulansflyg t\u00e5g t\u00e5gtrafik tillitsbaserad styrning underh\u00e5llsplan v\u00e5rdk\u00f6er v\u00e5rdplatser\" id=\"posts-by-tag-item-352238\"><a class = \"posts-by-tag-item-title\" href=\"https:\/\/wp.kristdemokraterna.se\/vasternorrland\/arskronika-2021\/\">\u00c5rskr\u00f6nika 2021<\/a> <small>Posted on: 29 december 2021<\/small><\/li><li class=\"posts-by-tag-item alla inl\u00e4gg civilsamh\u00e4lle interpellationssvar samverkan\" id=\"posts-by-tag-item-352091\"><a class = \"posts-by-tag-item-title\" href=\"https:\/\/wp.kristdemokraterna.se\/vasternorrland\/interpellationssvar-civilsamhallet-viktigt-eller-inte\/\">Interpellationssvar: Civilsamh\u00e4llet viktigt eller inte?<\/a> <small>Posted on: 24 juni 2021<\/small><\/li><li class=\"posts-by-tag-item alla inl\u00e4gg civilsamh\u00e4lle d\u00f6 ensam Henrik Sendelbach medm\u00e4nsklighet motion samverkan volont\u00e4rer\" id=\"posts-by-tag-item-351979\"><a class = \"posts-by-tag-item-title\" href=\"https:\/\/wp.kristdemokraterna.se\/vasternorrland\/motion-volontarer-pa-lanets-sjukhus\/\">Motion: Volont\u00e4rer p\u00e5 l\u00e4nets sjukhus<\/a> <small>Posted on: 2 juni 2021<\/small><\/li><li class=\"posts-by-tag-item alla inl\u00e4gg civilsamh\u00e4lle Ett Sverige att lita p\u00e5 familj Ingemar Wiklander polis r\u00e4ttsv\u00e4sende samh\u00e4llsgemenskap trygghet\" id=\"posts-by-tag-item-351967\"><a class = \"posts-by-tag-item-title\" href=\"https:\/\/wp.kristdemokraterna.se\/vasternorrland\/vi-manniskor-behover-varandra\/\">Vi m\u00e4nniskor beh\u00f6ver varandra<\/a> <small>Posted on: 1 juni 2021<\/small><\/li><li class=\"posts-by-tag-item alla inl\u00e4gg civilsamh\u00e4lle Henrik Sendelbach interpellation L\u00e4ns\u00f6verenskommelsen samverkan\" id=\"posts-by-tag-item-351810\"><a class = \"posts-by-tag-item-title\" href=\"https:\/\/wp.kristdemokraterna.se\/vasternorrland\/civilsamhallet-viktigt-eller-inte\/\">Civilsamh\u00e4llet - viktigt eller inte<\/a> <small>Posted on: 7 maj 2021<\/small><\/li><li class=\"posts-by-tag-item \u00e4ldre alla inl\u00e4gg civilsamh\u00e4lle god och n\u00e4ra v\u00e5rd Henrik Sendelbach Mona Hammarstedt ofrivillig ensamhet samverkan\" id=\"posts-by-tag-item-341750\"><a class = \"posts-by-tag-item-title\" href=\"https:\/\/wp.kristdemokraterna.se\/vasternorrland\/fokus-pa-samarbete-behovs-for-en-god-och-nara-vard-i-vasternorrland\/\">Fokus p\u00e5 samarbete beh\u00f6vs f\u00f6r en god och n\u00e4ra v\u00e5rd i V\u00e4sternorrland<\/a> <small>Posted on: 27 januari 2021<\/small><\/li><li class=\"posts-by-tag-item akutmottagning \u00e4ldre alla inl\u00e4gg civilsamh\u00e4lle ekonomi ekonomi\/skatter folkh\u00e4lsa Joachim Jonsson m\u00e5lbild Mona Hammarstedt prim\u00e4rv\u00e5rd samverkan specialistv\u00e5rd tandv\u00e5rd\" id=\"posts-by-tag-item-287046\"><a class = \"posts-by-tag-item-title\" href=\"https:\/\/wp.kristdemokraterna.se\/vasternorrland\/regionens-nya-malbild-ett-sjalvmal-over-en-misslyckad-politik\/\">Regionens nya m\u00e5lbild \u2013 ett sj\u00e4lvm\u00e5l \u00f6ver en misslyckad politik<\/a> <small>Posted on: 17 juni 2020<\/small><\/li><li class=\"posts-by-tag-item alla inl\u00e4gg civilsamh\u00e4lle folkh\u00e4lsa Henrik Sendelbach interpellationsdebatt L\u00e4ns\u00f6verenskommelsen Mellannorrlands hospice palliativ v\u00e5rd PTSD samverkan Sverker \u00c5gren V\u00e5rsta diakonig\u00e5rd\" id=\"posts-by-tag-item-260201\"><a class = \"posts-by-tag-item-title\" href=\"https:\/\/wp.kristdemokraterna.se\/vasternorrland\/osakert-om-lansoverenskommelsens-framtid\/\">Os\u00e4kert om L\u00e4ns\u00f6verenskommelsens framtid<\/a> <small>Posted on: 1 mars 2020<\/small><\/li><li class=\"posts-by-tag-item civilsamh\u00e4lle h\u00e5llbarhet H\u00e5llbarhetsplan milj\u00f6 och energi samverkan\" id=\"posts-by-tag-item-278092\"><a class = \"posts-by-tag-item-title\" href=\"https:\/\/wp.kristdemokraterna.se\/vasternorrland\/ny-hallbarhetsplan-antagen-i-regionen\/\">Ny h\u00e5llbarhetsplan antagen i regionen<\/a> <small>Posted on: 28 februari 2020<\/small><\/li><\/ul>F\u00f6r samtliga inl\u00e4gg om civilsamh\u00e4lle, se <a href=\"http:\/\/wp.kristdemokraterna.se\/vasternorrland\/etiketter\/civilsamhalle\/\">h\u00e4r<\/a><\/p>\n<hr \/>\n<p><em>Bilden \u00f6verst av jerryzhuca fr\u00e5n Pixabay.<\/em><\/p>\n","protected":false},"excerpt":{"rendered":"<p>M\u00e4nniskan finner det naturligt att bilda gemenskaper och sociala n\u00e4tverk f\u00f6r att ta ansvar f\u00f6r sig sj\u00e4lv, f\u00f6r de sina och f\u00f6r sina och andras livsvillkor. Ett vitalt civilsamh\u00e4lle \u00e4r av stor betydelse eftersom engagemang i f\u00f6reningar, frivilligorganisationer och samfund inneb\u00e4r demokratisk fostran och norm\u00f6verf\u00f6ring. Det fr\u00e4mjar ocks\u00e5 det personliga ansvarstagandet. Dessutom \u00e4r det civila <a class=\"read-more-link\" href=\"https:\/\/wp.kristdemokraterna.se\/vasternorrland\/var-politik\/politikomraden\/samverkan\/\">Read More<\/a><\/p>\n","protected":false},"author":787,"featured_media":0,"parent":179725,"menu_order":18,"comment_status":"closed","ping_status":"closed","template":"","meta":{"_acf_changed":false,"footnotes":""},"class_list":["post-180506","page","type-page","status-publish","hentry"],"acf":[],"yoast_head":"<!-- This site is optimized with the Yoast SEO plugin v27.3 - https:\/\/yoast.com\/product\/yoast-seo-wordpress\/ -->\n<title>Samverkan | KD V\u00e4sternorrland<\/title>\n<meta name=\"robots\" content=\"index, follow, max-snippet:-1, max-image-preview:large, max-video-preview:-1\" \/>\n<link rel=\"canonical\" href=\"https:\/\/wp.kristdemokraterna.se\/vasternorrland\/var-politik\/politikomraden\/samverkan\/\" \/>\n<meta property=\"og:locale\" content=\"sv_SE\" \/>\n<meta property=\"og:type\" content=\"article\" \/>\n<meta property=\"og:title\" content=\"Samverkan | KD V\u00e4sternorrland\" \/>\n<meta property=\"og:description\" content=\"M\u00e4nniskan finner det naturligt att bilda gemenskaper och sociala n\u00e4tverk f\u00f6r att ta ansvar f\u00f6r sig sj\u00e4lv, f\u00f6r de sina och f\u00f6r sina och andras livsvillkor. Ett vitalt civilsamh\u00e4lle \u00e4r av stor betydelse eftersom engagemang i f\u00f6reningar, frivilligorganisationer och samfund inneb\u00e4r demokratisk fostran och norm\u00f6verf\u00f6ring. Det fr\u00e4mjar ocks\u00e5 det personliga ansvarstagandet. Dessutom \u00e4r det civila Read More\" \/>\n<meta property=\"og:url\" content=\"https:\/\/wp.kristdemokraterna.se\/vasternorrland\/var-politik\/politikomraden\/samverkan\/\" \/>\n<meta property=\"og:site_name\" content=\"KD V\u00e4sternorrland\" \/>\n<meta property=\"article:publisher\" content=\"https:\/\/www.facebook.com\/kdrvn\/\" \/>\n<meta property=\"article:modified_time\" content=\"2020-05-10T15:45:39+00:00\" \/>\n<meta property=\"og:image\" content=\"http:\/\/wp.kristdemokraterna.se\/vasternorrland\/files\/2019\/06\/civilsamhalle-samverkan.jpg\" \/>\n<meta name=\"twitter:card\" content=\"summary_large_image\" \/>\n<meta name=\"twitter:label1\" content=\"Ber\u00e4knad l\u00e4stid\" \/>\n\t<meta name=\"twitter:data1\" content=\"1 minut\" \/>\n<script type=\"application\/ld+json\" class=\"yoast-schema-graph\">{\"@context\":\"https:\\\/\\\/schema.org\",\"@graph\":[{\"@type\":\"WebPage\",\"@id\":\"https:\\\/\\\/wp.kristdemokraterna.se\\\/vasternorrland\\\/var-politik\\\/politikomraden\\\/samverkan\\\/\",\"url\":\"https:\\\/\\\/wp.kristdemokraterna.se\\\/vasternorrland\\\/var-politik\\\/politikomraden\\\/samverkan\\\/\",\"name\":\"Samverkan | KD V\u00e4sternorrland\",\"isPartOf\":{\"@id\":\"https:\\\/\\\/wp.kristdemokraterna.se\\\/vasternorrland\\\/#website\"},\"primaryImageOfPage\":{\"@id\":\"https:\\\/\\\/wp.kristdemokraterna.se\\\/vasternorrland\\\/var-politik\\\/politikomraden\\\/samverkan\\\/#primaryimage\"},\"image\":{\"@id\":\"https:\\\/\\\/wp.kristdemokraterna.se\\\/vasternorrland\\\/var-politik\\\/politikomraden\\\/samverkan\\\/#primaryimage\"},\"thumbnailUrl\":\"http:\\\/\\\/wp.kristdemokraterna.se\\\/vasternorrland\\\/files\\\/2019\\\/06\\\/civilsamhalle-samverkan.jpg\",\"datePublished\":\"2019-04-15T23:00:04+00:00\",\"dateModified\":\"2020-05-10T15:45:39+00:00\",\"breadcrumb\":{\"@id\":\"https:\\\/\\\/wp.kristdemokraterna.se\\\/vasternorrland\\\/var-politik\\\/politikomraden\\\/samverkan\\\/#breadcrumb\"},\"inLanguage\":\"sv-SE\",\"potentialAction\":[{\"@type\":\"ReadAction\",\"target\":[\"https:\\\/\\\/wp.kristdemokraterna.se\\\/vasternorrland\\\/var-politik\\\/politikomraden\\\/samverkan\\\/\"]}]},{\"@type\":\"ImageObject\",\"inLanguage\":\"sv-SE\",\"@id\":\"https:\\\/\\\/wp.kristdemokraterna.se\\\/vasternorrland\\\/var-politik\\\/politikomraden\\\/samverkan\\\/#primaryimage\",\"url\":\"http:\\\/\\\/wp.kristdemokraterna.se\\\/vasternorrland\\\/files\\\/2019\\\/06\\\/civilsamhalle-samverkan.jpg\",\"contentUrl\":\"http:\\\/\\\/wp.kristdemokraterna.se\\\/vasternorrland\\\/files\\\/2019\\\/06\\\/civilsamhalle-samverkan.jpg\"},{\"@type\":\"BreadcrumbList\",\"@id\":\"https:\\\/\\\/wp.kristdemokraterna.se\\\/vasternorrland\\\/var-politik\\\/politikomraden\\\/samverkan\\\/#breadcrumb\",\"itemListElement\":[{\"@type\":\"ListItem\",\"position\":1,\"name\":\"Hem\",\"item\":\"https:\\\/\\\/wp.kristdemokraterna.se\\\/vasternorrland\\\/\"},{\"@type\":\"ListItem\",\"position\":2,\"name\":\"V\u00e5r politik\",\"item\":\"https:\\\/\\\/wp.kristdemokraterna.se\\\/vasternorrland\\\/var-politik\\\/\"},{\"@type\":\"ListItem\",\"position\":3,\"name\":\"Politikomr\u00e5den\",\"item\":\"https:\\\/\\\/wp.kristdemokraterna.se\\\/vasternorrland\\\/var-politik\\\/politikomraden\\\/\"},{\"@type\":\"ListItem\",\"position\":4,\"name\":\"Samverkan\"}]},{\"@type\":\"WebSite\",\"@id\":\"https:\\\/\\\/wp.kristdemokraterna.se\\\/vasternorrland\\\/#website\",\"url\":\"https:\\\/\\\/wp.kristdemokraterna.se\\\/vasternorrland\\\/\",\"name\":\"KD V\u00e4sternorrland\",\"description\":\"V\u00e5rda v\u00e5rden - utveckla prim\u00e4rv\u00e5rden\",\"inLanguage\":\"sv-SE\"}]}<\/script>\n<!-- \/ Yoast SEO plugin. -->","yoast_head_json":{"title":"Samverkan | KD V\u00e4sternorrland","robots":{"index":"index","follow":"follow","max-snippet":"max-snippet:-1","max-image-preview":"max-image-preview:large","max-video-preview":"max-video-preview:-1"},"canonical":"https:\/\/wp.kristdemokraterna.se\/vasternorrland\/var-politik\/politikomraden\/samverkan\/","og_locale":"sv_SE","og_type":"article","og_title":"Samverkan | KD V\u00e4sternorrland","og_description":"M\u00e4nniskan finner det naturligt att bilda gemenskaper och sociala n\u00e4tverk f\u00f6r att ta ansvar f\u00f6r sig sj\u00e4lv, f\u00f6r de sina och f\u00f6r sina och andras livsvillkor. Ett vitalt civilsamh\u00e4lle \u00e4r av stor betydelse eftersom engagemang i f\u00f6reningar, frivilligorganisationer och samfund inneb\u00e4r demokratisk fostran och norm\u00f6verf\u00f6ring. Det fr\u00e4mjar ocks\u00e5 det personliga ansvarstagandet. Dessutom \u00e4r det civila Read More","og_url":"https:\/\/wp.kristdemokraterna.se\/vasternorrland\/var-politik\/politikomraden\/samverkan\/","og_site_name":"KD V\u00e4sternorrland","article_publisher":"https:\/\/www.facebook.com\/kdrvn\/","article_modified_time":"2020-05-10T15:45:39+00:00","og_image":[{"url":"http:\/\/wp.kristdemokraterna.se\/vasternorrland\/files\/2019\/06\/civilsamhalle-samverkan.jpg","type":"","width":"","height":""}],"twitter_card":"summary_large_image","twitter_misc":{"Ber\u00e4knad l\u00e4stid":"1 minut"},"schema":{"@context":"https:\/\/schema.org","@graph":[{"@type":"WebPage","@id":"https:\/\/wp.kristdemokraterna.se\/vasternorrland\/var-politik\/politikomraden\/samverkan\/","url":"https:\/\/wp.kristdemokraterna.se\/vasternorrland\/var-politik\/politikomraden\/samverkan\/","name":"Samverkan | KD V\u00e4sternorrland","isPartOf":{"@id":"https:\/\/wp.kristdemokraterna.se\/vasternorrland\/#website"},"primaryImageOfPage":{"@id":"https:\/\/wp.kristdemokraterna.se\/vasternorrland\/var-politik\/politikomraden\/samverkan\/#primaryimage"},"image":{"@id":"https:\/\/wp.kristdemokraterna.se\/vasternorrland\/var-politik\/politikomraden\/samverkan\/#primaryimage"},"thumbnailUrl":"http:\/\/wp.kristdemokraterna.se\/vasternorrland\/files\/2019\/06\/civilsamhalle-samverkan.jpg","datePublished":"2019-04-15T23:00:04+00:00","dateModified":"2020-05-10T15:45:39+00:00","breadcrumb":{"@id":"https:\/\/wp.kristdemokraterna.se\/vasternorrland\/var-politik\/politikomraden\/samverkan\/#breadcrumb"},"inLanguage":"sv-SE","potentialAction":[{"@type":"ReadAction","target":["https:\/\/wp.kristdemokraterna.se\/vasternorrland\/var-politik\/politikomraden\/samverkan\/"]}]},{"@type":"ImageObject","inLanguage":"sv-SE","@id":"https:\/\/wp.kristdemokraterna.se\/vasternorrland\/var-politik\/politikomraden\/samverkan\/#primaryimage","url":"http:\/\/wp.kristdemokraterna.se\/vasternorrland\/files\/2019\/06\/civilsamhalle-samverkan.jpg","contentUrl":"http:\/\/wp.kristdemokraterna.se\/vasternorrland\/files\/2019\/06\/civilsamhalle-samverkan.jpg"},{"@type":"BreadcrumbList","@id":"https:\/\/wp.kristdemokraterna.se\/vasternorrland\/var-politik\/politikomraden\/samverkan\/#breadcrumb","itemListElement":[{"@type":"ListItem","position":1,"name":"Hem","item":"https:\/\/wp.kristdemokraterna.se\/vasternorrland\/"},{"@type":"ListItem","position":2,"name":"V\u00e5r politik","item":"https:\/\/wp.kristdemokraterna.se\/vasternorrland\/var-politik\/"},{"@type":"ListItem","position":3,"name":"Politikomr\u00e5den","item":"https:\/\/wp.kristdemokraterna.se\/vasternorrland\/var-politik\/politikomraden\/"},{"@type":"ListItem","position":4,"name":"Samverkan"}]},{"@type":"WebSite","@id":"https:\/\/wp.kristdemokraterna.se\/vasternorrland\/#website","url":"https:\/\/wp.kristdemokraterna.se\/vasternorrland\/","name":"KD V\u00e4sternorrland","description":"V\u00e5rda v\u00e5rden - utveckla prim\u00e4rv\u00e5rden","inLanguage":"sv-SE"}]}},"_links":{"self":[{"href":"https:\/\/wp.kristdemokraterna.se\/vasternorrland\/wp-json\/wp\/v2\/pages\/180506","targetHints":{"allow":["GET"]}}],"collection":[{"href":"https:\/\/wp.kristdemokraterna.se\/vasternorrland\/wp-json\/wp\/v2\/pages"}],"about":[{"href":"https:\/\/wp.kristdemokraterna.se\/vasternorrland\/wp-json\/wp\/v2\/types\/page"}],"author":[{"embeddable":true,"href":"https:\/\/wp.kristdemokraterna.se\/vasternorrland\/wp-json\/wp\/v2\/users\/787"}],"replies":[{"embeddable":true,"href":"https:\/\/wp.kristdemokraterna.se\/vasternorrland\/wp-json\/wp\/v2\/comments?post=180506"}],"version-history":[{"count":8,"href":"https:\/\/wp.kristdemokraterna.se\/vasternorrland\/wp-json\/wp\/v2\/pages\/180506\/revisions"}],"predecessor-version":[{"id":265891,"href":"https:\/\/wp.kristdemokraterna.se\/vasternorrland\/wp-json\/wp\/v2\/pages\/180506\/revisions\/265891"}],"up":[{"embeddable":true,"href":"https:\/\/wp.kristdemokraterna.se\/vasternorrland\/wp-json\/wp\/v2\/pages\/179725"}],"wp:attachment":[{"href":"https:\/\/wp.kristdemokraterna.se\/vasternorrland\/wp-json\/wp\/v2\/media?parent=180506"}],"curies":[{"name":"wp","href":"https:\/\/api.w.org\/{rel}","templated":true}]}}