{"id":180534,"date":"2019-04-16T10:00:09","date_gmt":"2019-04-16T08:00:09","guid":{"rendered":"http:\/\/wp.kristdemokraterna.se\/vasternorrland\/?page_id=180534"},"modified":"2020-05-10T17:43:16","modified_gmt":"2020-05-10T15:43:16","slug":"naringsliv","status":"publish","type":"page","link":"https:\/\/wp.kristdemokraterna.se\/vasternorrland\/var-politik\/politikomraden\/naringsliv\/","title":{"rendered":"N\u00e4ringsliv"},"content":{"rendered":"<p><img decoding=\"async\" class=\"size-full wp-image-200000\" src=\"http:\/\/wp.kristdemokraterna.se\/vasternorrland\/files\/2019\/06\/naringsliv-storgatan-harnosand.jpg\" alt=\"\" width=\"100%\" height=\"100%\" srcset=\"https:\/\/wp.kristdemokraterna.se\/vasternorrland\/files\/2019\/06\/naringsliv-storgatan-harnosand.jpg 1920w, https:\/\/wp.kristdemokraterna.se\/vasternorrland\/files\/2019\/06\/naringsliv-storgatan-harnosand-300x169.jpg 300w, https:\/\/wp.kristdemokraterna.se\/vasternorrland\/files\/2019\/06\/naringsliv-storgatan-harnosand-768x432.jpg 768w, https:\/\/wp.kristdemokraterna.se\/vasternorrland\/files\/2019\/06\/naringsliv-storgatan-harnosand-540x304.jpg 540w, https:\/\/wp.kristdemokraterna.se\/vasternorrland\/files\/2019\/06\/naringsliv-storgatan-harnosand-356x200.jpg 356w, https:\/\/wp.kristdemokraterna.se\/vasternorrland\/files\/2019\/06\/naringsliv-storgatan-harnosand-370x208.jpg 370w, https:\/\/wp.kristdemokraterna.se\/vasternorrland\/files\/2019\/06\/naringsliv-storgatan-harnosand-770x433.jpg 770w, https:\/\/wp.kristdemokraterna.se\/vasternorrland\/files\/2019\/06\/naringsliv-storgatan-harnosand-450x253.jpg 450w, https:\/\/wp.kristdemokraterna.se\/vasternorrland\/files\/2019\/06\/naringsliv-storgatan-harnosand-280x158.jpg 280w, https:\/\/wp.kristdemokraterna.se\/vasternorrland\/files\/2019\/06\/naringsliv-storgatan-harnosand-340x191.jpg 340w, https:\/\/wp.kristdemokraterna.se\/vasternorrland\/files\/2019\/06\/naringsliv-storgatan-harnosand-200x113.jpg 200w, https:\/\/wp.kristdemokraterna.se\/vasternorrland\/files\/2019\/06\/naringsliv-storgatan-harnosand-100x56.jpg 100w\" sizes=\"(max-width: 1920px) 100vw, 1920px\" \/><\/p>\n<p>Ett konkurrenskraftigt och differentierat n\u00e4ringsliv \u00e4r en f\u00f6ruts\u00e4ttning f\u00f6r det goda samh\u00e4llet och en god v\u00e4lf\u00e4rd. Detta inneb\u00e4r i sin tur att ett gott klimat m\u00e5ste skapas och vidmakth\u00e5llas f\u00f6r ett dynamiskt sm\u00e5f\u00f6retagande, d\u00e4r enskilda m\u00e4nniskors id\u00e9er, kreativitet och entrepren\u00f6rskap f\u00e5r m\u00f6jlighet att blomma ut. De sm\u00e5 och medelstora f\u00f6retagen, som ofta \u00e4r familjef\u00f6retag, ska st\u00e5 i centrum f\u00f6r utformningen av n\u00e4ringslivspolitiken.<\/p>\n<p>Det personliga initiativet utg\u00f6r grunden f\u00f6r nyf\u00f6retagande. Det \u00e4r viktigt att initiativ och skaparkraft uppmuntras av samh\u00e4llet, till exempel genom utbildningssystemet och ett gott f\u00f6retagarklimat<\/p>\n<p><strong>Senaste inl\u00e4ggen om n\u00e4ringsliv:<\/strong><br \/>\n<ul class = \"posts-by-tag-list\"><li class=\"posts-by-tag-item alla inl\u00e4gg landsbygd livsmedel mj\u00f6lk n\u00e4ringsliv\" id=\"posts-by-tag-item-335\"><a class = \"posts-by-tag-item-title\" href=\"https:\/\/wp.kristdemokraterna.se\/vasternorrland\/uttalande-om-mjolk-och-kor\/\">B\u00e4ttre villkor och f\u00f6ruts\u00e4ttningar f\u00f6r Sveriges b\u00f6nder<\/a> <small>Posted on: 28 mars 2015<\/small><\/li><li class=\"posts-by-tag-item alla inl\u00e4gg Ebba Busch f\u00f6retagande n\u00e4ringsliv regional utveckling Sundsvall val 2014\" id=\"posts-by-tag-item-260\"><a class = \"posts-by-tag-item-title\" href=\"https:\/\/wp.kristdemokraterna.se\/vasternorrland\/ebba-busch-thor-besokte-sundsvall\/\">Ebba Busch Thor bes\u00f6kte Sundsvall<\/a> <small>Posted on: 15 april 2014<\/small><\/li><li class=\"posts-by-tag-item alla inl\u00e4gg civilsamh\u00e4lle f\u00f6retagande Kramfors n\u00e4ringsliv pressmeddelande samverkan Sverker \u00c5gren\" id=\"posts-by-tag-item-189\"><a class = \"posts-by-tag-item-title\" href=\"https:\/\/wp.kristdemokraterna.se\/vasternorrland\/sociala-foretag-ovarderligt-for-samhallet-och-individen\/\">Sociala f\u00f6retag ov\u00e4rderligt f\u00f6r samh\u00e4llet och individen<\/a> <small>Posted on: 7 november 2013<\/small><\/li><\/ul>F\u00f6r samtliga inl\u00e4gg om n\u00e4ringsliv, se <a href=\"http:\/\/wp.kristdemokraterna.se\/vasternorrland\/etiketter\/naringsliv\/\">h\u00e4r<\/a><\/p>\n<hr \/>\n<p>Bilden \u00f6verst: Storgatan i H\u00e4rn\u00f6sand. Foto av Fredrik Malmquist p\u00e5 Wikimedia Commons (<a href=\"https:\/\/creativecommons.org\/licenses\/by-sa\/2.5\/deed.sv\">CC-BY-SA 2.5<\/a>).<\/p>\n","protected":false},"excerpt":{"rendered":"<p>Ett konkurrenskraftigt och differentierat n\u00e4ringsliv \u00e4r en f\u00f6ruts\u00e4ttning f\u00f6r det goda samh\u00e4llet och en god v\u00e4lf\u00e4rd. Detta inneb\u00e4r i sin tur att ett gott klimat m\u00e5ste skapas och vidmakth\u00e5llas f\u00f6r ett dynamiskt sm\u00e5f\u00f6retagande, d\u00e4r enskilda m\u00e4nniskors id\u00e9er, kreativitet och entrepren\u00f6rskap f\u00e5r m\u00f6jlighet att blomma ut. De sm\u00e5 och medelstora f\u00f6retagen, som ofta \u00e4r familjef\u00f6retag, ska <a class=\"read-more-link\" href=\"https:\/\/wp.kristdemokraterna.se\/vasternorrland\/var-politik\/politikomraden\/naringsliv\/\">Read More<\/a><\/p>\n","protected":false},"author":787,"featured_media":0,"parent":179725,"menu_order":12,"comment_status":"closed","ping_status":"closed","template":"","meta":{"_acf_changed":false,"footnotes":""},"class_list":["post-180534","page","type-page","status-publish","hentry"],"acf":[],"yoast_head":"<!-- This site is optimized with the Yoast SEO plugin v27.3 - https:\/\/yoast.com\/product\/yoast-seo-wordpress\/ -->\n<title>N\u00e4ringsliv | KD V\u00e4sternorrland<\/title>\n<meta name=\"robots\" content=\"index, follow, max-snippet:-1, max-image-preview:large, max-video-preview:-1\" \/>\n<link rel=\"canonical\" href=\"https:\/\/wp.kristdemokraterna.se\/vasternorrland\/var-politik\/politikomraden\/naringsliv\/\" \/>\n<meta property=\"og:locale\" content=\"sv_SE\" \/>\n<meta property=\"og:type\" content=\"article\" \/>\n<meta property=\"og:title\" content=\"N\u00e4ringsliv | KD V\u00e4sternorrland\" \/>\n<meta property=\"og:description\" content=\"Ett konkurrenskraftigt och differentierat n\u00e4ringsliv \u00e4r en f\u00f6ruts\u00e4ttning f\u00f6r det goda samh\u00e4llet och en god v\u00e4lf\u00e4rd. Detta inneb\u00e4r i sin tur att ett gott klimat m\u00e5ste skapas och vidmakth\u00e5llas f\u00f6r ett dynamiskt sm\u00e5f\u00f6retagande, d\u00e4r enskilda m\u00e4nniskors id\u00e9er, kreativitet och entrepren\u00f6rskap f\u00e5r m\u00f6jlighet att blomma ut. De sm\u00e5 och medelstora f\u00f6retagen, som ofta \u00e4r familjef\u00f6retag, ska Read More\" \/>\n<meta property=\"og:url\" content=\"https:\/\/wp.kristdemokraterna.se\/vasternorrland\/var-politik\/politikomraden\/naringsliv\/\" \/>\n<meta property=\"og:site_name\" content=\"KD V\u00e4sternorrland\" \/>\n<meta property=\"article:publisher\" content=\"https:\/\/www.facebook.com\/kdrvn\/\" \/>\n<meta property=\"article:modified_time\" content=\"2020-05-10T15:43:16+00:00\" \/>\n<meta property=\"og:image\" content=\"http:\/\/wp.kristdemokraterna.se\/vasternorrland\/files\/2019\/06\/naringsliv-storgatan-harnosand.jpg\" \/>\n<meta name=\"twitter:card\" content=\"summary_large_image\" \/>\n<meta name=\"twitter:label1\" content=\"Ber\u00e4knad l\u00e4stid\" \/>\n\t<meta name=\"twitter:data1\" content=\"1 minut\" \/>\n<script type=\"application\/ld+json\" class=\"yoast-schema-graph\">{\"@context\":\"https:\\\/\\\/schema.org\",\"@graph\":[{\"@type\":\"WebPage\",\"@id\":\"https:\\\/\\\/wp.kristdemokraterna.se\\\/vasternorrland\\\/var-politik\\\/politikomraden\\\/naringsliv\\\/\",\"url\":\"https:\\\/\\\/wp.kristdemokraterna.se\\\/vasternorrland\\\/var-politik\\\/politikomraden\\\/naringsliv\\\/\",\"name\":\"N\u00e4ringsliv | KD V\u00e4sternorrland\",\"isPartOf\":{\"@id\":\"https:\\\/\\\/wp.kristdemokraterna.se\\\/vasternorrland\\\/#website\"},\"primaryImageOfPage\":{\"@id\":\"https:\\\/\\\/wp.kristdemokraterna.se\\\/vasternorrland\\\/var-politik\\\/politikomraden\\\/naringsliv\\\/#primaryimage\"},\"image\":{\"@id\":\"https:\\\/\\\/wp.kristdemokraterna.se\\\/vasternorrland\\\/var-politik\\\/politikomraden\\\/naringsliv\\\/#primaryimage\"},\"thumbnailUrl\":\"http:\\\/\\\/wp.kristdemokraterna.se\\\/vasternorrland\\\/files\\\/2019\\\/06\\\/naringsliv-storgatan-harnosand.jpg\",\"datePublished\":\"2019-04-16T08:00:09+00:00\",\"dateModified\":\"2020-05-10T15:43:16+00:00\",\"breadcrumb\":{\"@id\":\"https:\\\/\\\/wp.kristdemokraterna.se\\\/vasternorrland\\\/var-politik\\\/politikomraden\\\/naringsliv\\\/#breadcrumb\"},\"inLanguage\":\"sv-SE\",\"potentialAction\":[{\"@type\":\"ReadAction\",\"target\":[\"https:\\\/\\\/wp.kristdemokraterna.se\\\/vasternorrland\\\/var-politik\\\/politikomraden\\\/naringsliv\\\/\"]}]},{\"@type\":\"ImageObject\",\"inLanguage\":\"sv-SE\",\"@id\":\"https:\\\/\\\/wp.kristdemokraterna.se\\\/vasternorrland\\\/var-politik\\\/politikomraden\\\/naringsliv\\\/#primaryimage\",\"url\":\"https:\\\/\\\/wp.kristdemokraterna.se\\\/vasternorrland\\\/files\\\/2019\\\/06\\\/naringsliv-storgatan-harnosand.jpg\",\"contentUrl\":\"https:\\\/\\\/wp.kristdemokraterna.se\\\/vasternorrland\\\/files\\\/2019\\\/06\\\/naringsliv-storgatan-harnosand.jpg\",\"width\":1920,\"height\":1080,\"caption\":\"Bilden \u00f6verst: Storgatan i H\u00e4rn\u00f6sand. Foto av Fredrik Malmquist p\u00e5 Wikimedia Commons (CC-BY-SA 2.5).\"},{\"@type\":\"BreadcrumbList\",\"@id\":\"https:\\\/\\\/wp.kristdemokraterna.se\\\/vasternorrland\\\/var-politik\\\/politikomraden\\\/naringsliv\\\/#breadcrumb\",\"itemListElement\":[{\"@type\":\"ListItem\",\"position\":1,\"name\":\"Hem\",\"item\":\"https:\\\/\\\/wp.kristdemokraterna.se\\\/vasternorrland\\\/\"},{\"@type\":\"ListItem\",\"position\":2,\"name\":\"V\u00e5r politik\",\"item\":\"https:\\\/\\\/wp.kristdemokraterna.se\\\/vasternorrland\\\/var-politik\\\/\"},{\"@type\":\"ListItem\",\"position\":3,\"name\":\"Politikomr\u00e5den\",\"item\":\"https:\\\/\\\/wp.kristdemokraterna.se\\\/vasternorrland\\\/var-politik\\\/politikomraden\\\/\"},{\"@type\":\"ListItem\",\"position\":4,\"name\":\"N\u00e4ringsliv\"}]},{\"@type\":\"WebSite\",\"@id\":\"https:\\\/\\\/wp.kristdemokraterna.se\\\/vasternorrland\\\/#website\",\"url\":\"https:\\\/\\\/wp.kristdemokraterna.se\\\/vasternorrland\\\/\",\"name\":\"KD V\u00e4sternorrland\",\"description\":\"V\u00e5rda v\u00e5rden - utveckla prim\u00e4rv\u00e5rden\",\"inLanguage\":\"sv-SE\"}]}<\/script>\n<!-- \/ Yoast SEO plugin. -->","yoast_head_json":{"title":"N\u00e4ringsliv | KD V\u00e4sternorrland","robots":{"index":"index","follow":"follow","max-snippet":"max-snippet:-1","max-image-preview":"max-image-preview:large","max-video-preview":"max-video-preview:-1"},"canonical":"https:\/\/wp.kristdemokraterna.se\/vasternorrland\/var-politik\/politikomraden\/naringsliv\/","og_locale":"sv_SE","og_type":"article","og_title":"N\u00e4ringsliv | KD V\u00e4sternorrland","og_description":"Ett konkurrenskraftigt och differentierat n\u00e4ringsliv \u00e4r en f\u00f6ruts\u00e4ttning f\u00f6r det goda samh\u00e4llet och en god v\u00e4lf\u00e4rd. Detta inneb\u00e4r i sin tur att ett gott klimat m\u00e5ste skapas och vidmakth\u00e5llas f\u00f6r ett dynamiskt sm\u00e5f\u00f6retagande, d\u00e4r enskilda m\u00e4nniskors id\u00e9er, kreativitet och entrepren\u00f6rskap f\u00e5r m\u00f6jlighet att blomma ut. De sm\u00e5 och medelstora f\u00f6retagen, som ofta \u00e4r familjef\u00f6retag, ska Read More","og_url":"https:\/\/wp.kristdemokraterna.se\/vasternorrland\/var-politik\/politikomraden\/naringsliv\/","og_site_name":"KD V\u00e4sternorrland","article_publisher":"https:\/\/www.facebook.com\/kdrvn\/","article_modified_time":"2020-05-10T15:43:16+00:00","og_image":[{"url":"http:\/\/wp.kristdemokraterna.se\/vasternorrland\/files\/2019\/06\/naringsliv-storgatan-harnosand.jpg","type":"","width":"","height":""}],"twitter_card":"summary_large_image","twitter_misc":{"Ber\u00e4knad l\u00e4stid":"1 minut"},"schema":{"@context":"https:\/\/schema.org","@graph":[{"@type":"WebPage","@id":"https:\/\/wp.kristdemokraterna.se\/vasternorrland\/var-politik\/politikomraden\/naringsliv\/","url":"https:\/\/wp.kristdemokraterna.se\/vasternorrland\/var-politik\/politikomraden\/naringsliv\/","name":"N\u00e4ringsliv | KD V\u00e4sternorrland","isPartOf":{"@id":"https:\/\/wp.kristdemokraterna.se\/vasternorrland\/#website"},"primaryImageOfPage":{"@id":"https:\/\/wp.kristdemokraterna.se\/vasternorrland\/var-politik\/politikomraden\/naringsliv\/#primaryimage"},"image":{"@id":"https:\/\/wp.kristdemokraterna.se\/vasternorrland\/var-politik\/politikomraden\/naringsliv\/#primaryimage"},"thumbnailUrl":"http:\/\/wp.kristdemokraterna.se\/vasternorrland\/files\/2019\/06\/naringsliv-storgatan-harnosand.jpg","datePublished":"2019-04-16T08:00:09+00:00","dateModified":"2020-05-10T15:43:16+00:00","breadcrumb":{"@id":"https:\/\/wp.kristdemokraterna.se\/vasternorrland\/var-politik\/politikomraden\/naringsliv\/#breadcrumb"},"inLanguage":"sv-SE","potentialAction":[{"@type":"ReadAction","target":["https:\/\/wp.kristdemokraterna.se\/vasternorrland\/var-politik\/politikomraden\/naringsliv\/"]}]},{"@type":"ImageObject","inLanguage":"sv-SE","@id":"https:\/\/wp.kristdemokraterna.se\/vasternorrland\/var-politik\/politikomraden\/naringsliv\/#primaryimage","url":"https:\/\/wp.kristdemokraterna.se\/vasternorrland\/files\/2019\/06\/naringsliv-storgatan-harnosand.jpg","contentUrl":"https:\/\/wp.kristdemokraterna.se\/vasternorrland\/files\/2019\/06\/naringsliv-storgatan-harnosand.jpg","width":1920,"height":1080,"caption":"Bilden \u00f6verst: Storgatan i H\u00e4rn\u00f6sand. Foto av Fredrik Malmquist p\u00e5 Wikimedia Commons (CC-BY-SA 2.5)."},{"@type":"BreadcrumbList","@id":"https:\/\/wp.kristdemokraterna.se\/vasternorrland\/var-politik\/politikomraden\/naringsliv\/#breadcrumb","itemListElement":[{"@type":"ListItem","position":1,"name":"Hem","item":"https:\/\/wp.kristdemokraterna.se\/vasternorrland\/"},{"@type":"ListItem","position":2,"name":"V\u00e5r politik","item":"https:\/\/wp.kristdemokraterna.se\/vasternorrland\/var-politik\/"},{"@type":"ListItem","position":3,"name":"Politikomr\u00e5den","item":"https:\/\/wp.kristdemokraterna.se\/vasternorrland\/var-politik\/politikomraden\/"},{"@type":"ListItem","position":4,"name":"N\u00e4ringsliv"}]},{"@type":"WebSite","@id":"https:\/\/wp.kristdemokraterna.se\/vasternorrland\/#website","url":"https:\/\/wp.kristdemokraterna.se\/vasternorrland\/","name":"KD V\u00e4sternorrland","description":"V\u00e5rda v\u00e5rden - utveckla prim\u00e4rv\u00e5rden","inLanguage":"sv-SE"}]}},"_links":{"self":[{"href":"https:\/\/wp.kristdemokraterna.se\/vasternorrland\/wp-json\/wp\/v2\/pages\/180534","targetHints":{"allow":["GET"]}}],"collection":[{"href":"https:\/\/wp.kristdemokraterna.se\/vasternorrland\/wp-json\/wp\/v2\/pages"}],"about":[{"href":"https:\/\/wp.kristdemokraterna.se\/vasternorrland\/wp-json\/wp\/v2\/types\/page"}],"author":[{"embeddable":true,"href":"https:\/\/wp.kristdemokraterna.se\/vasternorrland\/wp-json\/wp\/v2\/users\/787"}],"replies":[{"embeddable":true,"href":"https:\/\/wp.kristdemokraterna.se\/vasternorrland\/wp-json\/wp\/v2\/comments?post=180534"}],"version-history":[{"count":3,"href":"https:\/\/wp.kristdemokraterna.se\/vasternorrland\/wp-json\/wp\/v2\/pages\/180534\/revisions"}],"predecessor-version":[{"id":200285,"href":"https:\/\/wp.kristdemokraterna.se\/vasternorrland\/wp-json\/wp\/v2\/pages\/180534\/revisions\/200285"}],"up":[{"embeddable":true,"href":"https:\/\/wp.kristdemokraterna.se\/vasternorrland\/wp-json\/wp\/v2\/pages\/179725"}],"wp:attachment":[{"href":"https:\/\/wp.kristdemokraterna.se\/vasternorrland\/wp-json\/wp\/v2\/media?parent=180534"}],"curies":[{"name":"wp","href":"https:\/\/api.w.org\/{rel}","templated":true}]}}