{"id":264163,"date":"2019-03-14T09:51:39","date_gmt":"2019-03-14T08:51:39","guid":{"rendered":"http:\/\/wp.kristdemokraterna.se\/vasternorrland\/?page_id=264163"},"modified":"2020-05-10T16:02:45","modified_gmt":"2020-05-10T14:02:45","slug":"regionplan-2019-2021","status":"publish","type":"page","link":"https:\/\/wp.kristdemokraterna.se\/vasternorrland\/var-politik\/regionplaner\/regionplan-2019-2021\/","title":{"rendered":"Regionplan 2019-2021"},"content":{"rendered":"<p>Kristdemokraternas regionplan 2019-2021 har inriktningen att f\u00f6rverkliga regionens vision \u2013 Liv<br \/>\noch h\u00e4lsa i V\u00e4sternorrland.<\/p>\n<p>Ett l\u00e4n pr\u00e4glat av goda arbets-, utbildnings- och utvecklingsm\u00f6jligheter, en tillg\u00e4nglig<br \/>\nkollektivtrafik, ett rikt kulturliv och ett starkt civilsamh\u00e4lle skapar f\u00f6ruts\u00e4ttningar f\u00f6r ett socialt och<br \/>\nekologiskt h\u00e5llbart samh\u00e4lle.<\/p>\n<h2>F\u00f6rnyelse och l\u00e5ngsiktighet<\/h2>\n<p>M\u00e5let \u00e4r att Region V\u00e4sternorrland genom f\u00f6rnyelse och l\u00e5ngsiktighet under planperioden f\u00e5r<br \/>\nordning p\u00e5 ekonomin. Med respekt, gott bem\u00f6tande samt f\u00f6rb\u00e4ttrad intern och extern<br \/>\nkommunikation och dialog \u00e5teruppr\u00e4ttas f\u00f6rtroendet hos s\u00e5v\u00e4l l\u00e4nets inv\u00e5nare som regionens<br \/>\nmedarbetare.<\/p>\n<p>Regionens verksamhet best\u00e5r av tre omr\u00e5den \u2013 h\u00e4lso- och sjukv\u00e5rd, tandv\u00e5rd och regional<br \/>\nutveckling. Alla omr\u00e5den har stor betydelse f\u00f6r m\u00e4nniskors livskvalitet och h\u00e4lsa liksom f\u00f6r l\u00e4nets<br \/>\nattraktivitet och utveckling.<\/p>\n<p>Inom hela regionen ska det arbetas f\u00f6r en v\u00e4l fungerande verksamhet som ger god h\u00e4lsa och v\u00e5rd p\u00e5<br \/>\nlika villkor hela befolkningen. V\u00e5rden ska ges med respekt f\u00f6r alla m\u00e4nniskors lika v\u00e4rde och f\u00f6r<br \/>\nden enskilda m\u00e4nniskans v\u00e4rdighet. Den med st\u00f6rst behov av h\u00e4lso- och sjukv\u00e5rd ska ges f\u00f6retr\u00e4de<br \/>\ntill v\u00e5rden.<\/p>\n<p>Under f\u00f6reg\u00e5ende mandatperiod inleddes ett arbete f\u00f6r att g\u00f6ra V\u00e4sternorrland till en av landets b\u00e4st<br \/>\nutvecklade regioner f\u00f6r h\u00e5llbar och klimatanpassad utveckling i samverkan mellan offentlig och<br \/>\nprivat sektor. Det \u00e4r viktigt att arbetet med detta inte stannar av utan forts\u00e4tter. Den \u00e4r d\u00e4rf\u00f6r viktigt<br \/>\natt se till att den nya Milj\u00f6- och energiplanens m\u00e5l uppn\u00e5s.<\/p>\n<h2>Ett aktivt folkh\u00e4lsoarbete<\/h2>\n<p>Ett aktivt folkh\u00e4lsoarbete och tidiga insatser inte minst n\u00e4r det g\u00e4ller psykisk oh\u00e4lsa l\u00e4gger en stark<br \/>\ngrund f\u00f6r att inv\u00e5narna i V\u00e4sternorrlands l\u00e4n ska f\u00e5 leva ett bra liv och med god h\u00e4lsa l\u00e5ngt upp i<br \/>\n\u00e5ren. En satsning p\u00e5 f\u00f6rebyggande arbete g\u00f6r inte bara att befolkningens h\u00e4lsa f\u00f6rb\u00e4ttras utan<br \/>\ninneb\u00e4r ocks\u00e5 att kostnads\u00f6kningstrycket minskar.<\/p>\n<h2>\u00c5teruppbyggt f\u00f6rtroende<\/h2>\n<p>En av de st\u00f6rsta utmaningarna som regionen st\u00e5r inf\u00f6r \u00e4r hur man ska klara av<br \/>\nkompetensf\u00f6rs\u00f6rjningen och minska behovet av inhyrd personal (stafetter). Med ett \u00e5teruppbyggt<br \/>\nf\u00f6rtroende och en m\u00e5linriktad personalpolitik kan vi minska behovet av inhyrd personal (stafetter) och f\u00e5 r\u00e4tt<br \/>\nkompetens p\u00e5 r\u00e4tt plats.<\/p>\n<p>Mona Hammarstedt10<br \/>\nGruppledare<br \/>\nKristdemokraterna<\/p>\n<p>F\u00f6r att l\u00e4sa hela v\u00e5rt f\u00f6rslag till regionplan, ladda ner pdf-dokumentetet:\u00a0<a href=\"http:\/\/wp.kristdemokraterna.se\/vasternorrland\/regionplan-2019-2021\/\">Regionplan 2019-2021 Kristdemokraterna<\/a><\/p>\n","protected":false},"excerpt":{"rendered":"<p>Kristdemokraternas regionplan 2019-2021 har inriktningen att f\u00f6rverkliga regionens vision \u2013 Liv och h\u00e4lsa i V\u00e4sternorrland. Ett l\u00e4n pr\u00e4glat av goda arbets-, utbildnings- och utvecklingsm\u00f6jligheter, en tillg\u00e4nglig kollektivtrafik, ett rikt kulturliv och ett starkt civilsamh\u00e4lle skapar f\u00f6ruts\u00e4ttningar f\u00f6r ett socialt och ekologiskt h\u00e5llbart samh\u00e4lle. F\u00f6rnyelse och l\u00e5ngsiktighet M\u00e5let \u00e4r att Region V\u00e4sternorrland genom f\u00f6rnyelse och l\u00e5ngsiktighet <a class=\"read-more-link\" href=\"https:\/\/wp.kristdemokraterna.se\/vasternorrland\/var-politik\/regionplaner\/regionplan-2019-2021\/\">Read More<\/a><\/p>\n","protected":false},"author":861,"featured_media":0,"parent":149701,"menu_order":2019,"comment_status":"closed","ping_status":"closed","template":"","meta":{"_acf_changed":false,"footnotes":""},"class_list":["post-264163","page","type-page","status-publish","hentry"],"acf":[],"yoast_head":"<!-- This site is optimized with the Yoast SEO plugin v27.4 - https:\/\/yoast.com\/product\/yoast-seo-wordpress\/ -->\n<title>Regionplan 2019-2021 | KD V\u00e4sternorrland<\/title>\n<meta name=\"robots\" content=\"index, follow, max-snippet:-1, max-image-preview:large, max-video-preview:-1\" \/>\n<link rel=\"canonical\" href=\"https:\/\/wp.kristdemokraterna.se\/vasternorrland\/var-politik\/regionplaner\/regionplan-2019-2021\/\" \/>\n<meta property=\"og:locale\" content=\"sv_SE\" \/>\n<meta property=\"og:type\" content=\"article\" \/>\n<meta property=\"og:title\" content=\"Regionplan 2019-2021 | KD V\u00e4sternorrland\" \/>\n<meta property=\"og:description\" content=\"Kristdemokraternas regionplan 2019-2021 har inriktningen att f\u00f6rverkliga regionens vision \u2013 Liv och h\u00e4lsa i V\u00e4sternorrland. Ett l\u00e4n pr\u00e4glat av goda arbets-, utbildnings- och utvecklingsm\u00f6jligheter, en tillg\u00e4nglig kollektivtrafik, ett rikt kulturliv och ett starkt civilsamh\u00e4lle skapar f\u00f6ruts\u00e4ttningar f\u00f6r ett socialt och ekologiskt h\u00e5llbart samh\u00e4lle. F\u00f6rnyelse och l\u00e5ngsiktighet M\u00e5let \u00e4r att Region V\u00e4sternorrland genom f\u00f6rnyelse och l\u00e5ngsiktighet Read More\" \/>\n<meta property=\"og:url\" content=\"https:\/\/wp.kristdemokraterna.se\/vasternorrland\/var-politik\/regionplaner\/regionplan-2019-2021\/\" \/>\n<meta property=\"og:site_name\" content=\"KD V\u00e4sternorrland\" \/>\n<meta property=\"article:publisher\" content=\"https:\/\/www.facebook.com\/kdrvn\/\" \/>\n<meta property=\"article:modified_time\" content=\"2020-05-10T14:02:45+00:00\" \/>\n<meta name=\"twitter:card\" content=\"summary_large_image\" \/>\n<meta name=\"twitter:label1\" content=\"Ber\u00e4knad l\u00e4stid\" \/>\n\t<meta name=\"twitter:data1\" content=\"2 minuter\" \/>\n<script type=\"application\/ld+json\" class=\"yoast-schema-graph\">{\"@context\":\"https:\\\/\\\/schema.org\",\"@graph\":[{\"@type\":\"WebPage\",\"@id\":\"https:\\\/\\\/wp.kristdemokraterna.se\\\/vasternorrland\\\/var-politik\\\/regionplaner\\\/regionplan-2019-2021\\\/\",\"url\":\"https:\\\/\\\/wp.kristdemokraterna.se\\\/vasternorrland\\\/var-politik\\\/regionplaner\\\/regionplan-2019-2021\\\/\",\"name\":\"Regionplan 2019-2021 | KD V\u00e4sternorrland\",\"isPartOf\":{\"@id\":\"https:\\\/\\\/wp.kristdemokraterna.se\\\/vasternorrland\\\/#website\"},\"datePublished\":\"2019-03-14T08:51:39+00:00\",\"dateModified\":\"2020-05-10T14:02:45+00:00\",\"breadcrumb\":{\"@id\":\"https:\\\/\\\/wp.kristdemokraterna.se\\\/vasternorrland\\\/var-politik\\\/regionplaner\\\/regionplan-2019-2021\\\/#breadcrumb\"},\"inLanguage\":\"sv-SE\",\"potentialAction\":[{\"@type\":\"ReadAction\",\"target\":[\"https:\\\/\\\/wp.kristdemokraterna.se\\\/vasternorrland\\\/var-politik\\\/regionplaner\\\/regionplan-2019-2021\\\/\"]}]},{\"@type\":\"BreadcrumbList\",\"@id\":\"https:\\\/\\\/wp.kristdemokraterna.se\\\/vasternorrland\\\/var-politik\\\/regionplaner\\\/regionplan-2019-2021\\\/#breadcrumb\",\"itemListElement\":[{\"@type\":\"ListItem\",\"position\":1,\"name\":\"Hem\",\"item\":\"https:\\\/\\\/wp.kristdemokraterna.se\\\/vasternorrland\\\/\"},{\"@type\":\"ListItem\",\"position\":2,\"name\":\"V\u00e5r politik\",\"item\":\"https:\\\/\\\/wp.kristdemokraterna.se\\\/vasternorrland\\\/var-politik\\\/\"},{\"@type\":\"ListItem\",\"position\":3,\"name\":\"Regionplaner\",\"item\":\"https:\\\/\\\/wp.kristdemokraterna.se\\\/vasternorrland\\\/var-politik\\\/regionplaner\\\/\"},{\"@type\":\"ListItem\",\"position\":4,\"name\":\"Regionplan 2019-2021\"}]},{\"@type\":\"WebSite\",\"@id\":\"https:\\\/\\\/wp.kristdemokraterna.se\\\/vasternorrland\\\/#website\",\"url\":\"https:\\\/\\\/wp.kristdemokraterna.se\\\/vasternorrland\\\/\",\"name\":\"KD V\u00e4sternorrland\",\"description\":\"V\u00e5rda v\u00e5rden - utveckla prim\u00e4rv\u00e5rden\",\"inLanguage\":\"sv-SE\"}]}<\/script>\n<!-- \/ Yoast SEO plugin. -->","yoast_head_json":{"title":"Regionplan 2019-2021 | KD V\u00e4sternorrland","robots":{"index":"index","follow":"follow","max-snippet":"max-snippet:-1","max-image-preview":"max-image-preview:large","max-video-preview":"max-video-preview:-1"},"canonical":"https:\/\/wp.kristdemokraterna.se\/vasternorrland\/var-politik\/regionplaner\/regionplan-2019-2021\/","og_locale":"sv_SE","og_type":"article","og_title":"Regionplan 2019-2021 | KD V\u00e4sternorrland","og_description":"Kristdemokraternas regionplan 2019-2021 har inriktningen att f\u00f6rverkliga regionens vision \u2013 Liv och h\u00e4lsa i V\u00e4sternorrland. Ett l\u00e4n pr\u00e4glat av goda arbets-, utbildnings- och utvecklingsm\u00f6jligheter, en tillg\u00e4nglig kollektivtrafik, ett rikt kulturliv och ett starkt civilsamh\u00e4lle skapar f\u00f6ruts\u00e4ttningar f\u00f6r ett socialt och ekologiskt h\u00e5llbart samh\u00e4lle. F\u00f6rnyelse och l\u00e5ngsiktighet M\u00e5let \u00e4r att Region V\u00e4sternorrland genom f\u00f6rnyelse och l\u00e5ngsiktighet Read More","og_url":"https:\/\/wp.kristdemokraterna.se\/vasternorrland\/var-politik\/regionplaner\/regionplan-2019-2021\/","og_site_name":"KD V\u00e4sternorrland","article_publisher":"https:\/\/www.facebook.com\/kdrvn\/","article_modified_time":"2020-05-10T14:02:45+00:00","twitter_card":"summary_large_image","twitter_misc":{"Ber\u00e4knad l\u00e4stid":"2 minuter"},"schema":{"@context":"https:\/\/schema.org","@graph":[{"@type":"WebPage","@id":"https:\/\/wp.kristdemokraterna.se\/vasternorrland\/var-politik\/regionplaner\/regionplan-2019-2021\/","url":"https:\/\/wp.kristdemokraterna.se\/vasternorrland\/var-politik\/regionplaner\/regionplan-2019-2021\/","name":"Regionplan 2019-2021 | KD V\u00e4sternorrland","isPartOf":{"@id":"https:\/\/wp.kristdemokraterna.se\/vasternorrland\/#website"},"datePublished":"2019-03-14T08:51:39+00:00","dateModified":"2020-05-10T14:02:45+00:00","breadcrumb":{"@id":"https:\/\/wp.kristdemokraterna.se\/vasternorrland\/var-politik\/regionplaner\/regionplan-2019-2021\/#breadcrumb"},"inLanguage":"sv-SE","potentialAction":[{"@type":"ReadAction","target":["https:\/\/wp.kristdemokraterna.se\/vasternorrland\/var-politik\/regionplaner\/regionplan-2019-2021\/"]}]},{"@type":"BreadcrumbList","@id":"https:\/\/wp.kristdemokraterna.se\/vasternorrland\/var-politik\/regionplaner\/regionplan-2019-2021\/#breadcrumb","itemListElement":[{"@type":"ListItem","position":1,"name":"Hem","item":"https:\/\/wp.kristdemokraterna.se\/vasternorrland\/"},{"@type":"ListItem","position":2,"name":"V\u00e5r politik","item":"https:\/\/wp.kristdemokraterna.se\/vasternorrland\/var-politik\/"},{"@type":"ListItem","position":3,"name":"Regionplaner","item":"https:\/\/wp.kristdemokraterna.se\/vasternorrland\/var-politik\/regionplaner\/"},{"@type":"ListItem","position":4,"name":"Regionplan 2019-2021"}]},{"@type":"WebSite","@id":"https:\/\/wp.kristdemokraterna.se\/vasternorrland\/#website","url":"https:\/\/wp.kristdemokraterna.se\/vasternorrland\/","name":"KD V\u00e4sternorrland","description":"V\u00e5rda v\u00e5rden - utveckla prim\u00e4rv\u00e5rden","inLanguage":"sv-SE"}]}},"_links":{"self":[{"href":"https:\/\/wp.kristdemokraterna.se\/vasternorrland\/wp-json\/wp\/v2\/pages\/264163","targetHints":{"allow":["GET"]}}],"collection":[{"href":"https:\/\/wp.kristdemokraterna.se\/vasternorrland\/wp-json\/wp\/v2\/pages"}],"about":[{"href":"https:\/\/wp.kristdemokraterna.se\/vasternorrland\/wp-json\/wp\/v2\/types\/page"}],"author":[{"embeddable":true,"href":"https:\/\/wp.kristdemokraterna.se\/vasternorrland\/wp-json\/wp\/v2\/users\/861"}],"replies":[{"embeddable":true,"href":"https:\/\/wp.kristdemokraterna.se\/vasternorrland\/wp-json\/wp\/v2\/comments?post=264163"}],"version-history":[{"count":1,"href":"https:\/\/wp.kristdemokraterna.se\/vasternorrland\/wp-json\/wp\/v2\/pages\/264163\/revisions"}],"predecessor-version":[{"id":264168,"href":"https:\/\/wp.kristdemokraterna.se\/vasternorrland\/wp-json\/wp\/v2\/pages\/264163\/revisions\/264168"}],"up":[{"embeddable":true,"href":"https:\/\/wp.kristdemokraterna.se\/vasternorrland\/wp-json\/wp\/v2\/pages\/149701"}],"wp:attachment":[{"href":"https:\/\/wp.kristdemokraterna.se\/vasternorrland\/wp-json\/wp\/v2\/media?parent=264163"}],"curies":[{"name":"wp","href":"https:\/\/api.w.org\/{rel}","templated":true}]}}