{"id":278133,"date":"2020-05-10T16:06:11","date_gmt":"2020-05-10T14:06:11","guid":{"rendered":"http:\/\/wp.kristdemokraterna.se\/vasternorrland\/?page_id=278133"},"modified":"2020-05-10T17:45:10","modified_gmt":"2020-05-10T15:45:10","slug":"regional-utveckling","status":"publish","type":"page","link":"https:\/\/wp.kristdemokraterna.se\/vasternorrland\/var-politik\/politikomraden\/regional-utveckling\/","title":{"rendered":"Regional utveckling"},"content":{"rendered":"<p><img decoding=\"async\" class=\"wp-image-198437 size-full\" src=\"https:\/\/wp.kristdemokraterna.se\/vasternorrland\/files\/2020\/05\/up-2081170.jpg\" alt=\"\" width=\"100%\" height=\"100%\" \/><\/p>\n<p>Regionen har en betydande roll i l\u00e4nets utveckling efter \u00f6vertagande av det regionala ansvaret f\u00f6r utvecklingsmedel. Genomf\u00f6randet av den regionala utvecklingsstrategin och samverkan med l\u00e4nets kommuner och \u00f6vriga akt\u00f6rer kommer att vara avg\u00f6rande f\u00f6r hur v\u00e4l v\u00e5r region utvecklas.<\/p>\n<p>Infrastrukturen beh\u00f6ver st\u00e4rkas och byggas ut genom bredbandsutbyggnad, nybyggnad och underh\u00e5ll av v\u00e4gar och j\u00e4rnv\u00e4gar.<\/p>\n<p>Det europeiska och det internationella arbetet \u00e4r en integrerad del av regionens olika verksamheter.<\/p>\n<p>Regionens deltagande i och utvecklande av europeiska och internationella n\u00e4tverk har stor betydelse p\u00e5 m\u00e5nga omr\u00e5den. D\u00e4rf\u00f6r beh\u00f6vs gemensam representation i Bryssel f\u00f6r norra Sverige.<\/p>\n<p><strong>Senaste inl\u00e4ggen om regional utveckling:<\/strong><br \/>\n<ul class = \"posts-by-tag-list\"><li class=\"posts-by-tag-item alla inl\u00e4gg Joachim Jonsson motion regional utveckling\" id=\"posts-by-tag-item-309889\"><a class = \"posts-by-tag-item-title\" href=\"https:\/\/wp.kristdemokraterna.se\/vasternorrland\/motion-inratta-en-namnd-for-regional-utveckling\/\">Motion: Inr\u00e4tta en n\u00e4mnd f\u00f6r regional utveckling<\/a> <small>Posted on: 16 september 2020<\/small><\/li><li class=\"posts-by-tag-item \u00c5dalsbanan alla inl\u00e4gg arbetsmilj\u00f6 arbetsvillkor bemanning Covid-19 folkh\u00e4lsa hyrpersonal infrastruktur Joachim Jonsson kompetensf\u00f6rs\u00f6rjning ledning\/styrning Mittbanan Mona Hammarstedt Oskustbanan personal prim\u00e4rv\u00e5rd regional utveckling rekrytering v\u00e5rdk\u00f6er\" id=\"posts-by-tag-item-276187\"><a class = \"posts-by-tag-item-title\" href=\"https:\/\/wp.kristdemokraterna.se\/vasternorrland\/det-saknas-politiskt-ledarskap-i-regionen\/\">Det saknas politiskt ledarskap i Regionen<\/a> <small>Posted on: 2 maj 2020<\/small><\/li><li class=\"posts-by-tag-item alla inl\u00e4gg regional utveckling regional utvecklingsstrategi\" id=\"posts-by-tag-item-261141\"><a class = \"posts-by-tag-item-title\" href=\"https:\/\/wp.kristdemokraterna.se\/vasternorrland\/ny-regional-utvecklingsstrategi-rus-antagen\/\">Ny regional utvecklingsstrategi (RUS) antagen<\/a> <small>Posted on: 2 mars 2020<\/small><\/li><li class=\"posts-by-tag-item alla inl\u00e4gg Bo Grafstr\u00f6m Distriktssk\u00f6terskemottagning N\u00e4s\u00e5ker ekonomi ekonomi\/skatter H\u00e4lsocentralen Granlo H\u00e4lsocentralen Junsele H\u00e4lsocentralen L\u00e5ngviksmon H\u00e4lsocentralen Liden H\u00e4lsocentralen Nacksta H\u00e4lsocentralen Ramsele H\u00e4lsocentralen Treh\u00f6rningsj\u00f6 Joachim Jonsson Michal Zakolski Mona Hammarstedt regional utveckling regionfullm\u00e4ktige Sollefte\u00e5 sjukhus specialistv\u00e5rd\" id=\"posts-by-tag-item-260008\"><a class = \"posts-by-tag-item-title\" href=\"https:\/\/wp.kristdemokraterna.se\/vasternorrland\/sammandrag-av-regionfullmaktiges-sammantrade-26-27-februari-2020\/\">Sammandrag av regionfullm\u00e4ktiges sammantr\u00e4de 26-27 februari 2020<\/a> <small>Posted on: 28 februari 2020<\/small><\/li><li class=\"posts-by-tag-item akutmottagning akutsjukhus alla inl\u00e4gg arbetsmilj\u00f6 arbetsvillkor barn och unga barnav\u00e5rdscentral bemanning centralisering civilsamh\u00e4lle demografi dialog ekonomi ekonomi\/skatter familj familjecentral fast l\u00e4karkontakt folkh\u00e4lsa geriatrik H\u00e4rn\u00f6sands sjukhus helhetsperspektiv hyrpersonal j\u00e4mlik v\u00e5rd kompetens kompetensf\u00f6rs\u00f6rjning kontinuitet m\u00e5lbild nationella riktlinjer patients\u00e4kerhet personal personcentrerad v\u00e5rd prim\u00e4rv\u00e5rd psykiatri psykisk oh\u00e4lsa regional utveckling revisionsintervall samverkan sjukskrivning specialistv\u00e5rd tandv\u00e5rd tillg\u00e4nglighet utbudsf\u00f6r\u00e4ndring\" id=\"posts-by-tag-item-259992\"><a class = \"posts-by-tag-item-title\" href=\"https:\/\/wp.kristdemokraterna.se\/vasternorrland\/inspel-till-en-ny-malbild-i-region-vasternorrland\/\">Inspel till en ny m\u00e5lbild i Region V\u00e4sternorrland<\/a> <small>Posted on: 25 februari 2020<\/small><\/li><li class=\"posts-by-tag-item alla inl\u00e4gg landsbygd regional utveckling regional utvecklingsstrategi remissvar\" id=\"posts-by-tag-item-258724\"><a class = \"posts-by-tag-item-title\" href=\"https:\/\/wp.kristdemokraterna.se\/vasternorrland\/remisssvar-till-regional-utvecklingsstrategi-for-vasternorrland-2020-2030\/\">Remisssvar till Regional utvecklingsstrategi f\u00f6r V\u00e4sternorrland 2020-2030<\/a> <small>Posted on: 30 september 2019<\/small><\/li><li class=\"posts-by-tag-item alla inl\u00e4gg Ebba Busch f\u00f6retagande n\u00e4ringsliv regional utveckling Sundsvall val 2014\" id=\"posts-by-tag-item-260\"><a class = \"posts-by-tag-item-title\" href=\"https:\/\/wp.kristdemokraterna.se\/vasternorrland\/ebba-busch-thor-besokte-sundsvall\/\">Ebba Busch Thor bes\u00f6kte Sundsvall<\/a> <small>Posted on: 15 april 2014<\/small><\/li><li class=\"posts-by-tag-item alla inl\u00e4gg Lars Holmgren Mona Hammarstedt regional utveckling regionindelning stornorrland\" id=\"posts-by-tag-item-295488\"><a class = \"posts-by-tag-item-title\" href=\"https:\/\/wp.kristdemokraterna.se\/vasternorrland\/bra-att-tanka-en-gang-till-i-regionfragan\/\">Bra att t\u00e4nka en g\u00e5ng till i regionfr\u00e5gan<\/a> <small>Posted on: 14 november 2009<\/small><\/li><li class=\"posts-by-tag-item alla inl\u00e4gg Norrland pressmeddelande regional utveckling regionindelning Sverker \u00c5gren\" id=\"posts-by-tag-item-126952\"><a class = \"posts-by-tag-item-title\" href=\"https:\/\/wp.kristdemokraterna.se\/vasternorrland\/bilda-norrlandsrad-och-paverka-regionutvecklingen\/\">Bilda Norrlandsr\u00e5d och p\u00e5verka regionutvecklingen<\/a> <small>Posted on: 13 augusti 1992<\/small><\/li><\/ul>F\u00f6r samtliga inl\u00e4gg om regional utveckling, se <a href=\"http:\/\/wp.kristdemokraterna.se\/vasternorrland\/etiketter\/regional-utveckling\/\">h\u00e4r<\/a><\/p>\n<hr \/>\n<p><em>Bilden \u00f6verst av <a href=\"https:\/\/pixabay.com\/sv\/users\/ar130405-423602\/?utm_source=link-attribution&amp;utm_medium=referral&amp;utm_campaign=image&amp;utm_content=2081170\">ar130405<\/a> fr\u00e5n Pixabay (<a href=\"https:\/\/pixabay.com\/sv\/service\/license\/\">Pixabay License<\/a>).<\/em><\/p>\n","protected":false},"excerpt":{"rendered":"<p>Regionen har en betydande roll i l\u00e4nets utveckling efter \u00f6vertagande av det regionala ansvaret f\u00f6r utvecklingsmedel. Genomf\u00f6randet av den regionala utvecklingsstrategin och samverkan med l\u00e4nets kommuner och \u00f6vriga akt\u00f6rer kommer att vara avg\u00f6rande f\u00f6r hur v\u00e4l v\u00e5r region utvecklas. Infrastrukturen beh\u00f6ver st\u00e4rkas och byggas ut genom bredbandsutbyggnad, nybyggnad och underh\u00e5ll av v\u00e4gar och j\u00e4rnv\u00e4gar. Det <a class=\"read-more-link\" href=\"https:\/\/wp.kristdemokraterna.se\/vasternorrland\/var-politik\/politikomraden\/regional-utveckling\/\">Read More<\/a><\/p>\n","protected":false},"author":861,"featured_media":0,"parent":179725,"menu_order":17,"comment_status":"closed","ping_status":"closed","template":"","meta":{"_acf_changed":false,"footnotes":""},"class_list":["post-278133","page","type-page","status-publish","hentry"],"acf":[],"yoast_head":"<!-- This site is optimized with the Yoast SEO plugin v27.4 - https:\/\/yoast.com\/product\/yoast-seo-wordpress\/ -->\n<title>Regional utveckling | KD V\u00e4sternorrland<\/title>\n<meta name=\"robots\" content=\"index, follow, max-snippet:-1, max-image-preview:large, max-video-preview:-1\" \/>\n<link rel=\"canonical\" href=\"https:\/\/wp.kristdemokraterna.se\/vasternorrland\/var-politik\/politikomraden\/regional-utveckling\/\" \/>\n<meta property=\"og:locale\" content=\"sv_SE\" \/>\n<meta property=\"og:type\" content=\"article\" \/>\n<meta property=\"og:title\" content=\"Regional utveckling | KD V\u00e4sternorrland\" \/>\n<meta property=\"og:description\" content=\"Regionen har en betydande roll i l\u00e4nets utveckling efter \u00f6vertagande av det regionala ansvaret f\u00f6r utvecklingsmedel. Genomf\u00f6randet av den regionala utvecklingsstrategin och samverkan med l\u00e4nets kommuner och \u00f6vriga akt\u00f6rer kommer att vara avg\u00f6rande f\u00f6r hur v\u00e4l v\u00e5r region utvecklas. Infrastrukturen beh\u00f6ver st\u00e4rkas och byggas ut genom bredbandsutbyggnad, nybyggnad och underh\u00e5ll av v\u00e4gar och j\u00e4rnv\u00e4gar. Det Read More\" \/>\n<meta property=\"og:url\" content=\"https:\/\/wp.kristdemokraterna.se\/vasternorrland\/var-politik\/politikomraden\/regional-utveckling\/\" \/>\n<meta property=\"og:site_name\" content=\"KD V\u00e4sternorrland\" \/>\n<meta property=\"article:publisher\" content=\"https:\/\/www.facebook.com\/kdrvn\/\" \/>\n<meta property=\"article:modified_time\" content=\"2020-05-10T15:45:10+00:00\" \/>\n<meta property=\"og:image\" content=\"https:\/\/wp.kristdemokraterna.se\/vasternorrland\/files\/2020\/05\/up-2081170.jpg\" \/>\n<meta name=\"twitter:card\" content=\"summary_large_image\" \/>\n<meta name=\"twitter:label1\" content=\"Ber\u00e4knad l\u00e4stid\" \/>\n\t<meta name=\"twitter:data1\" content=\"1 minut\" \/>\n<script type=\"application\/ld+json\" class=\"yoast-schema-graph\">{\"@context\":\"https:\\\/\\\/schema.org\",\"@graph\":[{\"@type\":\"WebPage\",\"@id\":\"https:\\\/\\\/wp.kristdemokraterna.se\\\/vasternorrland\\\/var-politik\\\/politikomraden\\\/regional-utveckling\\\/\",\"url\":\"https:\\\/\\\/wp.kristdemokraterna.se\\\/vasternorrland\\\/var-politik\\\/politikomraden\\\/regional-utveckling\\\/\",\"name\":\"Regional utveckling | KD V\u00e4sternorrland\",\"isPartOf\":{\"@id\":\"https:\\\/\\\/wp.kristdemokraterna.se\\\/vasternorrland\\\/#website\"},\"primaryImageOfPage\":{\"@id\":\"https:\\\/\\\/wp.kristdemokraterna.se\\\/vasternorrland\\\/var-politik\\\/politikomraden\\\/regional-utveckling\\\/#primaryimage\"},\"image\":{\"@id\":\"https:\\\/\\\/wp.kristdemokraterna.se\\\/vasternorrland\\\/var-politik\\\/politikomraden\\\/regional-utveckling\\\/#primaryimage\"},\"thumbnailUrl\":\"https:\\\/\\\/wp.kristdemokraterna.se\\\/vasternorrland\\\/files\\\/2020\\\/05\\\/up-2081170.jpg\",\"datePublished\":\"2020-05-10T14:06:11+00:00\",\"dateModified\":\"2020-05-10T15:45:10+00:00\",\"breadcrumb\":{\"@id\":\"https:\\\/\\\/wp.kristdemokraterna.se\\\/vasternorrland\\\/var-politik\\\/politikomraden\\\/regional-utveckling\\\/#breadcrumb\"},\"inLanguage\":\"sv-SE\",\"potentialAction\":[{\"@type\":\"ReadAction\",\"target\":[\"https:\\\/\\\/wp.kristdemokraterna.se\\\/vasternorrland\\\/var-politik\\\/politikomraden\\\/regional-utveckling\\\/\"]}]},{\"@type\":\"ImageObject\",\"inLanguage\":\"sv-SE\",\"@id\":\"https:\\\/\\\/wp.kristdemokraterna.se\\\/vasternorrland\\\/var-politik\\\/politikomraden\\\/regional-utveckling\\\/#primaryimage\",\"url\":\"https:\\\/\\\/wp.kristdemokraterna.se\\\/vasternorrland\\\/files\\\/2020\\\/05\\\/up-2081170.jpg\",\"contentUrl\":\"https:\\\/\\\/wp.kristdemokraterna.se\\\/vasternorrland\\\/files\\\/2020\\\/05\\\/up-2081170.jpg\",\"width\":1920,\"height\":1080},{\"@type\":\"BreadcrumbList\",\"@id\":\"https:\\\/\\\/wp.kristdemokraterna.se\\\/vasternorrland\\\/var-politik\\\/politikomraden\\\/regional-utveckling\\\/#breadcrumb\",\"itemListElement\":[{\"@type\":\"ListItem\",\"position\":1,\"name\":\"Hem\",\"item\":\"https:\\\/\\\/wp.kristdemokraterna.se\\\/vasternorrland\\\/\"},{\"@type\":\"ListItem\",\"position\":2,\"name\":\"V\u00e5r politik\",\"item\":\"https:\\\/\\\/wp.kristdemokraterna.se\\\/vasternorrland\\\/var-politik\\\/\"},{\"@type\":\"ListItem\",\"position\":3,\"name\":\"Politikomr\u00e5den\",\"item\":\"https:\\\/\\\/wp.kristdemokraterna.se\\\/vasternorrland\\\/var-politik\\\/politikomraden\\\/\"},{\"@type\":\"ListItem\",\"position\":4,\"name\":\"Regional utveckling\"}]},{\"@type\":\"WebSite\",\"@id\":\"https:\\\/\\\/wp.kristdemokraterna.se\\\/vasternorrland\\\/#website\",\"url\":\"https:\\\/\\\/wp.kristdemokraterna.se\\\/vasternorrland\\\/\",\"name\":\"KD V\u00e4sternorrland\",\"description\":\"V\u00e5rda v\u00e5rden - utveckla prim\u00e4rv\u00e5rden\",\"inLanguage\":\"sv-SE\"}]}<\/script>\n<!-- \/ Yoast SEO plugin. -->","yoast_head_json":{"title":"Regional utveckling | KD V\u00e4sternorrland","robots":{"index":"index","follow":"follow","max-snippet":"max-snippet:-1","max-image-preview":"max-image-preview:large","max-video-preview":"max-video-preview:-1"},"canonical":"https:\/\/wp.kristdemokraterna.se\/vasternorrland\/var-politik\/politikomraden\/regional-utveckling\/","og_locale":"sv_SE","og_type":"article","og_title":"Regional utveckling | KD V\u00e4sternorrland","og_description":"Regionen har en betydande roll i l\u00e4nets utveckling efter \u00f6vertagande av det regionala ansvaret f\u00f6r utvecklingsmedel. Genomf\u00f6randet av den regionala utvecklingsstrategin och samverkan med l\u00e4nets kommuner och \u00f6vriga akt\u00f6rer kommer att vara avg\u00f6rande f\u00f6r hur v\u00e4l v\u00e5r region utvecklas. Infrastrukturen beh\u00f6ver st\u00e4rkas och byggas ut genom bredbandsutbyggnad, nybyggnad och underh\u00e5ll av v\u00e4gar och j\u00e4rnv\u00e4gar. Det Read More","og_url":"https:\/\/wp.kristdemokraterna.se\/vasternorrland\/var-politik\/politikomraden\/regional-utveckling\/","og_site_name":"KD V\u00e4sternorrland","article_publisher":"https:\/\/www.facebook.com\/kdrvn\/","article_modified_time":"2020-05-10T15:45:10+00:00","og_image":[{"url":"https:\/\/wp.kristdemokraterna.se\/vasternorrland\/files\/2020\/05\/up-2081170.jpg","type":"","width":"","height":""}],"twitter_card":"summary_large_image","twitter_misc":{"Ber\u00e4knad l\u00e4stid":"1 minut"},"schema":{"@context":"https:\/\/schema.org","@graph":[{"@type":"WebPage","@id":"https:\/\/wp.kristdemokraterna.se\/vasternorrland\/var-politik\/politikomraden\/regional-utveckling\/","url":"https:\/\/wp.kristdemokraterna.se\/vasternorrland\/var-politik\/politikomraden\/regional-utveckling\/","name":"Regional utveckling | KD V\u00e4sternorrland","isPartOf":{"@id":"https:\/\/wp.kristdemokraterna.se\/vasternorrland\/#website"},"primaryImageOfPage":{"@id":"https:\/\/wp.kristdemokraterna.se\/vasternorrland\/var-politik\/politikomraden\/regional-utveckling\/#primaryimage"},"image":{"@id":"https:\/\/wp.kristdemokraterna.se\/vasternorrland\/var-politik\/politikomraden\/regional-utveckling\/#primaryimage"},"thumbnailUrl":"https:\/\/wp.kristdemokraterna.se\/vasternorrland\/files\/2020\/05\/up-2081170.jpg","datePublished":"2020-05-10T14:06:11+00:00","dateModified":"2020-05-10T15:45:10+00:00","breadcrumb":{"@id":"https:\/\/wp.kristdemokraterna.se\/vasternorrland\/var-politik\/politikomraden\/regional-utveckling\/#breadcrumb"},"inLanguage":"sv-SE","potentialAction":[{"@type":"ReadAction","target":["https:\/\/wp.kristdemokraterna.se\/vasternorrland\/var-politik\/politikomraden\/regional-utveckling\/"]}]},{"@type":"ImageObject","inLanguage":"sv-SE","@id":"https:\/\/wp.kristdemokraterna.se\/vasternorrland\/var-politik\/politikomraden\/regional-utveckling\/#primaryimage","url":"https:\/\/wp.kristdemokraterna.se\/vasternorrland\/files\/2020\/05\/up-2081170.jpg","contentUrl":"https:\/\/wp.kristdemokraterna.se\/vasternorrland\/files\/2020\/05\/up-2081170.jpg","width":1920,"height":1080},{"@type":"BreadcrumbList","@id":"https:\/\/wp.kristdemokraterna.se\/vasternorrland\/var-politik\/politikomraden\/regional-utveckling\/#breadcrumb","itemListElement":[{"@type":"ListItem","position":1,"name":"Hem","item":"https:\/\/wp.kristdemokraterna.se\/vasternorrland\/"},{"@type":"ListItem","position":2,"name":"V\u00e5r politik","item":"https:\/\/wp.kristdemokraterna.se\/vasternorrland\/var-politik\/"},{"@type":"ListItem","position":3,"name":"Politikomr\u00e5den","item":"https:\/\/wp.kristdemokraterna.se\/vasternorrland\/var-politik\/politikomraden\/"},{"@type":"ListItem","position":4,"name":"Regional utveckling"}]},{"@type":"WebSite","@id":"https:\/\/wp.kristdemokraterna.se\/vasternorrland\/#website","url":"https:\/\/wp.kristdemokraterna.se\/vasternorrland\/","name":"KD V\u00e4sternorrland","description":"V\u00e5rda v\u00e5rden - utveckla prim\u00e4rv\u00e5rden","inLanguage":"sv-SE"}]}},"_links":{"self":[{"href":"https:\/\/wp.kristdemokraterna.se\/vasternorrland\/wp-json\/wp\/v2\/pages\/278133","targetHints":{"allow":["GET"]}}],"collection":[{"href":"https:\/\/wp.kristdemokraterna.se\/vasternorrland\/wp-json\/wp\/v2\/pages"}],"about":[{"href":"https:\/\/wp.kristdemokraterna.se\/vasternorrland\/wp-json\/wp\/v2\/types\/page"}],"author":[{"embeddable":true,"href":"https:\/\/wp.kristdemokraterna.se\/vasternorrland\/wp-json\/wp\/v2\/users\/861"}],"replies":[{"embeddable":true,"href":"https:\/\/wp.kristdemokraterna.se\/vasternorrland\/wp-json\/wp\/v2\/comments?post=278133"}],"version-history":[{"count":3,"href":"https:\/\/wp.kristdemokraterna.se\/vasternorrland\/wp-json\/wp\/v2\/pages\/278133\/revisions"}],"predecessor-version":[{"id":278139,"href":"https:\/\/wp.kristdemokraterna.se\/vasternorrland\/wp-json\/wp\/v2\/pages\/278133\/revisions\/278139"}],"up":[{"embeddable":true,"href":"https:\/\/wp.kristdemokraterna.se\/vasternorrland\/wp-json\/wp\/v2\/pages\/179725"}],"wp:attachment":[{"href":"https:\/\/wp.kristdemokraterna.se\/vasternorrland\/wp-json\/wp\/v2\/media?parent=278133"}],"curies":[{"name":"wp","href":"https:\/\/api.w.org\/{rel}","templated":true}]}}