{"id":278171,"date":"2020-05-11T15:54:50","date_gmt":"2020-05-11T13:54:50","guid":{"rendered":"http:\/\/wp.kristdemokraterna.se\/vasternorrland\/?page_id=278171"},"modified":"2020-05-11T15:55:14","modified_gmt":"2020-05-11T13:55:14","slug":"aldre","status":"publish","type":"page","link":"https:\/\/wp.kristdemokraterna.se\/vasternorrland\/var-politik\/politikomraden\/aldre\/","title":{"rendered":"\u00c4ldre"},"content":{"rendered":"<p>De \u00e4ldre utg\u00f6r en stor tillg\u00e5ng. De representerar en m\u00e5ng\u00e5rig livserfarenhet som b\u00f6r komma hela samh\u00e4llet till del. Kontakten med denna erfarenhet \u00e4r ett helt avg\u00f6rande villkor f\u00f6r ett vitalt och v\u00e4xande samh\u00e4lle.<\/p>\n<p>I takt med den \u00f6kade medellivsl\u00e4ngden vill m\u00e5nga \u00e4ldre med god h\u00e4lsa forts\u00e4tta att arbeta i yrkesliv och f\u00f6retagande. Det \u00e4r viktigt att samh\u00e4llet tar till vara denna resurs. Samh\u00e4llet m\u00e5ste \u00e4ven skapa f\u00f6ruts\u00e4ttningar f\u00f6r att \u00e4ldre ska kunna h\u00e5lla sig friska l\u00e4ngre och forma l\u00f6sningar som m\u00f6jligg\u00f6r ett fortsatt aktivt liv \u00e4ven som pension\u00e4r.<\/p>\n<p>Alla medborgare ska kunna \u00e5ldras med v\u00e4rdighet. Det inneb\u00e4r att service, v\u00e5rd och omsorg ska vara tillg\u00e4nglig och ges utifr\u00e5n en helhetssyn p\u00e5 den enskilde med h\u00e4nsyn till sj\u00e4lsliga, andliga och materiella behov. Denna samh\u00e4lleliga skyldighet inneb\u00e4r att \u00e4ldreomsorgen m\u00e5ste vara v\u00e4l utbyggd med hemtj\u00e4nst och hemsjukv\u00e5rd, olika former av dagverksamhet samt ett varierat utbud av boendeformer. \u00c4ldres inflytande i form av patient-, pension\u00e4rs eller brukarf\u00f6reningar ska uppmuntras.<\/p>\n<p>Individuella behov ska vara utg\u00e5ngspunkten f\u00f6r service, v\u00e5rd och omsorg och f\u00f6rh\u00e5llningss\u00e4ttet ska genomsyras av respekt f\u00f6r den enskildes integritet och r\u00e4tt till sj\u00e4lvbest\u00e4mmande. D\u00e4rf\u00f6r m\u00e5ste utformningen av det st\u00f6d som ges pr\u00e4glas av valfrihet. En stor \u00f6ppenhet m\u00e5ste finnas f\u00f6r olika former av v\u00e5rd och omsorg. \u00c4ldreomsorgsverksamheten ska d\u00e4rf\u00f6r bedrivas i\u00a0 b\u00e5de privat och offentlig regi. Genom st\u00f6dinsatser ska det ocks\u00e5 finnas m\u00f6jlighet att bo kvar hemma f\u00f6r dem som s\u00e5 \u00f6nskar. Det \u00e4r viktigt att den ov\u00e4rderliga resurs som anh\u00f6riga oftast utg\u00f6r f\u00f6rvaltas v\u00e4l genom bem\u00f6tande och tillg\u00e5ng till r\u00e5d och st\u00f6d.<\/p>\n<p>Finansieringen av insatserna inom v\u00e5rd- och omsorgsverksamheten ska vara solidariskt utformad. Det f\u00e5r aldrig bli en ekonomisk fr\u00e5ga om man ska kunna f\u00e5 tillg\u00e5ng till den service, v\u00e5rd och omsorg man beh\u00f6ver. Avgifter ska utformas med detta som utg\u00e5ngspunkt.<\/p>\n<p>Det \u00e4r viktigt att man som v\u00e5rdtagare och anh\u00f6rig har k\u00e4nnedom om vilka krav som kan st\u00e4llas p\u00e5 v\u00e5rd och omsorgsgivaren. D\u00e4rf\u00f6r ska det finnas v\u00e4rdighetsgarantier inom v\u00e5rd och omsorg som konkret anknyter till de villkor under vilken verksamhet bedrivs.<\/p>\n<p>\/Ur <a href=\"http:\/\/www.kd.nu\/principprogram.pdf\">Kristdemokraternas principprogram<\/a> &#8211; 3.1 \u00c4ldre och Unga, avsnitt \u00c4ldre ss. 59-60.<\/p>\n<p><strong>Senaste inl\u00e4ggen om \u00e4ldre:<\/strong><br \/>\n<ul class = \"posts-by-tag-list\"><li class=\"posts-by-tag-item \u00e4ldre alla inl\u00e4gg Daniel Ekdahl fr\u00e5ga smittskydd vaccination\" id=\"posts-by-tag-item-352422\"><a class = \"posts-by-tag-item-title\" href=\"https:\/\/wp.kristdemokraterna.se\/vasternorrland\/interpellation-forlossningen-bb-och-barnavdelningen-i-ornskoldsvik-stanger-i-atta-dagar\/\">Fr\u00e5ga: Status ang\u00e5ende gratis vaccin mot pneumokocker<\/a> <small>Posted on: 12 juni 2023<\/small><\/li><li class=\"posts-by-tag-item \u00e4ldre alla inl\u00e4gg Covid-19 Ebba Busch h\u00f6gkostnadsskydd Jakob Forssmed Mona Hammarstedt Polina Jansson Larson tandv\u00e5rd\" id=\"posts-by-tag-item-352309\"><a class = \"posts-by-tag-item-title\" href=\"https:\/\/wp.kristdemokraterna.se\/vasternorrland\/kd-alla-aldre-ska-ha-rad-att-ga-till-tandlakaren\/\">KD: Alla \u00e4ldre ska ha r\u00e5d att g\u00e5 till tandl\u00e4karen<\/a> <small>Posted on: 3 juli 2022<\/small><\/li><li class=\"posts-by-tag-item \u00e4ldre alla inl\u00e4gg civilsamh\u00e4lle god och n\u00e4ra v\u00e5rd Henrik Sendelbach Mona Hammarstedt ofrivillig ensamhet samverkan\" id=\"posts-by-tag-item-341750\"><a class = \"posts-by-tag-item-title\" href=\"https:\/\/wp.kristdemokraterna.se\/vasternorrland\/fokus-pa-samarbete-behovs-for-en-god-och-nara-vard-i-vasternorrland\/\">Fokus p\u00e5 samarbete beh\u00f6vs f\u00f6r en god och n\u00e4ra v\u00e5rd i V\u00e4sternorrland<\/a> <small>Posted on: 27 januari 2021<\/small><\/li><li class=\"posts-by-tag-item \u00e4ldre alla inl\u00e4gg bedr\u00e4geri brott Covid-19 Emma Almroth Liza-Maria Norlin polis samordningsnummer trygghet\" id=\"posts-by-tag-item-289371\"><a class = \"posts-by-tag-item-title\" href=\"https:\/\/wp.kristdemokraterna.se\/vasternorrland\/brott-mot-aldre-maste-prioriteras\/\">Brott mot \u00e4ldre m\u00e5ste prioriteras<\/a> <small>Posted on: 25 juni 2020<\/small><\/li><li class=\"posts-by-tag-item \u00e4ldre alla inl\u00e4gg Covid-19 Henrik Sendelbach influensa lunginflammation Mona Hammarstedt pneumokocker prim\u00e4rv\u00e5rd restriktioner riskgrupper vaccination v\u00e5rdskuld\" id=\"posts-by-tag-item-294480\"><a class = \"posts-by-tag-item-title\" href=\"https:\/\/wp.kristdemokraterna.se\/vasternorrland\/vaccinera-aldre-och-riskgrupper-gratis-i-host\/\">Vaccinera \u00e4ldre och riskgrupper gratis i h\u00f6st!<\/a> <small>Posted on: 20 juni 2020<\/small><\/li><li class=\"posts-by-tag-item akutmottagning \u00e4ldre alla inl\u00e4gg civilsamh\u00e4lle ekonomi ekonomi\/skatter folkh\u00e4lsa Joachim Jonsson m\u00e5lbild Mona Hammarstedt prim\u00e4rv\u00e5rd samverkan specialistv\u00e5rd tandv\u00e5rd\" id=\"posts-by-tag-item-287046\"><a class = \"posts-by-tag-item-title\" href=\"https:\/\/wp.kristdemokraterna.se\/vasternorrland\/regionens-nya-malbild-ett-sjalvmal-over-en-misslyckad-politik\/\">Regionens nya m\u00e5lbild \u2013 ett sj\u00e4lvm\u00e5l \u00f6ver en misslyckad politik<\/a> <small>Posted on: 17 juni 2020<\/small><\/li><li class=\"posts-by-tag-item \u00e4ldre alla inl\u00e4gg Covid-19 prim\u00e4rv\u00e5rd specialistv\u00e5rd tandv\u00e5rd\" id=\"posts-by-tag-item-286531\"><a class = \"posts-by-tag-item-title\" href=\"https:\/\/wp.kristdemokraterna.se\/vasternorrland\/tillsatt-en-coronakommission-i-vasternorrland\/\">Tills\u00e4tt en Coronakommission i V\u00e4sternorrland<\/a> <small>Posted on: 13 juni 2020<\/small><\/li><li class=\"posts-by-tag-item \u00e4ldre alla inl\u00e4gg Covid-19 Folkh\u00e4lsomyndigheten Henrik Sendelbach influensa lunginflammation prim\u00e4rv\u00e5rd riskgrupper vaccination\" id=\"posts-by-tag-item-284005\"><a class = \"posts-by-tag-item-title\" href=\"https:\/\/wp.kristdemokraterna.se\/vasternorrland\/fraga-angaende-vaccinationer-mot-influensa-och-pneumokocker-for-aldre-och-riskgrupper\/\">Fr\u00e5ga ang\u00e5ende vaccinationer mot influensa och pneumokocker f\u00f6r \u00e4ldre och riskgrupper<\/a> <small>Posted on: 6 juni 2020<\/small><\/li><li class=\"posts-by-tag-item \u00e4ldre alla inl\u00e4gg cancer cancerv\u00e5rd halstum\u00f6r hj\u00e4rntum\u00f6r huvudtum\u00f6r interpellationssvar Mona Hammarstedt onkologi Skandionkliniken specialistv\u00e5rd Sundsvalls sjukhus\" id=\"posts-by-tag-item-260711\"><a class = \"posts-by-tag-item-title\" href=\"https:\/\/wp.kristdemokraterna.se\/vasternorrland\/svar-pa-interpellation-fran-mona-hammarstedt-kd-om-skandionkliniken\/\">Svar p\u00e5 interpellation fr\u00e5n Mona Hammarstedt (KD) om Skandionkliniken<\/a> <small>Posted on: 29 februari 2020<\/small><\/li><li class=\"posts-by-tag-item \u00e4ldre alla inl\u00e4gg ekonomi\/skatter H\u00e4lsocentralen Nacksta ins\u00e4ndare Mona Hammarstedt prim\u00e4rv\u00e5rd psykiatri riksdagen specialistv\u00e5rd statsbidrag tillg\u00e4nglighet ungdomsmottagning\" id=\"posts-by-tag-item-258321\"><a class = \"posts-by-tag-item-title\" href=\"https:\/\/wp.kristdemokraterna.se\/vasternorrland\/54-miljoner-extra-till-region-vasternorrland-pengarna-ska-ga-till-varden\/\">54 miljoner extra till Region V\u00e4sternorrland \u2013 Pengarna ska g\u00e5 till v\u00e5rden!<\/a> <small>Posted on: 20 februari 2020<\/small><\/li><\/ul>F\u00f6r samtliga inl\u00e4gg om \u00e4ldre, se <a href=\"http:\/\/wp.kristdemokraterna.se\/vasternorrland\/etiketter\/aldre\/\">h\u00e4r<\/a><\/p>\n<hr \/>\n<p>Bilden \u00f6verst av JOSEPH SHOHMELIAN fr\u00e5n Pixabay.<\/p>\n","protected":false},"excerpt":{"rendered":"<p>De \u00e4ldre utg\u00f6r en stor tillg\u00e5ng. De representerar en m\u00e5ng\u00e5rig livserfarenhet som b\u00f6r komma hela samh\u00e4llet till del. Kontakten med denna erfarenhet \u00e4r ett helt avg\u00f6rande villkor f\u00f6r ett vitalt och v\u00e4xande samh\u00e4lle. I takt med den \u00f6kade medellivsl\u00e4ngden vill m\u00e5nga \u00e4ldre med god h\u00e4lsa forts\u00e4tta att arbeta i yrkesliv och f\u00f6retagande. Det \u00e4r viktigt <a class=\"read-more-link\" href=\"https:\/\/wp.kristdemokraterna.se\/vasternorrland\/var-politik\/politikomraden\/aldre\/\">Read More<\/a><\/p>\n","protected":false},"author":861,"featured_media":0,"parent":179725,"menu_order":0,"comment_status":"closed","ping_status":"closed","template":"","meta":{"_acf_changed":false,"footnotes":""},"class_list":["post-278171","page","type-page","status-publish","hentry"],"acf":[],"yoast_head":"<!-- This site is optimized with the Yoast SEO plugin v27.3 - https:\/\/yoast.com\/product\/yoast-seo-wordpress\/ -->\n<title>\u00c4ldre | KD V\u00e4sternorrland<\/title>\n<meta name=\"robots\" content=\"index, follow, max-snippet:-1, max-image-preview:large, max-video-preview:-1\" \/>\n<link rel=\"canonical\" href=\"https:\/\/wp.kristdemokraterna.se\/vasternorrland\/var-politik\/politikomraden\/aldre\/\" \/>\n<meta property=\"og:locale\" content=\"sv_SE\" \/>\n<meta property=\"og:type\" content=\"article\" \/>\n<meta property=\"og:title\" content=\"\u00c4ldre | KD V\u00e4sternorrland\" \/>\n<meta property=\"og:description\" content=\"De \u00e4ldre utg\u00f6r en stor tillg\u00e5ng. De representerar en m\u00e5ng\u00e5rig livserfarenhet som b\u00f6r komma hela samh\u00e4llet till del. Kontakten med denna erfarenhet \u00e4r ett helt avg\u00f6rande villkor f\u00f6r ett vitalt och v\u00e4xande samh\u00e4lle. I takt med den \u00f6kade medellivsl\u00e4ngden vill m\u00e5nga \u00e4ldre med god h\u00e4lsa forts\u00e4tta att arbeta i yrkesliv och f\u00f6retagande. Det \u00e4r viktigt Read More\" \/>\n<meta property=\"og:url\" content=\"https:\/\/wp.kristdemokraterna.se\/vasternorrland\/var-politik\/politikomraden\/aldre\/\" \/>\n<meta property=\"og:site_name\" content=\"KD V\u00e4sternorrland\" \/>\n<meta property=\"article:publisher\" content=\"https:\/\/www.facebook.com\/kdrvn\/\" \/>\n<meta property=\"article:modified_time\" content=\"2020-05-11T13:55:14+00:00\" \/>\n<meta name=\"twitter:card\" content=\"summary_large_image\" \/>\n<meta name=\"twitter:label1\" content=\"Ber\u00e4knad l\u00e4stid\" \/>\n\t<meta name=\"twitter:data1\" content=\"2 minuter\" \/>\n<script type=\"application\/ld+json\" class=\"yoast-schema-graph\">{\"@context\":\"https:\\\/\\\/schema.org\",\"@graph\":[{\"@type\":\"WebPage\",\"@id\":\"https:\\\/\\\/wp.kristdemokraterna.se\\\/vasternorrland\\\/var-politik\\\/politikomraden\\\/aldre\\\/\",\"url\":\"https:\\\/\\\/wp.kristdemokraterna.se\\\/vasternorrland\\\/var-politik\\\/politikomraden\\\/aldre\\\/\",\"name\":\"\u00c4ldre | KD V\u00e4sternorrland\",\"isPartOf\":{\"@id\":\"https:\\\/\\\/wp.kristdemokraterna.se\\\/vasternorrland\\\/#website\"},\"datePublished\":\"2020-05-11T13:54:50+00:00\",\"dateModified\":\"2020-05-11T13:55:14+00:00\",\"breadcrumb\":{\"@id\":\"https:\\\/\\\/wp.kristdemokraterna.se\\\/vasternorrland\\\/var-politik\\\/politikomraden\\\/aldre\\\/#breadcrumb\"},\"inLanguage\":\"sv-SE\",\"potentialAction\":[{\"@type\":\"ReadAction\",\"target\":[\"https:\\\/\\\/wp.kristdemokraterna.se\\\/vasternorrland\\\/var-politik\\\/politikomraden\\\/aldre\\\/\"]}]},{\"@type\":\"BreadcrumbList\",\"@id\":\"https:\\\/\\\/wp.kristdemokraterna.se\\\/vasternorrland\\\/var-politik\\\/politikomraden\\\/aldre\\\/#breadcrumb\",\"itemListElement\":[{\"@type\":\"ListItem\",\"position\":1,\"name\":\"Hem\",\"item\":\"https:\\\/\\\/wp.kristdemokraterna.se\\\/vasternorrland\\\/\"},{\"@type\":\"ListItem\",\"position\":2,\"name\":\"V\u00e5r politik\",\"item\":\"https:\\\/\\\/wp.kristdemokraterna.se\\\/vasternorrland\\\/var-politik\\\/\"},{\"@type\":\"ListItem\",\"position\":3,\"name\":\"Politikomr\u00e5den\",\"item\":\"https:\\\/\\\/wp.kristdemokraterna.se\\\/vasternorrland\\\/var-politik\\\/politikomraden\\\/\"},{\"@type\":\"ListItem\",\"position\":4,\"name\":\"\u00c4ldre\"}]},{\"@type\":\"WebSite\",\"@id\":\"https:\\\/\\\/wp.kristdemokraterna.se\\\/vasternorrland\\\/#website\",\"url\":\"https:\\\/\\\/wp.kristdemokraterna.se\\\/vasternorrland\\\/\",\"name\":\"KD V\u00e4sternorrland\",\"description\":\"V\u00e5rda v\u00e5rden - utveckla prim\u00e4rv\u00e5rden\",\"inLanguage\":\"sv-SE\"}]}<\/script>\n<!-- \/ Yoast SEO plugin. -->","yoast_head_json":{"title":"\u00c4ldre | KD V\u00e4sternorrland","robots":{"index":"index","follow":"follow","max-snippet":"max-snippet:-1","max-image-preview":"max-image-preview:large","max-video-preview":"max-video-preview:-1"},"canonical":"https:\/\/wp.kristdemokraterna.se\/vasternorrland\/var-politik\/politikomraden\/aldre\/","og_locale":"sv_SE","og_type":"article","og_title":"\u00c4ldre | KD V\u00e4sternorrland","og_description":"De \u00e4ldre utg\u00f6r en stor tillg\u00e5ng. De representerar en m\u00e5ng\u00e5rig livserfarenhet som b\u00f6r komma hela samh\u00e4llet till del. Kontakten med denna erfarenhet \u00e4r ett helt avg\u00f6rande villkor f\u00f6r ett vitalt och v\u00e4xande samh\u00e4lle. I takt med den \u00f6kade medellivsl\u00e4ngden vill m\u00e5nga \u00e4ldre med god h\u00e4lsa forts\u00e4tta att arbeta i yrkesliv och f\u00f6retagande. Det \u00e4r viktigt Read More","og_url":"https:\/\/wp.kristdemokraterna.se\/vasternorrland\/var-politik\/politikomraden\/aldre\/","og_site_name":"KD V\u00e4sternorrland","article_publisher":"https:\/\/www.facebook.com\/kdrvn\/","article_modified_time":"2020-05-11T13:55:14+00:00","twitter_card":"summary_large_image","twitter_misc":{"Ber\u00e4knad l\u00e4stid":"2 minuter"},"schema":{"@context":"https:\/\/schema.org","@graph":[{"@type":"WebPage","@id":"https:\/\/wp.kristdemokraterna.se\/vasternorrland\/var-politik\/politikomraden\/aldre\/","url":"https:\/\/wp.kristdemokraterna.se\/vasternorrland\/var-politik\/politikomraden\/aldre\/","name":"\u00c4ldre | KD V\u00e4sternorrland","isPartOf":{"@id":"https:\/\/wp.kristdemokraterna.se\/vasternorrland\/#website"},"datePublished":"2020-05-11T13:54:50+00:00","dateModified":"2020-05-11T13:55:14+00:00","breadcrumb":{"@id":"https:\/\/wp.kristdemokraterna.se\/vasternorrland\/var-politik\/politikomraden\/aldre\/#breadcrumb"},"inLanguage":"sv-SE","potentialAction":[{"@type":"ReadAction","target":["https:\/\/wp.kristdemokraterna.se\/vasternorrland\/var-politik\/politikomraden\/aldre\/"]}]},{"@type":"BreadcrumbList","@id":"https:\/\/wp.kristdemokraterna.se\/vasternorrland\/var-politik\/politikomraden\/aldre\/#breadcrumb","itemListElement":[{"@type":"ListItem","position":1,"name":"Hem","item":"https:\/\/wp.kristdemokraterna.se\/vasternorrland\/"},{"@type":"ListItem","position":2,"name":"V\u00e5r politik","item":"https:\/\/wp.kristdemokraterna.se\/vasternorrland\/var-politik\/"},{"@type":"ListItem","position":3,"name":"Politikomr\u00e5den","item":"https:\/\/wp.kristdemokraterna.se\/vasternorrland\/var-politik\/politikomraden\/"},{"@type":"ListItem","position":4,"name":"\u00c4ldre"}]},{"@type":"WebSite","@id":"https:\/\/wp.kristdemokraterna.se\/vasternorrland\/#website","url":"https:\/\/wp.kristdemokraterna.se\/vasternorrland\/","name":"KD V\u00e4sternorrland","description":"V\u00e5rda v\u00e5rden - utveckla prim\u00e4rv\u00e5rden","inLanguage":"sv-SE"}]}},"_links":{"self":[{"href":"https:\/\/wp.kristdemokraterna.se\/vasternorrland\/wp-json\/wp\/v2\/pages\/278171","targetHints":{"allow":["GET"]}}],"collection":[{"href":"https:\/\/wp.kristdemokraterna.se\/vasternorrland\/wp-json\/wp\/v2\/pages"}],"about":[{"href":"https:\/\/wp.kristdemokraterna.se\/vasternorrland\/wp-json\/wp\/v2\/types\/page"}],"author":[{"embeddable":true,"href":"https:\/\/wp.kristdemokraterna.se\/vasternorrland\/wp-json\/wp\/v2\/users\/861"}],"replies":[{"embeddable":true,"href":"https:\/\/wp.kristdemokraterna.se\/vasternorrland\/wp-json\/wp\/v2\/comments?post=278171"}],"version-history":[{"count":2,"href":"https:\/\/wp.kristdemokraterna.se\/vasternorrland\/wp-json\/wp\/v2\/pages\/278171\/revisions"}],"predecessor-version":[{"id":278438,"href":"https:\/\/wp.kristdemokraterna.se\/vasternorrland\/wp-json\/wp\/v2\/pages\/278171\/revisions\/278438"}],"up":[{"embeddable":true,"href":"https:\/\/wp.kristdemokraterna.se\/vasternorrland\/wp-json\/wp\/v2\/pages\/179725"}],"wp:attachment":[{"href":"https:\/\/wp.kristdemokraterna.se\/vasternorrland\/wp-json\/wp\/v2\/media?parent=278171"}],"curies":[{"name":"wp","href":"https:\/\/api.w.org\/{rel}","templated":true}]}}