{"id":352282,"date":"2022-05-24T09:34:55","date_gmt":"2022-05-24T07:34:55","guid":{"rendered":"https:\/\/wp.kristdemokraterna.se\/vasternorrland\/?page_id=352282"},"modified":"2022-05-24T09:47:45","modified_gmt":"2022-05-24T07:47:45","slug":"liza-maria-norlin-redo-att-kapa-vardkoer","status":"publish","type":"page","link":"https:\/\/wp.kristdemokraterna.se\/vasternorrland\/valet-2022\/liza-maria-norlin-redo-att-kapa-vardkoer\/","title":{"rendered":"Liza-Maria Norlin &#8211; Redo att kapa v\u00e5rdk\u00f6er!"},"content":{"rendered":"<div id=\"attachment_352270\" style=\"width: 310px\" class=\"wp-caption alignnone\"><img loading=\"lazy\" decoding=\"async\" aria-describedby=\"caption-attachment-352270\" class=\"size-medium wp-image-352270\" src=\"http:\/\/wp.kristdemokraterna.se\/vasternorrland\/files\/2022\/05\/liza-hushallsutskick-300x168.jpg\" alt=\"\" width=\"300\" height=\"168\" srcset=\"https:\/\/wp.kristdemokraterna.se\/vasternorrland\/files\/2022\/05\/liza-hushallsutskick-300x168.jpg 300w, https:\/\/wp.kristdemokraterna.se\/vasternorrland\/files\/2022\/05\/liza-hushallsutskick-540x303.jpg 540w, https:\/\/wp.kristdemokraterna.se\/vasternorrland\/files\/2022\/05\/liza-hushallsutskick-768x430.jpg 768w, https:\/\/wp.kristdemokraterna.se\/vasternorrland\/files\/2022\/05\/liza-hushallsutskick-1536x861.jpg 1536w, https:\/\/wp.kristdemokraterna.se\/vasternorrland\/files\/2022\/05\/liza-hushallsutskick-2048x1147.jpg 2048w, https:\/\/wp.kristdemokraterna.se\/vasternorrland\/files\/2022\/05\/liza-hushallsutskick-357x200.jpg 357w, https:\/\/wp.kristdemokraterna.se\/vasternorrland\/files\/2022\/05\/liza-hushallsutskick-370x207.jpg 370w, https:\/\/wp.kristdemokraterna.se\/vasternorrland\/files\/2022\/05\/liza-hushallsutskick-770x431.jpg 770w, https:\/\/wp.kristdemokraterna.se\/vasternorrland\/files\/2022\/05\/liza-hushallsutskick-450x252.jpg 450w, https:\/\/wp.kristdemokraterna.se\/vasternorrland\/files\/2022\/05\/liza-hushallsutskick-280x157.jpg 280w, https:\/\/wp.kristdemokraterna.se\/vasternorrland\/files\/2022\/05\/liza-hushallsutskick-340x191.jpg 340w, https:\/\/wp.kristdemokraterna.se\/vasternorrland\/files\/2022\/05\/liza-hushallsutskick-200x112.jpg 200w, https:\/\/wp.kristdemokraterna.se\/vasternorrland\/files\/2022\/05\/liza-hushallsutskick-100x56.jpg 100w\" sizes=\"auto, (max-width: 300px) 100vw, 300px\" \/><p id=\"caption-attachment-352270\" class=\"wp-caption-text\">Liza-Maria Norlin. Foto:@andersaugustssonfoto<\/p><\/div>\n<ul>\n<li>I V\u00e4sternorrland har 45 % av oss som st\u00e5r i v\u00e5rdk\u00f6 v\u00e4ntat olagligt l\u00e4nge. Det \u00e4r ett systemfel. Det \u00e4r dags f\u00f6r ett nationellt ansvar f\u00f6r sjukv\u00e5rden.<\/li>\n<li>I V\u00e4sternorrland f\u00e5r 12 % av de ungdomar som st\u00e5r i k\u00f6 till BUP ett bes\u00f6k inom 30 dagar, i G\u00e4vleborg \u00e4r det 95 %. Det \u00e4r dags f\u00f6r en j\u00e4mlik v\u00e5rd.<\/li>\n<li>F\u00f6r att hela Sverige ska fungera \u00e4r den Nya Ostkustbanan en n\u00f6dv\u00e4ndighet. Det \u00e4r dags att s\u00e4tta planerna i verket, bygg.<\/li>\n<\/ul>\n","protected":false},"excerpt":{"rendered":"<p>I V\u00e4sternorrland har 45 % av oss som st\u00e5r i v\u00e5rdk\u00f6 v\u00e4ntat olagligt l\u00e4nge. Det \u00e4r ett systemfel. Det \u00e4r dags f\u00f6r ett nationellt ansvar f\u00f6r sjukv\u00e5rden. I V\u00e4sternorrland f\u00e5r 12 % av de ungdomar som st\u00e5r i k\u00f6 till BUP ett bes\u00f6k inom 30 dagar, i G\u00e4vleborg \u00e4r det 95 %. Det \u00e4r dags <a class=\"read-more-link\" href=\"https:\/\/wp.kristdemokraterna.se\/vasternorrland\/valet-2022\/liza-maria-norlin-redo-att-kapa-vardkoer\/\">Read More<\/a><\/p>\n","protected":false},"author":861,"featured_media":0,"parent":352301,"menu_order":0,"comment_status":"closed","ping_status":"closed","template":"","meta":{"_acf_changed":false,"footnotes":""},"class_list":["post-352282","page","type-page","status-publish","hentry"],"acf":[],"yoast_head":"<!-- This site is optimized with the Yoast SEO plugin v27.4 - https:\/\/yoast.com\/product\/yoast-seo-wordpress\/ -->\n<title>Liza-Maria Norlin - Redo att kapa v\u00e5rdk\u00f6er! | KD V\u00e4sternorrland<\/title>\n<meta name=\"robots\" content=\"index, follow, max-snippet:-1, max-image-preview:large, max-video-preview:-1\" \/>\n<link rel=\"canonical\" href=\"https:\/\/wp.kristdemokraterna.se\/vasternorrland\/valet-2022\/liza-maria-norlin-redo-att-kapa-vardkoer\/\" \/>\n<meta property=\"og:locale\" content=\"sv_SE\" \/>\n<meta property=\"og:type\" content=\"article\" \/>\n<meta property=\"og:title\" content=\"Liza-Maria Norlin - Redo att kapa v\u00e5rdk\u00f6er! | KD V\u00e4sternorrland\" \/>\n<meta property=\"og:description\" content=\"I V\u00e4sternorrland har 45 % av oss som st\u00e5r i v\u00e5rdk\u00f6 v\u00e4ntat olagligt l\u00e4nge. Det \u00e4r ett systemfel. Det \u00e4r dags f\u00f6r ett nationellt ansvar f\u00f6r sjukv\u00e5rden. I V\u00e4sternorrland f\u00e5r 12 % av de ungdomar som st\u00e5r i k\u00f6 till BUP ett bes\u00f6k inom 30 dagar, i G\u00e4vleborg \u00e4r det 95 %. Det \u00e4r dags Read More\" \/>\n<meta property=\"og:url\" content=\"https:\/\/wp.kristdemokraterna.se\/vasternorrland\/valet-2022\/liza-maria-norlin-redo-att-kapa-vardkoer\/\" \/>\n<meta property=\"og:site_name\" content=\"KD V\u00e4sternorrland\" \/>\n<meta property=\"article:publisher\" content=\"https:\/\/www.facebook.com\/kdrvn\/\" \/>\n<meta property=\"article:modified_time\" content=\"2022-05-24T07:47:45+00:00\" \/>\n<meta property=\"og:image\" content=\"http:\/\/wp.kristdemokraterna.se\/vasternorrland\/files\/2022\/05\/liza-hushallsutskick-300x168.jpg\" \/>\n<meta name=\"twitter:card\" content=\"summary_large_image\" \/>\n<meta name=\"twitter:label1\" content=\"Ber\u00e4knad l\u00e4stid\" \/>\n\t<meta name=\"twitter:data1\" content=\"1 minut\" \/>\n<script type=\"application\/ld+json\" class=\"yoast-schema-graph\">{\"@context\":\"https:\\\/\\\/schema.org\",\"@graph\":[{\"@type\":\"WebPage\",\"@id\":\"https:\\\/\\\/wp.kristdemokraterna.se\\\/vasternorrland\\\/valet-2022\\\/liza-maria-norlin-redo-att-kapa-vardkoer\\\/\",\"url\":\"https:\\\/\\\/wp.kristdemokraterna.se\\\/vasternorrland\\\/valet-2022\\\/liza-maria-norlin-redo-att-kapa-vardkoer\\\/\",\"name\":\"Liza-Maria Norlin - Redo att kapa v\u00e5rdk\u00f6er! | KD V\u00e4sternorrland\",\"isPartOf\":{\"@id\":\"https:\\\/\\\/wp.kristdemokraterna.se\\\/vasternorrland\\\/#website\"},\"primaryImageOfPage\":{\"@id\":\"https:\\\/\\\/wp.kristdemokraterna.se\\\/vasternorrland\\\/valet-2022\\\/liza-maria-norlin-redo-att-kapa-vardkoer\\\/#primaryimage\"},\"image\":{\"@id\":\"https:\\\/\\\/wp.kristdemokraterna.se\\\/vasternorrland\\\/valet-2022\\\/liza-maria-norlin-redo-att-kapa-vardkoer\\\/#primaryimage\"},\"thumbnailUrl\":\"http:\\\/\\\/wp.kristdemokraterna.se\\\/vasternorrland\\\/files\\\/2022\\\/05\\\/liza-hushallsutskick-300x168.jpg\",\"datePublished\":\"2022-05-24T07:34:55+00:00\",\"dateModified\":\"2022-05-24T07:47:45+00:00\",\"breadcrumb\":{\"@id\":\"https:\\\/\\\/wp.kristdemokraterna.se\\\/vasternorrland\\\/valet-2022\\\/liza-maria-norlin-redo-att-kapa-vardkoer\\\/#breadcrumb\"},\"inLanguage\":\"sv-SE\",\"potentialAction\":[{\"@type\":\"ReadAction\",\"target\":[\"https:\\\/\\\/wp.kristdemokraterna.se\\\/vasternorrland\\\/valet-2022\\\/liza-maria-norlin-redo-att-kapa-vardkoer\\\/\"]}]},{\"@type\":\"ImageObject\",\"inLanguage\":\"sv-SE\",\"@id\":\"https:\\\/\\\/wp.kristdemokraterna.se\\\/vasternorrland\\\/valet-2022\\\/liza-maria-norlin-redo-att-kapa-vardkoer\\\/#primaryimage\",\"url\":\"http:\\\/\\\/wp.kristdemokraterna.se\\\/vasternorrland\\\/files\\\/2022\\\/05\\\/liza-hushallsutskick-300x168.jpg\",\"contentUrl\":\"http:\\\/\\\/wp.kristdemokraterna.se\\\/vasternorrland\\\/files\\\/2022\\\/05\\\/liza-hushallsutskick-300x168.jpg\"},{\"@type\":\"BreadcrumbList\",\"@id\":\"https:\\\/\\\/wp.kristdemokraterna.se\\\/vasternorrland\\\/valet-2022\\\/liza-maria-norlin-redo-att-kapa-vardkoer\\\/#breadcrumb\",\"itemListElement\":[{\"@type\":\"ListItem\",\"position\":1,\"name\":\"Hem\",\"item\":\"https:\\\/\\\/wp.kristdemokraterna.se\\\/vasternorrland\\\/\"},{\"@type\":\"ListItem\",\"position\":2,\"name\":\"Valet 2022\",\"item\":\"https:\\\/\\\/wp.kristdemokraterna.se\\\/vasternorrland\\\/valet-2022\\\/\"},{\"@type\":\"ListItem\",\"position\":3,\"name\":\"Liza-Maria Norlin &#8211; Redo att kapa v\u00e5rdk\u00f6er!\"}]},{\"@type\":\"WebSite\",\"@id\":\"https:\\\/\\\/wp.kristdemokraterna.se\\\/vasternorrland\\\/#website\",\"url\":\"https:\\\/\\\/wp.kristdemokraterna.se\\\/vasternorrland\\\/\",\"name\":\"KD V\u00e4sternorrland\",\"description\":\"V\u00e5rda v\u00e5rden - utveckla prim\u00e4rv\u00e5rden\",\"inLanguage\":\"sv-SE\"}]}<\/script>\n<!-- \/ Yoast SEO plugin. -->","yoast_head_json":{"title":"Liza-Maria Norlin - Redo att kapa v\u00e5rdk\u00f6er! | KD V\u00e4sternorrland","robots":{"index":"index","follow":"follow","max-snippet":"max-snippet:-1","max-image-preview":"max-image-preview:large","max-video-preview":"max-video-preview:-1"},"canonical":"https:\/\/wp.kristdemokraterna.se\/vasternorrland\/valet-2022\/liza-maria-norlin-redo-att-kapa-vardkoer\/","og_locale":"sv_SE","og_type":"article","og_title":"Liza-Maria Norlin - Redo att kapa v\u00e5rdk\u00f6er! | KD V\u00e4sternorrland","og_description":"I V\u00e4sternorrland har 45 % av oss som st\u00e5r i v\u00e5rdk\u00f6 v\u00e4ntat olagligt l\u00e4nge. Det \u00e4r ett systemfel. Det \u00e4r dags f\u00f6r ett nationellt ansvar f\u00f6r sjukv\u00e5rden. I V\u00e4sternorrland f\u00e5r 12 % av de ungdomar som st\u00e5r i k\u00f6 till BUP ett bes\u00f6k inom 30 dagar, i G\u00e4vleborg \u00e4r det 95 %. Det \u00e4r dags Read More","og_url":"https:\/\/wp.kristdemokraterna.se\/vasternorrland\/valet-2022\/liza-maria-norlin-redo-att-kapa-vardkoer\/","og_site_name":"KD V\u00e4sternorrland","article_publisher":"https:\/\/www.facebook.com\/kdrvn\/","article_modified_time":"2022-05-24T07:47:45+00:00","og_image":[{"url":"http:\/\/wp.kristdemokraterna.se\/vasternorrland\/files\/2022\/05\/liza-hushallsutskick-300x168.jpg","type":"","width":"","height":""}],"twitter_card":"summary_large_image","twitter_misc":{"Ber\u00e4knad l\u00e4stid":"1 minut"},"schema":{"@context":"https:\/\/schema.org","@graph":[{"@type":"WebPage","@id":"https:\/\/wp.kristdemokraterna.se\/vasternorrland\/valet-2022\/liza-maria-norlin-redo-att-kapa-vardkoer\/","url":"https:\/\/wp.kristdemokraterna.se\/vasternorrland\/valet-2022\/liza-maria-norlin-redo-att-kapa-vardkoer\/","name":"Liza-Maria Norlin - Redo att kapa v\u00e5rdk\u00f6er! | KD V\u00e4sternorrland","isPartOf":{"@id":"https:\/\/wp.kristdemokraterna.se\/vasternorrland\/#website"},"primaryImageOfPage":{"@id":"https:\/\/wp.kristdemokraterna.se\/vasternorrland\/valet-2022\/liza-maria-norlin-redo-att-kapa-vardkoer\/#primaryimage"},"image":{"@id":"https:\/\/wp.kristdemokraterna.se\/vasternorrland\/valet-2022\/liza-maria-norlin-redo-att-kapa-vardkoer\/#primaryimage"},"thumbnailUrl":"http:\/\/wp.kristdemokraterna.se\/vasternorrland\/files\/2022\/05\/liza-hushallsutskick-300x168.jpg","datePublished":"2022-05-24T07:34:55+00:00","dateModified":"2022-05-24T07:47:45+00:00","breadcrumb":{"@id":"https:\/\/wp.kristdemokraterna.se\/vasternorrland\/valet-2022\/liza-maria-norlin-redo-att-kapa-vardkoer\/#breadcrumb"},"inLanguage":"sv-SE","potentialAction":[{"@type":"ReadAction","target":["https:\/\/wp.kristdemokraterna.se\/vasternorrland\/valet-2022\/liza-maria-norlin-redo-att-kapa-vardkoer\/"]}]},{"@type":"ImageObject","inLanguage":"sv-SE","@id":"https:\/\/wp.kristdemokraterna.se\/vasternorrland\/valet-2022\/liza-maria-norlin-redo-att-kapa-vardkoer\/#primaryimage","url":"http:\/\/wp.kristdemokraterna.se\/vasternorrland\/files\/2022\/05\/liza-hushallsutskick-300x168.jpg","contentUrl":"http:\/\/wp.kristdemokraterna.se\/vasternorrland\/files\/2022\/05\/liza-hushallsutskick-300x168.jpg"},{"@type":"BreadcrumbList","@id":"https:\/\/wp.kristdemokraterna.se\/vasternorrland\/valet-2022\/liza-maria-norlin-redo-att-kapa-vardkoer\/#breadcrumb","itemListElement":[{"@type":"ListItem","position":1,"name":"Hem","item":"https:\/\/wp.kristdemokraterna.se\/vasternorrland\/"},{"@type":"ListItem","position":2,"name":"Valet 2022","item":"https:\/\/wp.kristdemokraterna.se\/vasternorrland\/valet-2022\/"},{"@type":"ListItem","position":3,"name":"Liza-Maria Norlin &#8211; Redo att kapa v\u00e5rdk\u00f6er!"}]},{"@type":"WebSite","@id":"https:\/\/wp.kristdemokraterna.se\/vasternorrland\/#website","url":"https:\/\/wp.kristdemokraterna.se\/vasternorrland\/","name":"KD V\u00e4sternorrland","description":"V\u00e5rda v\u00e5rden - utveckla prim\u00e4rv\u00e5rden","inLanguage":"sv-SE"}]}},"_links":{"self":[{"href":"https:\/\/wp.kristdemokraterna.se\/vasternorrland\/wp-json\/wp\/v2\/pages\/352282","targetHints":{"allow":["GET"]}}],"collection":[{"href":"https:\/\/wp.kristdemokraterna.se\/vasternorrland\/wp-json\/wp\/v2\/pages"}],"about":[{"href":"https:\/\/wp.kristdemokraterna.se\/vasternorrland\/wp-json\/wp\/v2\/types\/page"}],"author":[{"embeddable":true,"href":"https:\/\/wp.kristdemokraterna.se\/vasternorrland\/wp-json\/wp\/v2\/users\/861"}],"replies":[{"embeddable":true,"href":"https:\/\/wp.kristdemokraterna.se\/vasternorrland\/wp-json\/wp\/v2\/comments?post=352282"}],"version-history":[{"count":4,"href":"https:\/\/wp.kristdemokraterna.se\/vasternorrland\/wp-json\/wp\/v2\/pages\/352282\/revisions"}],"predecessor-version":[{"id":352295,"href":"https:\/\/wp.kristdemokraterna.se\/vasternorrland\/wp-json\/wp\/v2\/pages\/352282\/revisions\/352295"}],"up":[{"embeddable":true,"href":"https:\/\/wp.kristdemokraterna.se\/vasternorrland\/wp-json\/wp\/v2\/pages\/352301"}],"wp:attachment":[{"href":"https:\/\/wp.kristdemokraterna.se\/vasternorrland\/wp-json\/wp\/v2\/media?parent=352282"}],"curies":[{"name":"wp","href":"https:\/\/api.w.org\/{rel}","templated":true}]}}