{"id":352298,"date":"2022-05-24T09:44:56","date_gmt":"2022-05-24T07:44:56","guid":{"rendered":"https:\/\/wp.kristdemokraterna.se\/vasternorrland\/?page_id=352298"},"modified":"2022-05-24T09:48:22","modified_gmt":"2022-05-24T07:48:22","slug":"lars-eidenvall-redo-att-gora-skillnad","status":"publish","type":"page","link":"https:\/\/wp.kristdemokraterna.se\/vasternorrland\/valet-2022\/lars-eidenvall-redo-att-gora-skillnad\/","title":{"rendered":"Lars Eidenvall &#8211; Redo att g\u00f6ra skillnad!"},"content":{"rendered":"<div id=\"attachment_352299\" style=\"width: 310px\" class=\"wp-caption alignnone\"><img loading=\"lazy\" decoding=\"async\" aria-describedby=\"caption-attachment-352299\" class=\"wp-image-352299 size-medium\" src=\"http:\/\/wp.kristdemokraterna.se\/vasternorrland\/files\/2022\/05\/lars-eidenvall-300x168.jpg\" alt=\"\" width=\"300\" height=\"168\" srcset=\"https:\/\/wp.kristdemokraterna.se\/vasternorrland\/files\/2022\/05\/lars-eidenvall-300x168.jpg 300w, https:\/\/wp.kristdemokraterna.se\/vasternorrland\/files\/2022\/05\/lars-eidenvall-540x303.jpg 540w, https:\/\/wp.kristdemokraterna.se\/vasternorrland\/files\/2022\/05\/lars-eidenvall-768x430.jpg 768w, https:\/\/wp.kristdemokraterna.se\/vasternorrland\/files\/2022\/05\/lars-eidenvall-1536x861.jpg 1536w, https:\/\/wp.kristdemokraterna.se\/vasternorrland\/files\/2022\/05\/lars-eidenvall-2048x1147.jpg 2048w, https:\/\/wp.kristdemokraterna.se\/vasternorrland\/files\/2022\/05\/lars-eidenvall-357x200.jpg 357w, https:\/\/wp.kristdemokraterna.se\/vasternorrland\/files\/2022\/05\/lars-eidenvall-370x207.jpg 370w, https:\/\/wp.kristdemokraterna.se\/vasternorrland\/files\/2022\/05\/lars-eidenvall-770x431.jpg 770w, https:\/\/wp.kristdemokraterna.se\/vasternorrland\/files\/2022\/05\/lars-eidenvall-450x252.jpg 450w, https:\/\/wp.kristdemokraterna.se\/vasternorrland\/files\/2022\/05\/lars-eidenvall-280x157.jpg 280w, https:\/\/wp.kristdemokraterna.se\/vasternorrland\/files\/2022\/05\/lars-eidenvall-340x191.jpg 340w, https:\/\/wp.kristdemokraterna.se\/vasternorrland\/files\/2022\/05\/lars-eidenvall-200x112.jpg 200w, https:\/\/wp.kristdemokraterna.se\/vasternorrland\/files\/2022\/05\/lars-eidenvall-100x56.jpg 100w\" sizes=\"auto, (max-width: 300px) 100vw, 300px\" \/><p id=\"caption-attachment-352299\" class=\"wp-caption-text\">Lars Eidenvall, tekn. dr, riksdagskandidat V\u00e4sternorrland.<\/p><\/div>\n<ul>\n<li>Jag vill g\u00f6ra \u00d6rnsk\u00f6ldsviks, \u00c5ngermanlands och V\u00e4sternorrlands r\u00f6st h\u00f6rd i Stockholm.<\/li>\n<li>Jag vill arbeta f\u00f6r ett samh\u00e4lle byggt p\u00e5 trygghet, livskvalitet och arbetsgl\u00e4dje.<\/li>\n<li>Jag vill se innovation och tillv\u00e4xt som verktyg f\u00f6r b\u00e4ttre v\u00e5rd, skola och omsorg.<\/li>\n<\/ul>\n","protected":false},"excerpt":{"rendered":"<p>Jag vill g\u00f6ra \u00d6rnsk\u00f6ldsviks, \u00c5ngermanlands och V\u00e4sternorrlands r\u00f6st h\u00f6rd i Stockholm. Jag vill arbeta f\u00f6r ett samh\u00e4lle byggt p\u00e5 trygghet, livskvalitet och arbetsgl\u00e4dje. Jag vill se innovation och tillv\u00e4xt som verktyg f\u00f6r b\u00e4ttre v\u00e5rd, skola och omsorg.<\/p>\n","protected":false},"author":861,"featured_media":0,"parent":352301,"menu_order":0,"comment_status":"closed","ping_status":"closed","template":"","meta":{"_acf_changed":false,"footnotes":""},"class_list":["post-352298","page","type-page","status-publish","hentry"],"acf":[],"yoast_head":"<!-- This site is optimized with the Yoast SEO plugin v27.3 - https:\/\/yoast.com\/product\/yoast-seo-wordpress\/ -->\n<title>Lars Eidenvall - Redo att g\u00f6ra skillnad! | KD V\u00e4sternorrland<\/title>\n<meta name=\"robots\" content=\"index, follow, max-snippet:-1, max-image-preview:large, max-video-preview:-1\" \/>\n<link rel=\"canonical\" href=\"https:\/\/wp.kristdemokraterna.se\/vasternorrland\/valet-2022\/lars-eidenvall-redo-att-gora-skillnad\/\" \/>\n<meta property=\"og:locale\" content=\"sv_SE\" \/>\n<meta property=\"og:type\" content=\"article\" \/>\n<meta property=\"og:title\" content=\"Lars Eidenvall - Redo att g\u00f6ra skillnad! | KD V\u00e4sternorrland\" \/>\n<meta property=\"og:description\" content=\"Jag vill g\u00f6ra \u00d6rnsk\u00f6ldsviks, \u00c5ngermanlands och V\u00e4sternorrlands r\u00f6st h\u00f6rd i Stockholm. Jag vill arbeta f\u00f6r ett samh\u00e4lle byggt p\u00e5 trygghet, livskvalitet och arbetsgl\u00e4dje. Jag vill se innovation och tillv\u00e4xt som verktyg f\u00f6r b\u00e4ttre v\u00e5rd, skola och omsorg.\" \/>\n<meta property=\"og:url\" content=\"https:\/\/wp.kristdemokraterna.se\/vasternorrland\/valet-2022\/lars-eidenvall-redo-att-gora-skillnad\/\" \/>\n<meta property=\"og:site_name\" content=\"KD V\u00e4sternorrland\" \/>\n<meta property=\"article:publisher\" content=\"https:\/\/www.facebook.com\/kdrvn\/\" \/>\n<meta property=\"article:modified_time\" content=\"2022-05-24T07:48:22+00:00\" \/>\n<meta property=\"og:image\" content=\"http:\/\/wp.kristdemokraterna.se\/vasternorrland\/files\/2022\/05\/lars-eidenvall-300x168.jpg\" \/>\n<meta name=\"twitter:card\" content=\"summary_large_image\" \/>\n<meta name=\"twitter:label1\" content=\"Ber\u00e4knad l\u00e4stid\" \/>\n\t<meta name=\"twitter:data1\" content=\"1 minut\" \/>\n<script type=\"application\/ld+json\" class=\"yoast-schema-graph\">{\"@context\":\"https:\\\/\\\/schema.org\",\"@graph\":[{\"@type\":\"WebPage\",\"@id\":\"https:\\\/\\\/wp.kristdemokraterna.se\\\/vasternorrland\\\/valet-2022\\\/lars-eidenvall-redo-att-gora-skillnad\\\/\",\"url\":\"https:\\\/\\\/wp.kristdemokraterna.se\\\/vasternorrland\\\/valet-2022\\\/lars-eidenvall-redo-att-gora-skillnad\\\/\",\"name\":\"Lars Eidenvall - Redo att g\u00f6ra skillnad! | KD V\u00e4sternorrland\",\"isPartOf\":{\"@id\":\"https:\\\/\\\/wp.kristdemokraterna.se\\\/vasternorrland\\\/#website\"},\"primaryImageOfPage\":{\"@id\":\"https:\\\/\\\/wp.kristdemokraterna.se\\\/vasternorrland\\\/valet-2022\\\/lars-eidenvall-redo-att-gora-skillnad\\\/#primaryimage\"},\"image\":{\"@id\":\"https:\\\/\\\/wp.kristdemokraterna.se\\\/vasternorrland\\\/valet-2022\\\/lars-eidenvall-redo-att-gora-skillnad\\\/#primaryimage\"},\"thumbnailUrl\":\"http:\\\/\\\/wp.kristdemokraterna.se\\\/vasternorrland\\\/files\\\/2022\\\/05\\\/lars-eidenvall-300x168.jpg\",\"datePublished\":\"2022-05-24T07:44:56+00:00\",\"dateModified\":\"2022-05-24T07:48:22+00:00\",\"breadcrumb\":{\"@id\":\"https:\\\/\\\/wp.kristdemokraterna.se\\\/vasternorrland\\\/valet-2022\\\/lars-eidenvall-redo-att-gora-skillnad\\\/#breadcrumb\"},\"inLanguage\":\"sv-SE\",\"potentialAction\":[{\"@type\":\"ReadAction\",\"target\":[\"https:\\\/\\\/wp.kristdemokraterna.se\\\/vasternorrland\\\/valet-2022\\\/lars-eidenvall-redo-att-gora-skillnad\\\/\"]}]},{\"@type\":\"ImageObject\",\"inLanguage\":\"sv-SE\",\"@id\":\"https:\\\/\\\/wp.kristdemokraterna.se\\\/vasternorrland\\\/valet-2022\\\/lars-eidenvall-redo-att-gora-skillnad\\\/#primaryimage\",\"url\":\"http:\\\/\\\/wp.kristdemokraterna.se\\\/vasternorrland\\\/files\\\/2022\\\/05\\\/lars-eidenvall-300x168.jpg\",\"contentUrl\":\"http:\\\/\\\/wp.kristdemokraterna.se\\\/vasternorrland\\\/files\\\/2022\\\/05\\\/lars-eidenvall-300x168.jpg\"},{\"@type\":\"BreadcrumbList\",\"@id\":\"https:\\\/\\\/wp.kristdemokraterna.se\\\/vasternorrland\\\/valet-2022\\\/lars-eidenvall-redo-att-gora-skillnad\\\/#breadcrumb\",\"itemListElement\":[{\"@type\":\"ListItem\",\"position\":1,\"name\":\"Hem\",\"item\":\"https:\\\/\\\/wp.kristdemokraterna.se\\\/vasternorrland\\\/\"},{\"@type\":\"ListItem\",\"position\":2,\"name\":\"Valet 2022\",\"item\":\"https:\\\/\\\/wp.kristdemokraterna.se\\\/vasternorrland\\\/valet-2022\\\/\"},{\"@type\":\"ListItem\",\"position\":3,\"name\":\"Lars Eidenvall &#8211; Redo att g\u00f6ra skillnad!\"}]},{\"@type\":\"WebSite\",\"@id\":\"https:\\\/\\\/wp.kristdemokraterna.se\\\/vasternorrland\\\/#website\",\"url\":\"https:\\\/\\\/wp.kristdemokraterna.se\\\/vasternorrland\\\/\",\"name\":\"KD V\u00e4sternorrland\",\"description\":\"V\u00e5rda v\u00e5rden - utveckla prim\u00e4rv\u00e5rden\",\"inLanguage\":\"sv-SE\"}]}<\/script>\n<!-- \/ Yoast SEO plugin. -->","yoast_head_json":{"title":"Lars Eidenvall - Redo att g\u00f6ra skillnad! | KD V\u00e4sternorrland","robots":{"index":"index","follow":"follow","max-snippet":"max-snippet:-1","max-image-preview":"max-image-preview:large","max-video-preview":"max-video-preview:-1"},"canonical":"https:\/\/wp.kristdemokraterna.se\/vasternorrland\/valet-2022\/lars-eidenvall-redo-att-gora-skillnad\/","og_locale":"sv_SE","og_type":"article","og_title":"Lars Eidenvall - Redo att g\u00f6ra skillnad! | KD V\u00e4sternorrland","og_description":"Jag vill g\u00f6ra \u00d6rnsk\u00f6ldsviks, \u00c5ngermanlands och V\u00e4sternorrlands r\u00f6st h\u00f6rd i Stockholm. Jag vill arbeta f\u00f6r ett samh\u00e4lle byggt p\u00e5 trygghet, livskvalitet och arbetsgl\u00e4dje. Jag vill se innovation och tillv\u00e4xt som verktyg f\u00f6r b\u00e4ttre v\u00e5rd, skola och omsorg.","og_url":"https:\/\/wp.kristdemokraterna.se\/vasternorrland\/valet-2022\/lars-eidenvall-redo-att-gora-skillnad\/","og_site_name":"KD V\u00e4sternorrland","article_publisher":"https:\/\/www.facebook.com\/kdrvn\/","article_modified_time":"2022-05-24T07:48:22+00:00","og_image":[{"url":"http:\/\/wp.kristdemokraterna.se\/vasternorrland\/files\/2022\/05\/lars-eidenvall-300x168.jpg","type":"","width":"","height":""}],"twitter_card":"summary_large_image","twitter_misc":{"Ber\u00e4knad l\u00e4stid":"1 minut"},"schema":{"@context":"https:\/\/schema.org","@graph":[{"@type":"WebPage","@id":"https:\/\/wp.kristdemokraterna.se\/vasternorrland\/valet-2022\/lars-eidenvall-redo-att-gora-skillnad\/","url":"https:\/\/wp.kristdemokraterna.se\/vasternorrland\/valet-2022\/lars-eidenvall-redo-att-gora-skillnad\/","name":"Lars Eidenvall - Redo att g\u00f6ra skillnad! | KD V\u00e4sternorrland","isPartOf":{"@id":"https:\/\/wp.kristdemokraterna.se\/vasternorrland\/#website"},"primaryImageOfPage":{"@id":"https:\/\/wp.kristdemokraterna.se\/vasternorrland\/valet-2022\/lars-eidenvall-redo-att-gora-skillnad\/#primaryimage"},"image":{"@id":"https:\/\/wp.kristdemokraterna.se\/vasternorrland\/valet-2022\/lars-eidenvall-redo-att-gora-skillnad\/#primaryimage"},"thumbnailUrl":"http:\/\/wp.kristdemokraterna.se\/vasternorrland\/files\/2022\/05\/lars-eidenvall-300x168.jpg","datePublished":"2022-05-24T07:44:56+00:00","dateModified":"2022-05-24T07:48:22+00:00","breadcrumb":{"@id":"https:\/\/wp.kristdemokraterna.se\/vasternorrland\/valet-2022\/lars-eidenvall-redo-att-gora-skillnad\/#breadcrumb"},"inLanguage":"sv-SE","potentialAction":[{"@type":"ReadAction","target":["https:\/\/wp.kristdemokraterna.se\/vasternorrland\/valet-2022\/lars-eidenvall-redo-att-gora-skillnad\/"]}]},{"@type":"ImageObject","inLanguage":"sv-SE","@id":"https:\/\/wp.kristdemokraterna.se\/vasternorrland\/valet-2022\/lars-eidenvall-redo-att-gora-skillnad\/#primaryimage","url":"http:\/\/wp.kristdemokraterna.se\/vasternorrland\/files\/2022\/05\/lars-eidenvall-300x168.jpg","contentUrl":"http:\/\/wp.kristdemokraterna.se\/vasternorrland\/files\/2022\/05\/lars-eidenvall-300x168.jpg"},{"@type":"BreadcrumbList","@id":"https:\/\/wp.kristdemokraterna.se\/vasternorrland\/valet-2022\/lars-eidenvall-redo-att-gora-skillnad\/#breadcrumb","itemListElement":[{"@type":"ListItem","position":1,"name":"Hem","item":"https:\/\/wp.kristdemokraterna.se\/vasternorrland\/"},{"@type":"ListItem","position":2,"name":"Valet 2022","item":"https:\/\/wp.kristdemokraterna.se\/vasternorrland\/valet-2022\/"},{"@type":"ListItem","position":3,"name":"Lars Eidenvall &#8211; Redo att g\u00f6ra skillnad!"}]},{"@type":"WebSite","@id":"https:\/\/wp.kristdemokraterna.se\/vasternorrland\/#website","url":"https:\/\/wp.kristdemokraterna.se\/vasternorrland\/","name":"KD V\u00e4sternorrland","description":"V\u00e5rda v\u00e5rden - utveckla prim\u00e4rv\u00e5rden","inLanguage":"sv-SE"}]}},"_links":{"self":[{"href":"https:\/\/wp.kristdemokraterna.se\/vasternorrland\/wp-json\/wp\/v2\/pages\/352298","targetHints":{"allow":["GET"]}}],"collection":[{"href":"https:\/\/wp.kristdemokraterna.se\/vasternorrland\/wp-json\/wp\/v2\/pages"}],"about":[{"href":"https:\/\/wp.kristdemokraterna.se\/vasternorrland\/wp-json\/wp\/v2\/types\/page"}],"author":[{"embeddable":true,"href":"https:\/\/wp.kristdemokraterna.se\/vasternorrland\/wp-json\/wp\/v2\/users\/861"}],"replies":[{"embeddable":true,"href":"https:\/\/wp.kristdemokraterna.se\/vasternorrland\/wp-json\/wp\/v2\/comments?post=352298"}],"version-history":[{"count":1,"href":"https:\/\/wp.kristdemokraterna.se\/vasternorrland\/wp-json\/wp\/v2\/pages\/352298\/revisions"}],"predecessor-version":[{"id":352300,"href":"https:\/\/wp.kristdemokraterna.se\/vasternorrland\/wp-json\/wp\/v2\/pages\/352298\/revisions\/352300"}],"up":[{"embeddable":true,"href":"https:\/\/wp.kristdemokraterna.se\/vasternorrland\/wp-json\/wp\/v2\/pages\/352301"}],"wp:attachment":[{"href":"https:\/\/wp.kristdemokraterna.se\/vasternorrland\/wp-json\/wp\/v2\/media?parent=352298"}],"curies":[{"name":"wp","href":"https:\/\/api.w.org\/{rel}","templated":true}]}}