{"id":265,"date":"2017-11-29T16:47:40","date_gmt":"2017-11-29T15:47:40","guid":{"rendered":"https:\/\/wp.kristdemokraterna.se\/vast\/?page_id=265"},"modified":"2026-02-25T14:46:46","modified_gmt":"2026-02-25T13:46:46","slug":"startsida","status":"publish","type":"page","link":"https:\/\/wp.kristdemokraterna.se\/vastervik\/","title":{"rendered":"Startsida"},"content":{"rendered":"<p><strong>V\u00e5rt\u00a0m\u00e5l \u00e4r ett samh\u00e4lle d\u00e4r friheten att forma sitt eget liv g\u00e5r hand i hand med ansvaret f\u00f6r sin medm\u00e4nniska. Vi vill bygga ett samh\u00e4lle som h\u00e5ller samman. Ingen ska h\u00e5llas tillbaka och ingen ska l\u00e4mnas efter.<\/strong><\/p>\n","protected":false},"excerpt":{"rendered":"<p>V\u00e5rt\u00a0m\u00e5l \u00e4r ett samh\u00e4lle d\u00e4r friheten att forma sitt eget liv g\u00e5r hand i hand med ansvaret f\u00f6r sin medm\u00e4nniska. Vi vill bygga ett samh\u00e4lle som h\u00e5ller samman. Ingen ska h\u00e5llas tillbaka och ingen ska l\u00e4mnas efter.<\/p>\n","protected":false},"author":1081,"featured_media":0,"parent":0,"menu_order":1,"comment_status":"closed","ping_status":"closed","template":"index.php","meta":{"_acf_changed":false,"footnotes":""},"class_list":["post-265","page","type-page","status-publish","hentry"],"acf":[],"yoast_head":"<!-- This site is optimized with the Yoast SEO plugin v27.4 - https:\/\/yoast.com\/product\/yoast-seo-wordpress\/ -->\n<title>Kristdemokraterna | V\u00e4stervik<\/title>\n<meta name=\"description\" content=\"V\u00e4lkommen till Kristdemokraterna i V\u00e4stervik! H\u00e4r hittar du v\u00e5r politik, lokala initiativ och hur vi arbetar f\u00f6r en b\u00e4ttre framtid f\u00f6r v\u00e5r kommun. Engagera dig f\u00f6r ett V\u00e4stervik med trygghet, omtanke och h\u00e5llbar utveckling.\" \/>\n<meta name=\"robots\" content=\"index, follow, max-snippet:-1, max-image-preview:large, max-video-preview:-1\" \/>\n<link rel=\"canonical\" href=\"https:\/\/wp.kristdemokraterna.se\/vastervik\/\" \/>\n<meta property=\"og:locale\" content=\"sv_SE\" \/>\n<meta property=\"og:type\" content=\"article\" \/>\n<meta property=\"og:title\" content=\"Kristdemokraterna | V\u00e4stervik\" \/>\n<meta property=\"og:description\" content=\"V\u00e4lkommen till Kristdemokraterna i V\u00e4stervik! H\u00e4r hittar du v\u00e5r politik, lokala initiativ och hur vi arbetar f\u00f6r en b\u00e4ttre framtid f\u00f6r v\u00e5r kommun. Engagera dig f\u00f6r ett V\u00e4stervik med trygghet, omtanke och h\u00e5llbar utveckling.\" \/>\n<meta property=\"og:url\" content=\"https:\/\/wp.kristdemokraterna.se\/vastervik\/\" \/>\n<meta property=\"og:site_name\" content=\"Kristdemokraterna | V\u00e4stervik\" \/>\n<meta property=\"article:modified_time\" content=\"2026-02-25T13:46:46+00:00\" \/>\n<meta name=\"twitter:card\" content=\"summary_large_image\" \/>\n<meta name=\"twitter:label1\" content=\"Ber\u00e4knad l\u00e4stid\" \/>\n\t<meta name=\"twitter:data1\" content=\"1 minut\" \/>\n<script type=\"application\/ld+json\" class=\"yoast-schema-graph\">{\"@context\":\"https:\\\/\\\/schema.org\",\"@graph\":[{\"@type\":\"WebPage\",\"@id\":\"https:\\\/\\\/wp.kristdemokraterna.se\\\/vastervik\\\/\",\"url\":\"https:\\\/\\\/wp.kristdemokraterna.se\\\/vastervik\\\/\",\"name\":\"Kristdemokraterna | V\u00e4stervik\",\"isPartOf\":{\"@id\":\"https:\\\/\\\/wp.kristdemokraterna.se\\\/vastervik\\\/#website\"},\"datePublished\":\"2017-11-29T15:47:40+00:00\",\"dateModified\":\"2026-02-25T13:46:46+00:00\",\"description\":\"V\u00e4lkommen till Kristdemokraterna i V\u00e4stervik! H\u00e4r hittar du v\u00e5r politik, lokala initiativ och hur vi arbetar f\u00f6r en b\u00e4ttre framtid f\u00f6r v\u00e5r kommun. Engagera dig f\u00f6r ett V\u00e4stervik med trygghet, omtanke och h\u00e5llbar utveckling.\",\"breadcrumb\":{\"@id\":\"https:\\\/\\\/wp.kristdemokraterna.se\\\/vastervik\\\/#breadcrumb\"},\"inLanguage\":\"sv-SE\",\"potentialAction\":[{\"@type\":\"ReadAction\",\"target\":[\"https:\\\/\\\/wp.kristdemokraterna.se\\\/vastervik\\\/\"]}]},{\"@type\":\"BreadcrumbList\",\"@id\":\"https:\\\/\\\/wp.kristdemokraterna.se\\\/vastervik\\\/#breadcrumb\",\"itemListElement\":[{\"@type\":\"ListItem\",\"position\":1,\"name\":\"Hem\",\"item\":\"https:\\\/\\\/wp.kristdemokraterna.se\\\/vastervik\\\/\"},{\"@type\":\"ListItem\",\"position\":2,\"name\":\"Startsida\"}]},{\"@type\":\"WebSite\",\"@id\":\"https:\\\/\\\/wp.kristdemokraterna.se\\\/vastervik\\\/#website\",\"url\":\"https:\\\/\\\/wp.kristdemokraterna.se\\\/vastervik\\\/\",\"name\":\"Kristdemokraterna | V\u00e4stervik\",\"description\":\"En till Kristdemokraterna webbplats\",\"inLanguage\":\"sv-SE\"}]}<\/script>\n<!-- \/ Yoast SEO plugin. -->","yoast_head_json":{"title":"Kristdemokraterna | V\u00e4stervik","description":"V\u00e4lkommen till Kristdemokraterna i V\u00e4stervik! H\u00e4r hittar du v\u00e5r politik, lokala initiativ och hur vi arbetar f\u00f6r en b\u00e4ttre framtid f\u00f6r v\u00e5r kommun. Engagera dig f\u00f6r ett V\u00e4stervik med trygghet, omtanke och h\u00e5llbar utveckling.","robots":{"index":"index","follow":"follow","max-snippet":"max-snippet:-1","max-image-preview":"max-image-preview:large","max-video-preview":"max-video-preview:-1"},"canonical":"https:\/\/wp.kristdemokraterna.se\/vastervik\/","og_locale":"sv_SE","og_type":"article","og_title":"Kristdemokraterna | V\u00e4stervik","og_description":"V\u00e4lkommen till Kristdemokraterna i V\u00e4stervik! H\u00e4r hittar du v\u00e5r politik, lokala initiativ och hur vi arbetar f\u00f6r en b\u00e4ttre framtid f\u00f6r v\u00e5r kommun. Engagera dig f\u00f6r ett V\u00e4stervik med trygghet, omtanke och h\u00e5llbar utveckling.","og_url":"https:\/\/wp.kristdemokraterna.se\/vastervik\/","og_site_name":"Kristdemokraterna | V\u00e4stervik","article_modified_time":"2026-02-25T13:46:46+00:00","twitter_card":"summary_large_image","twitter_misc":{"Ber\u00e4knad l\u00e4stid":"1 minut"},"schema":{"@context":"https:\/\/schema.org","@graph":[{"@type":"WebPage","@id":"https:\/\/wp.kristdemokraterna.se\/vastervik\/","url":"https:\/\/wp.kristdemokraterna.se\/vastervik\/","name":"Kristdemokraterna | V\u00e4stervik","isPartOf":{"@id":"https:\/\/wp.kristdemokraterna.se\/vastervik\/#website"},"datePublished":"2017-11-29T15:47:40+00:00","dateModified":"2026-02-25T13:46:46+00:00","description":"V\u00e4lkommen till Kristdemokraterna i V\u00e4stervik! H\u00e4r hittar du v\u00e5r politik, lokala initiativ och hur vi arbetar f\u00f6r en b\u00e4ttre framtid f\u00f6r v\u00e5r kommun. Engagera dig f\u00f6r ett V\u00e4stervik med trygghet, omtanke och h\u00e5llbar utveckling.","breadcrumb":{"@id":"https:\/\/wp.kristdemokraterna.se\/vastervik\/#breadcrumb"},"inLanguage":"sv-SE","potentialAction":[{"@type":"ReadAction","target":["https:\/\/wp.kristdemokraterna.se\/vastervik\/"]}]},{"@type":"BreadcrumbList","@id":"https:\/\/wp.kristdemokraterna.se\/vastervik\/#breadcrumb","itemListElement":[{"@type":"ListItem","position":1,"name":"Hem","item":"https:\/\/wp.kristdemokraterna.se\/vastervik\/"},{"@type":"ListItem","position":2,"name":"Startsida"}]},{"@type":"WebSite","@id":"https:\/\/wp.kristdemokraterna.se\/vastervik\/#website","url":"https:\/\/wp.kristdemokraterna.se\/vastervik\/","name":"Kristdemokraterna | V\u00e4stervik","description":"En till Kristdemokraterna webbplats","inLanguage":"sv-SE"}]}},"_links":{"self":[{"href":"https:\/\/wp.kristdemokraterna.se\/vastervik\/wp-json\/wp\/v2\/pages\/265","targetHints":{"allow":["GET"]}}],"collection":[{"href":"https:\/\/wp.kristdemokraterna.se\/vastervik\/wp-json\/wp\/v2\/pages"}],"about":[{"href":"https:\/\/wp.kristdemokraterna.se\/vastervik\/wp-json\/wp\/v2\/types\/page"}],"author":[{"embeddable":true,"href":"https:\/\/wp.kristdemokraterna.se\/vastervik\/wp-json\/wp\/v2\/users\/1081"}],"replies":[{"embeddable":true,"href":"https:\/\/wp.kristdemokraterna.se\/vastervik\/wp-json\/wp\/v2\/comments?post=265"}],"version-history":[{"count":83,"href":"https:\/\/wp.kristdemokraterna.se\/vastervik\/wp-json\/wp\/v2\/pages\/265\/revisions"}],"predecessor-version":[{"id":678,"href":"https:\/\/wp.kristdemokraterna.se\/vastervik\/wp-json\/wp\/v2\/pages\/265\/revisions\/678"}],"wp:attachment":[{"href":"https:\/\/wp.kristdemokraterna.se\/vastervik\/wp-json\/wp\/v2\/media?parent=265"}],"curies":[{"name":"wp","href":"https:\/\/api.w.org\/{rel}","templated":true}]}}

<p><strong>Vårt mål är ett samhälle där friheten att forma sitt eget liv går hand i hand med ansvaret för sin medmänniska. Vi vill bygga ett samhälle som håller samman. Ingen ska hållas tillbaka och ingen ska lämnas efter.</strong></p>

<p>Vårt mål är ett samhälle där friheten att forma sitt eget liv går hand i hand med ansvaret för sin medmänniska. Vi vill bygga ett samhälle som håller samman. Ingen ska hållas tillbaka och ingen ska lämnas efter.</p>

<!-- This site is optimized with the Yoast SEO plugin v27.4 - https://yoast.com/product/yoast-seo-wordpress/ -->
<title>Kristdemokraterna | Västervik</title>
<meta name="description" content="Välkommen till Kristdemokraterna i Västervik! Här hittar du vår politik, lokala initiativ och hur vi arbetar för en bättre framtid för vår kommun. Engagera dig för ett Västervik med trygghet, omtanke och hållbar utveckling." />
<meta name="robots" content="index, follow, max-snippet:-1, max-image-preview:large, max-video-preview:-1" />
<link rel="canonical" href="https://wp.kristdemokraterna.se/vastervik/" />
<meta property="og:locale" content="sv_SE" />
<meta property="og:type" content="article" />
<meta property="og:title" content="Kristdemokraterna | Västervik" />
<meta property="og:description" content="Välkommen till Kristdemokraterna i Västervik! Här hittar du vår politik, lokala initiativ och hur vi arbetar för en bättre framtid för vår kommun. Engagera dig för ett Västervik med trygghet, omtanke och hållbar utveckling." />
<meta property="og:url" content="https://wp.kristdemokraterna.se/vastervik/" />
<meta property="og:site_name" content="Kristdemokraterna | Västervik" />
<meta property="article:modified_time" content="2026-02-25T13:46:46+00:00" />
<meta name="twitter:card" content="summary_large_image" />
<meta name="twitter:label1" content="Beräknad lästid" />
	<meta name="twitter:data1" content="1 minut" />
<script type="application/ld+json" class="yoast-schema-graph">{"@context":"https:\/\/schema.org","@graph":[{"@type":"WebPage","@id":"https:\/\/wp.kristdemokraterna.se\/vastervik\/","url":"https:\/\/wp.kristdemokraterna.se\/vastervik\/","name":"Kristdemokraterna | Västervik","isPartOf":{"@id":"https:\/\/wp.kristdemokraterna.se\/vastervik\/#website"},"datePublished":"2017-11-29T15:47:40+00:00","dateModified":"2026-02-25T13:46:46+00:00","description":"Välkommen till Kristdemokraterna i Västervik! Här hittar du vår politik, lokala initiativ och hur vi arbetar för en bättre framtid för vår kommun. Engagera dig för ett Västervik med trygghet, omtanke och hållbar utveckling.","breadcrumb":{"@id":"https:\/\/wp.kristdemokraterna.se\/vastervik\/#breadcrumb"},"inLanguage":"sv-SE","potentialAction":[{"@type":"ReadAction","target":["https:\/\/wp.kristdemokraterna.se\/vastervik\/"]}]},{"@type":"BreadcrumbList","@id":"https:\/\/wp.kristdemokraterna.se\/vastervik\/#breadcrumb","itemListElement":[{"@type":"ListItem","position":1,"name":"Hem","item":"https:\/\/wp.kristdemokraterna.se\/vastervik\/"},{"@type":"ListItem","position":2,"name":"Startsida"}]},{"@type":"WebSite","@id":"https:\/\/wp.kristdemokraterna.se\/vastervik\/#website","url":"https:\/\/wp.kristdemokraterna.se\/vastervik\/","name":"Kristdemokraterna | Västervik","description":"En till Kristdemokraterna webbplats","inLanguage":"sv-SE"}]}</script>
<!-- / Yoast SEO plugin. -->

Kristdemokraterna | Västervik

Välkommen till Kristdemokraterna i Västervik! Här hittar du vår politik, lokala initiativ och hur vi arbetar för en bättre framtid för vår kommun. Engagera dig för ett Västervik med trygghet, omtanke och hållbar utveckling.
