{"id":2168,"date":"2023-01-25T22:43:38","date_gmt":"2023-01-25T21:43:38","guid":{"rendered":"https:\/\/wp.kristdemokraterna.se\/vaxjo\/?page_id=2168"},"modified":"2024-12-02T15:48:49","modified_gmt":"2024-12-02T14:48:49","slug":"styrelsen","status":"publish","type":"page","link":"https:\/\/wp.kristdemokraterna.se\/vaxjo\/styrelsen\/","title":{"rendered":"Styrelsen"},"content":{"rendered":"<p><strong>Kristdemokraterna V\u00e4xj\u00f6 styrelse <\/strong><\/p>\n<table>\n<tbody>\n<tr>\n<td>Gitten \u00d6holm<\/td>\n<td>Ordf\u00f6rande<\/td>\n<\/tr>\n<tr>\n<td>Ricardo Chavez<\/td>\n<td>Vice ordf\u00f6rande<\/td>\n<\/tr>\n<tr>\n<td><\/td>\n<td><\/td>\n<\/tr>\n<tr>\n<td>\u00a0<strong>Ledam\u00f6ter<\/strong><\/td>\n<td><strong>Ers\u00e4ttare<\/strong><\/td>\n<\/tr>\n<tr>\n<td>\u00a0Patrik \u00c5kesson<\/td>\n<td>Bertil Olsson<\/td>\n<\/tr>\n<tr>\n<td>Anna Zelvin<\/td>\n<td>Stanley K\u00e4llner<\/td>\n<\/tr>\n<tr>\n<td>\u00a0Jon Malmqvist<\/td>\n<td><\/td>\n<\/tr>\n<tr>\n<td>\u00a0Suzanne Strigelius<\/td>\n<td><\/td>\n<\/tr>\n<tr>\n<td>\u00a0Kaj-Mikael Petersson<\/td>\n<td><\/td>\n<\/tr>\n<\/tbody>\n<\/table>\n<p>&nbsp;<\/p>\n","protected":false},"excerpt":{"rendered":"<p>Kristdemokraterna V\u00e4xj\u00f6 styrelse Gitten \u00d6holm Ordf\u00f6rande Ricardo Chavez Vice ordf\u00f6rande \u00a0Ledam\u00f6ter Ers\u00e4ttare \u00a0Patrik \u00c5kesson Bertil Olsson Anna Zelvin Stanley K\u00e4llner \u00a0Jon Malmqvist \u00a0Suzanne Strigelius \u00a0Kaj-Mikael Petersson &nbsp;<\/p>\n","protected":false},"author":896,"featured_media":714,"parent":0,"menu_order":0,"comment_status":"closed","ping_status":"closed","template":"","meta":{"_acf_changed":false,"footnotes":""},"class_list":["post-2168","page","type-page","status-publish","hentry"],"acf":[],"yoast_head":"<!-- This site is optimized with the Yoast SEO plugin v27.5 - https:\/\/yoast.com\/product\/yoast-seo-wordpress\/ -->\n<title>Styrelsen - Kristdemokraterna | V\u00e4xj\u00f6<\/title>\n<meta name=\"robots\" content=\"index, follow, max-snippet:-1, max-image-preview:large, max-video-preview:-1\" \/>\n<link rel=\"canonical\" href=\"https:\/\/wp.kristdemokraterna.se\/vaxjo\/styrelsen\/\" \/>\n<meta property=\"og:locale\" content=\"sv_SE\" \/>\n<meta property=\"og:type\" content=\"article\" \/>\n<meta property=\"og:title\" content=\"Styrelsen - Kristdemokraterna | V\u00e4xj\u00f6\" \/>\n<meta property=\"og:description\" content=\"Kristdemokraterna V\u00e4xj\u00f6 styrelse Gitten \u00d6holm Ordf\u00f6rande Ricardo Chavez Vice ordf\u00f6rande \u00a0Ledam\u00f6ter Ers\u00e4ttare \u00a0Patrik \u00c5kesson Bertil Olsson Anna Zelvin Stanley K\u00e4llner \u00a0Jon Malmqvist \u00a0Suzanne Strigelius \u00a0Kaj-Mikael Petersson &nbsp;\" \/>\n<meta property=\"og:url\" content=\"https:\/\/wp.kristdemokraterna.se\/vaxjo\/styrelsen\/\" \/>\n<meta property=\"og:site_name\" content=\"Kristdemokraterna | V\u00e4xj\u00f6\" \/>\n<meta property=\"article:modified_time\" content=\"2024-12-02T14:48:49+00:00\" \/>\n<meta name=\"twitter:card\" content=\"summary_large_image\" \/>\n<meta name=\"twitter:label1\" content=\"Ber\u00e4knad l\u00e4stid\" \/>\n\t<meta name=\"twitter:data1\" content=\"1 minut\" \/>\n<script type=\"application\/ld+json\" class=\"yoast-schema-graph\">{\"@context\":\"https:\\\/\\\/schema.org\",\"@graph\":[{\"@type\":\"WebPage\",\"@id\":\"https:\\\/\\\/wp.kristdemokraterna.se\\\/vaxjo\\\/styrelsen\\\/\",\"url\":\"https:\\\/\\\/wp.kristdemokraterna.se\\\/vaxjo\\\/styrelsen\\\/\",\"name\":\"Styrelsen - Kristdemokraterna | V\u00e4xj\u00f6\",\"isPartOf\":{\"@id\":\"https:\\\/\\\/wp.kristdemokraterna.se\\\/vaxjo\\\/#website\"},\"primaryImageOfPage\":{\"@id\":\"https:\\\/\\\/wp.kristdemokraterna.se\\\/vaxjo\\\/styrelsen\\\/#primaryimage\"},\"image\":{\"@id\":\"https:\\\/\\\/wp.kristdemokraterna.se\\\/vaxjo\\\/styrelsen\\\/#primaryimage\"},\"thumbnailUrl\":\"\",\"datePublished\":\"2023-01-25T21:43:38+00:00\",\"dateModified\":\"2024-12-02T14:48:49+00:00\",\"breadcrumb\":{\"@id\":\"https:\\\/\\\/wp.kristdemokraterna.se\\\/vaxjo\\\/styrelsen\\\/#breadcrumb\"},\"inLanguage\":\"sv-SE\",\"potentialAction\":[{\"@type\":\"ReadAction\",\"target\":[\"https:\\\/\\\/wp.kristdemokraterna.se\\\/vaxjo\\\/styrelsen\\\/\"]}]},{\"@type\":\"ImageObject\",\"inLanguage\":\"sv-SE\",\"@id\":\"https:\\\/\\\/wp.kristdemokraterna.se\\\/vaxjo\\\/styrelsen\\\/#primaryimage\",\"url\":\"\",\"contentUrl\":\"\"},{\"@type\":\"BreadcrumbList\",\"@id\":\"https:\\\/\\\/wp.kristdemokraterna.se\\\/vaxjo\\\/styrelsen\\\/#breadcrumb\",\"itemListElement\":[{\"@type\":\"ListItem\",\"position\":1,\"name\":\"Hem\",\"item\":\"https:\\\/\\\/wp.kristdemokraterna.se\\\/vaxjo\\\/\"},{\"@type\":\"ListItem\",\"position\":2,\"name\":\"Styrelsen\"}]},{\"@type\":\"WebSite\",\"@id\":\"https:\\\/\\\/wp.kristdemokraterna.se\\\/vaxjo\\\/#website\",\"url\":\"https:\\\/\\\/wp.kristdemokraterna.se\\\/vaxjo\\\/\",\"name\":\"Kristdemokraterna | V\u00e4xj\u00f6\",\"description\":\"En till Kristdemokraterna webbplats\",\"inLanguage\":\"sv-SE\"}]}<\/script>\n<!-- \/ Yoast SEO plugin. -->","yoast_head_json":{"title":"Styrelsen - Kristdemokraterna | V\u00e4xj\u00f6","robots":{"index":"index","follow":"follow","max-snippet":"max-snippet:-1","max-image-preview":"max-image-preview:large","max-video-preview":"max-video-preview:-1"},"canonical":"https:\/\/wp.kristdemokraterna.se\/vaxjo\/styrelsen\/","og_locale":"sv_SE","og_type":"article","og_title":"Styrelsen - Kristdemokraterna | V\u00e4xj\u00f6","og_description":"Kristdemokraterna V\u00e4xj\u00f6 styrelse Gitten \u00d6holm Ordf\u00f6rande Ricardo Chavez Vice ordf\u00f6rande \u00a0Ledam\u00f6ter Ers\u00e4ttare \u00a0Patrik \u00c5kesson Bertil Olsson Anna Zelvin Stanley K\u00e4llner \u00a0Jon Malmqvist \u00a0Suzanne Strigelius \u00a0Kaj-Mikael Petersson &nbsp;","og_url":"https:\/\/wp.kristdemokraterna.se\/vaxjo\/styrelsen\/","og_site_name":"Kristdemokraterna | V\u00e4xj\u00f6","article_modified_time":"2024-12-02T14:48:49+00:00","twitter_card":"summary_large_image","twitter_misc":{"Ber\u00e4knad l\u00e4stid":"1 minut"},"schema":{"@context":"https:\/\/schema.org","@graph":[{"@type":"WebPage","@id":"https:\/\/wp.kristdemokraterna.se\/vaxjo\/styrelsen\/","url":"https:\/\/wp.kristdemokraterna.se\/vaxjo\/styrelsen\/","name":"Styrelsen - Kristdemokraterna | V\u00e4xj\u00f6","isPartOf":{"@id":"https:\/\/wp.kristdemokraterna.se\/vaxjo\/#website"},"primaryImageOfPage":{"@id":"https:\/\/wp.kristdemokraterna.se\/vaxjo\/styrelsen\/#primaryimage"},"image":{"@id":"https:\/\/wp.kristdemokraterna.se\/vaxjo\/styrelsen\/#primaryimage"},"thumbnailUrl":"","datePublished":"2023-01-25T21:43:38+00:00","dateModified":"2024-12-02T14:48:49+00:00","breadcrumb":{"@id":"https:\/\/wp.kristdemokraterna.se\/vaxjo\/styrelsen\/#breadcrumb"},"inLanguage":"sv-SE","potentialAction":[{"@type":"ReadAction","target":["https:\/\/wp.kristdemokraterna.se\/vaxjo\/styrelsen\/"]}]},{"@type":"ImageObject","inLanguage":"sv-SE","@id":"https:\/\/wp.kristdemokraterna.se\/vaxjo\/styrelsen\/#primaryimage","url":"","contentUrl":""},{"@type":"BreadcrumbList","@id":"https:\/\/wp.kristdemokraterna.se\/vaxjo\/styrelsen\/#breadcrumb","itemListElement":[{"@type":"ListItem","position":1,"name":"Hem","item":"https:\/\/wp.kristdemokraterna.se\/vaxjo\/"},{"@type":"ListItem","position":2,"name":"Styrelsen"}]},{"@type":"WebSite","@id":"https:\/\/wp.kristdemokraterna.se\/vaxjo\/#website","url":"https:\/\/wp.kristdemokraterna.se\/vaxjo\/","name":"Kristdemokraterna | V\u00e4xj\u00f6","description":"En till Kristdemokraterna webbplats","inLanguage":"sv-SE"}]}},"_links":{"self":[{"href":"https:\/\/wp.kristdemokraterna.se\/vaxjo\/wp-json\/wp\/v2\/pages\/2168","targetHints":{"allow":["GET"]}}],"collection":[{"href":"https:\/\/wp.kristdemokraterna.se\/vaxjo\/wp-json\/wp\/v2\/pages"}],"about":[{"href":"https:\/\/wp.kristdemokraterna.se\/vaxjo\/wp-json\/wp\/v2\/types\/page"}],"author":[{"embeddable":true,"href":"https:\/\/wp.kristdemokraterna.se\/vaxjo\/wp-json\/wp\/v2\/users\/896"}],"replies":[{"embeddable":true,"href":"https:\/\/wp.kristdemokraterna.se\/vaxjo\/wp-json\/wp\/v2\/comments?post=2168"}],"version-history":[{"count":2,"href":"https:\/\/wp.kristdemokraterna.se\/vaxjo\/wp-json\/wp\/v2\/pages\/2168\/revisions"}],"predecessor-version":[{"id":2397,"href":"https:\/\/wp.kristdemokraterna.se\/vaxjo\/wp-json\/wp\/v2\/pages\/2168\/revisions\/2397"}],"wp:featuredmedia":[{"embeddable":true,"href":"https:\/\/wp.kristdemokraterna.se\/vaxjo\/wp-json\/"}],"wp:attachment":[{"href":"https:\/\/wp.kristdemokraterna.se\/vaxjo\/wp-json\/wp\/v2\/media?parent=2168"}],"curies":[{"name":"wp","href":"https:\/\/api.w.org\/{rel}","templated":true}]}}

<p><strong>Kristdemokraterna Växjö styrelse </strong></p>
<table>
<tbody>
<tr>
<td>Gitten Öholm</td>
<td>Ordförande</td>
</tr>
<tr>
<td>Ricardo Chavez</td>
<td>Vice ordförande</td>
</tr>
<tr>
<td></td>
<td></td>
</tr>
<tr>
<td> <strong>Ledamöter</strong></td>
<td><strong>Ersättare</strong></td>
</tr>
<tr>
<td> Patrik Åkesson</td>
<td>Bertil Olsson</td>
</tr>
<tr>
<td>Anna Zelvin</td>
<td>Stanley Källner</td>
</tr>
<tr>
<td> Jon Malmqvist</td>
<td></td>
</tr>
<tr>
<td> Suzanne Strigelius</td>
<td></td>
</tr>
<tr>
<td> Kaj-Mikael Petersson</td>
<td></td>
</tr>
</tbody>
</table>
<p>&nbsp;</p>

<p>Kristdemokraterna Växjö styrelse Gitten Öholm Ordförande Ricardo Chavez Vice ordförande  Ledamöter Ersättare  Patrik Åkesson Bertil Olsson Anna Zelvin Stanley Källner  Jon Malmqvist  Suzanne Strigelius  Kaj-Mikael Petersson &nbsp;</p>

<!-- This site is optimized with the Yoast SEO plugin v27.5 - https://yoast.com/product/yoast-seo-wordpress/ -->
<title>Styrelsen - Kristdemokraterna | Växjö</title>
<meta name="robots" content="index, follow, max-snippet:-1, max-image-preview:large, max-video-preview:-1" />
<link rel="canonical" href="https://wp.kristdemokraterna.se/vaxjo/styrelsen/" />
<meta property="og:locale" content="sv_SE" />
<meta property="og:type" content="article" />
<meta property="og:title" content="Styrelsen - Kristdemokraterna | Växjö" />
<meta property="og:description" content="Kristdemokraterna Växjö styrelse Gitten Öholm Ordförande Ricardo Chavez Vice ordförande  Ledamöter Ersättare  Patrik Åkesson Bertil Olsson Anna Zelvin Stanley Källner  Jon Malmqvist  Suzanne Strigelius  Kaj-Mikael Petersson &nbsp;" />
<meta property="og:url" content="https://wp.kristdemokraterna.se/vaxjo/styrelsen/" />
<meta property="og:site_name" content="Kristdemokraterna | Växjö" />
<meta property="article:modified_time" content="2024-12-02T14:48:49+00:00" />
<meta name="twitter:card" content="summary_large_image" />
<meta name="twitter:label1" content="Beräknad lästid" />
	<meta name="twitter:data1" content="1 minut" />
<script type="application/ld+json" class="yoast-schema-graph">{"@context":"https:\/\/schema.org","@graph":[{"@type":"WebPage","@id":"https:\/\/wp.kristdemokraterna.se\/vaxjo\/styrelsen\/","url":"https:\/\/wp.kristdemokraterna.se\/vaxjo\/styrelsen\/","name":"Styrelsen - Kristdemokraterna | Växjö","isPartOf":{"@id":"https:\/\/wp.kristdemokraterna.se\/vaxjo\/#website"},"primaryImageOfPage":{"@id":"https:\/\/wp.kristdemokraterna.se\/vaxjo\/styrelsen\/#primaryimage"},"image":{"@id":"https:\/\/wp.kristdemokraterna.se\/vaxjo\/styrelsen\/#primaryimage"},"thumbnailUrl":"","datePublished":"2023-01-25T21:43:38+00:00","dateModified":"2024-12-02T14:48:49+00:00","breadcrumb":{"@id":"https:\/\/wp.kristdemokraterna.se\/vaxjo\/styrelsen\/#breadcrumb"},"inLanguage":"sv-SE","potentialAction":[{"@type":"ReadAction","target":["https:\/\/wp.kristdemokraterna.se\/vaxjo\/styrelsen\/"]}]},{"@type":"ImageObject","inLanguage":"sv-SE","@id":"https:\/\/wp.kristdemokraterna.se\/vaxjo\/styrelsen\/#primaryimage","url":"","contentUrl":""},{"@type":"BreadcrumbList","@id":"https:\/\/wp.kristdemokraterna.se\/vaxjo\/styrelsen\/#breadcrumb","itemListElement":[{"@type":"ListItem","position":1,"name":"Hem","item":"https:\/\/wp.kristdemokraterna.se\/vaxjo\/"},{"@type":"ListItem","position":2,"name":"Styrelsen"}]},{"@type":"WebSite","@id":"https:\/\/wp.kristdemokraterna.se\/vaxjo\/#website","url":"https:\/\/wp.kristdemokraterna.se\/vaxjo\/","name":"Kristdemokraterna | Växjö","description":"En till Kristdemokraterna webbplats","inLanguage":"sv-SE"}]}</script>
<!-- / Yoast SEO plugin. -->

Styrelsen - Kristdemokraterna | Växjö

Kristdemokraterna Växjö styrelse Gitten Öholm Ordförande Ricardo Chavez Vice ordförande  Ledamöter Ersättare  Patrik Åkesson Bertil Olsson Anna Zelvin Stanley Källner  Jon Malmqvist  Suzanne Strigelius  Kaj-Mikael Petersson &nbsp;

Kristdemokraterna | Växjö
