{"id":2174,"date":"2023-01-25T22:52:55","date_gmt":"2023-01-25T21:52:55","guid":{"rendered":"https:\/\/wp.kristdemokraterna.se\/vaxjo\/?page_id=2174"},"modified":"2024-12-03T10:50:54","modified_gmt":"2024-12-03T09:50:54","slug":"kalender","status":"publish","type":"page","link":"https:\/\/wp.kristdemokraterna.se\/vaxjo\/kalender\/","title":{"rendered":"Kalender 2025"},"content":{"rendered":"<p><strong>Januari<\/strong><\/p>\n<ul>\n<li>M\u00e5ndag 13: Kommunpolitiskgruppm\u00f6te, Kommunhuset<\/li>\n<\/ul>\n<p><strong>Februari<\/strong><\/p>\n<ul>\n<li>M\u00e5ndag 3: Kommunpolitiskgruppm\u00f6te, Kommunhuset<\/li>\n<\/ul>\n<p><strong>Mars<\/strong><\/p>\n<ul>\n<li>M\u00e5ndag 10: Kommunpolitiskgruppm\u00f6te, Kommunhuset<\/li>\n<\/ul>\n<p><strong>April<\/strong><\/p>\n<ul>\n<li>Fredag 4 &#8211; L\u00f6rdag 5: KD dagarna, Karlstad<\/li>\n<li>M\u00e5ndag 7: Kommunpolitiskgruppm\u00f6te, Kommunhuset<\/li>\n<\/ul>\n<p><strong>Maj<\/strong><\/p>\n<ul>\n<li>M\u00e5ndag 5: Kommunpolitiskgruppm\u00f6te, Kommunhuset<\/li>\n<\/ul>\n<p><strong>Juni<\/strong><\/p>\n<ul>\n<li>M\u00e5ndag 2: Kommunpolitiskgruppm\u00f6te, Kommunhuset<\/li>\n<\/ul>\n","protected":false},"excerpt":{"rendered":"<p>Januari M\u00e5ndag 13: Kommunpolitiskgruppm\u00f6te, Kommunhuset Februari M\u00e5ndag 3: Kommunpolitiskgruppm\u00f6te, Kommunhuset Mars M\u00e5ndag 10: Kommunpolitiskgruppm\u00f6te, Kommunhuset April Fredag 4 &#8211; L\u00f6rdag 5: KD dagarna, Karlstad M\u00e5ndag 7: Kommunpolitiskgruppm\u00f6te, Kommunhuset Maj M\u00e5ndag 5: Kommunpolitiskgruppm\u00f6te, Kommunhuset Juni M\u00e5ndag 2: Kommunpolitiskgruppm\u00f6te, Kommunhuset<\/p>\n","protected":false},"author":896,"featured_media":714,"parent":0,"menu_order":0,"comment_status":"closed","ping_status":"closed","template":"","meta":{"_acf_changed":false,"footnotes":""},"class_list":["post-2174","page","type-page","status-publish","hentry"],"acf":[],"yoast_head":"<!-- This site is optimized with the Yoast SEO plugin v27.4 - https:\/\/yoast.com\/product\/yoast-seo-wordpress\/ -->\n<title>Kalender 2025 - Kristdemokraterna | V\u00e4xj\u00f6<\/title>\n<meta name=\"robots\" content=\"index, follow, max-snippet:-1, max-image-preview:large, max-video-preview:-1\" \/>\n<link rel=\"canonical\" href=\"https:\/\/wp.kristdemokraterna.se\/vaxjo\/kalender\/\" \/>\n<meta property=\"og:locale\" content=\"sv_SE\" \/>\n<meta property=\"og:type\" content=\"article\" \/>\n<meta property=\"og:title\" content=\"Kalender 2025 - Kristdemokraterna | V\u00e4xj\u00f6\" \/>\n<meta property=\"og:description\" content=\"Januari M\u00e5ndag 13: Kommunpolitiskgruppm\u00f6te, Kommunhuset Februari M\u00e5ndag 3: Kommunpolitiskgruppm\u00f6te, Kommunhuset Mars M\u00e5ndag 10: Kommunpolitiskgruppm\u00f6te, Kommunhuset April Fredag 4 &#8211; L\u00f6rdag 5: KD dagarna, Karlstad M\u00e5ndag 7: Kommunpolitiskgruppm\u00f6te, Kommunhuset Maj M\u00e5ndag 5: Kommunpolitiskgruppm\u00f6te, Kommunhuset Juni M\u00e5ndag 2: Kommunpolitiskgruppm\u00f6te, Kommunhuset\" \/>\n<meta property=\"og:url\" content=\"https:\/\/wp.kristdemokraterna.se\/vaxjo\/kalender\/\" \/>\n<meta property=\"og:site_name\" content=\"Kristdemokraterna | V\u00e4xj\u00f6\" \/>\n<meta property=\"article:modified_time\" content=\"2024-12-03T09:50:54+00:00\" \/>\n<meta name=\"twitter:card\" content=\"summary_large_image\" \/>\n<meta name=\"twitter:label1\" content=\"Ber\u00e4knad l\u00e4stid\" \/>\n\t<meta name=\"twitter:data1\" content=\"1 minut\" \/>\n<script type=\"application\/ld+json\" class=\"yoast-schema-graph\">{\"@context\":\"https:\\\/\\\/schema.org\",\"@graph\":[{\"@type\":\"WebPage\",\"@id\":\"https:\\\/\\\/wp.kristdemokraterna.se\\\/vaxjo\\\/kalender\\\/\",\"url\":\"https:\\\/\\\/wp.kristdemokraterna.se\\\/vaxjo\\\/kalender\\\/\",\"name\":\"Kalender 2025 - Kristdemokraterna | V\u00e4xj\u00f6\",\"isPartOf\":{\"@id\":\"https:\\\/\\\/wp.kristdemokraterna.se\\\/vaxjo\\\/#website\"},\"primaryImageOfPage\":{\"@id\":\"https:\\\/\\\/wp.kristdemokraterna.se\\\/vaxjo\\\/kalender\\\/#primaryimage\"},\"image\":{\"@id\":\"https:\\\/\\\/wp.kristdemokraterna.se\\\/vaxjo\\\/kalender\\\/#primaryimage\"},\"thumbnailUrl\":\"\",\"datePublished\":\"2023-01-25T21:52:55+00:00\",\"dateModified\":\"2024-12-03T09:50:54+00:00\",\"breadcrumb\":{\"@id\":\"https:\\\/\\\/wp.kristdemokraterna.se\\\/vaxjo\\\/kalender\\\/#breadcrumb\"},\"inLanguage\":\"sv-SE\",\"potentialAction\":[{\"@type\":\"ReadAction\",\"target\":[\"https:\\\/\\\/wp.kristdemokraterna.se\\\/vaxjo\\\/kalender\\\/\"]}]},{\"@type\":\"ImageObject\",\"inLanguage\":\"sv-SE\",\"@id\":\"https:\\\/\\\/wp.kristdemokraterna.se\\\/vaxjo\\\/kalender\\\/#primaryimage\",\"url\":\"\",\"contentUrl\":\"\"},{\"@type\":\"BreadcrumbList\",\"@id\":\"https:\\\/\\\/wp.kristdemokraterna.se\\\/vaxjo\\\/kalender\\\/#breadcrumb\",\"itemListElement\":[{\"@type\":\"ListItem\",\"position\":1,\"name\":\"Hem\",\"item\":\"https:\\\/\\\/wp.kristdemokraterna.se\\\/vaxjo\\\/\"},{\"@type\":\"ListItem\",\"position\":2,\"name\":\"Kalender 2025\"}]},{\"@type\":\"WebSite\",\"@id\":\"https:\\\/\\\/wp.kristdemokraterna.se\\\/vaxjo\\\/#website\",\"url\":\"https:\\\/\\\/wp.kristdemokraterna.se\\\/vaxjo\\\/\",\"name\":\"Kristdemokraterna | V\u00e4xj\u00f6\",\"description\":\"En till Kristdemokraterna webbplats\",\"inLanguage\":\"sv-SE\"}]}<\/script>\n<!-- \/ Yoast SEO plugin. -->","yoast_head_json":{"title":"Kalender 2025 - Kristdemokraterna | V\u00e4xj\u00f6","robots":{"index":"index","follow":"follow","max-snippet":"max-snippet:-1","max-image-preview":"max-image-preview:large","max-video-preview":"max-video-preview:-1"},"canonical":"https:\/\/wp.kristdemokraterna.se\/vaxjo\/kalender\/","og_locale":"sv_SE","og_type":"article","og_title":"Kalender 2025 - Kristdemokraterna | V\u00e4xj\u00f6","og_description":"Januari M\u00e5ndag 13: Kommunpolitiskgruppm\u00f6te, Kommunhuset Februari M\u00e5ndag 3: Kommunpolitiskgruppm\u00f6te, Kommunhuset Mars M\u00e5ndag 10: Kommunpolitiskgruppm\u00f6te, Kommunhuset April Fredag 4 &#8211; L\u00f6rdag 5: KD dagarna, Karlstad M\u00e5ndag 7: Kommunpolitiskgruppm\u00f6te, Kommunhuset Maj M\u00e5ndag 5: Kommunpolitiskgruppm\u00f6te, Kommunhuset Juni M\u00e5ndag 2: Kommunpolitiskgruppm\u00f6te, Kommunhuset","og_url":"https:\/\/wp.kristdemokraterna.se\/vaxjo\/kalender\/","og_site_name":"Kristdemokraterna | V\u00e4xj\u00f6","article_modified_time":"2024-12-03T09:50:54+00:00","twitter_card":"summary_large_image","twitter_misc":{"Ber\u00e4knad l\u00e4stid":"1 minut"},"schema":{"@context":"https:\/\/schema.org","@graph":[{"@type":"WebPage","@id":"https:\/\/wp.kristdemokraterna.se\/vaxjo\/kalender\/","url":"https:\/\/wp.kristdemokraterna.se\/vaxjo\/kalender\/","name":"Kalender 2025 - Kristdemokraterna | V\u00e4xj\u00f6","isPartOf":{"@id":"https:\/\/wp.kristdemokraterna.se\/vaxjo\/#website"},"primaryImageOfPage":{"@id":"https:\/\/wp.kristdemokraterna.se\/vaxjo\/kalender\/#primaryimage"},"image":{"@id":"https:\/\/wp.kristdemokraterna.se\/vaxjo\/kalender\/#primaryimage"},"thumbnailUrl":"","datePublished":"2023-01-25T21:52:55+00:00","dateModified":"2024-12-03T09:50:54+00:00","breadcrumb":{"@id":"https:\/\/wp.kristdemokraterna.se\/vaxjo\/kalender\/#breadcrumb"},"inLanguage":"sv-SE","potentialAction":[{"@type":"ReadAction","target":["https:\/\/wp.kristdemokraterna.se\/vaxjo\/kalender\/"]}]},{"@type":"ImageObject","inLanguage":"sv-SE","@id":"https:\/\/wp.kristdemokraterna.se\/vaxjo\/kalender\/#primaryimage","url":"","contentUrl":""},{"@type":"BreadcrumbList","@id":"https:\/\/wp.kristdemokraterna.se\/vaxjo\/kalender\/#breadcrumb","itemListElement":[{"@type":"ListItem","position":1,"name":"Hem","item":"https:\/\/wp.kristdemokraterna.se\/vaxjo\/"},{"@type":"ListItem","position":2,"name":"Kalender 2025"}]},{"@type":"WebSite","@id":"https:\/\/wp.kristdemokraterna.se\/vaxjo\/#website","url":"https:\/\/wp.kristdemokraterna.se\/vaxjo\/","name":"Kristdemokraterna | V\u00e4xj\u00f6","description":"En till Kristdemokraterna webbplats","inLanguage":"sv-SE"}]}},"_links":{"self":[{"href":"https:\/\/wp.kristdemokraterna.se\/vaxjo\/wp-json\/wp\/v2\/pages\/2174","targetHints":{"allow":["GET"]}}],"collection":[{"href":"https:\/\/wp.kristdemokraterna.se\/vaxjo\/wp-json\/wp\/v2\/pages"}],"about":[{"href":"https:\/\/wp.kristdemokraterna.se\/vaxjo\/wp-json\/wp\/v2\/types\/page"}],"author":[{"embeddable":true,"href":"https:\/\/wp.kristdemokraterna.se\/vaxjo\/wp-json\/wp\/v2\/users\/896"}],"replies":[{"embeddable":true,"href":"https:\/\/wp.kristdemokraterna.se\/vaxjo\/wp-json\/wp\/v2\/comments?post=2174"}],"version-history":[{"count":3,"href":"https:\/\/wp.kristdemokraterna.se\/vaxjo\/wp-json\/wp\/v2\/pages\/2174\/revisions"}],"predecessor-version":[{"id":2400,"href":"https:\/\/wp.kristdemokraterna.se\/vaxjo\/wp-json\/wp\/v2\/pages\/2174\/revisions\/2400"}],"wp:featuredmedia":[{"embeddable":true,"href":"https:\/\/wp.kristdemokraterna.se\/vaxjo\/wp-json\/"}],"wp:attachment":[{"href":"https:\/\/wp.kristdemokraterna.se\/vaxjo\/wp-json\/wp\/v2\/media?parent=2174"}],"curies":[{"name":"wp","href":"https:\/\/api.w.org\/{rel}","templated":true}]}}