{"id":2176,"date":"2023-01-25T22:54:19","date_gmt":"2023-01-25T21:54:19","guid":{"rendered":"https:\/\/wp.kristdemokraterna.se\/vaxjo\/?page_id=2176"},"modified":"2024-12-03T15:03:17","modified_gmt":"2024-12-03T14:03:17","slug":"kommungruppen","status":"publish","type":"page","link":"https:\/\/wp.kristdemokraterna.se\/vaxjo\/kommungruppen\/","title":{"rendered":"Kommungruppen"},"content":{"rendered":"<p><strong><u>Jon Malmqvist<\/u><\/strong><\/p>\n<ul>\n<li>Kommunfullm\u00e4ktige<\/li>\n<li>Kommunstyrelsen<\/li>\n<li>Kommunstyrelsens organisations- och personalutskott<\/li>\n<li>V\u00e4xj\u00f6 Kommunf\u00f6retag AB<\/li>\n<li>Samh\u00e4llsbyggnadsn\u00e4mnden<\/li>\n<\/ul>\n<p><strong>\u00a0<\/strong><\/p>\n<p><strong><u>Patrik \u00c5kesson<\/u><\/strong><\/p>\n<ul>\n<li>Kommunfullm\u00e4ktige<\/li>\n<li>Gruppledare<\/li>\n<li>Kommunstyrelsen<\/li>\n<li>Kommunstyrelsens h\u00e5llbarhetsutskott<\/li>\n<li>V\u00f6fab Fastigheter AB<\/li>\n<\/ul>\n<p><strong>\u00a0<\/strong><\/p>\n<p><strong><u>Ricardo Chavez<\/u><\/strong><\/p>\n<ul>\n<li>Kommunfullm\u00e4ktige<\/li>\n<li>Politiska sekreterare<\/li>\n<li>Utbildningsn\u00e4mnden<\/li>\n<li>Vidingehem AB<\/li>\n<li>V\u00e4rends R\u00e4ddningstj\u00e4nst<\/li>\n<\/ul>\n<p><strong>\u00a0<\/strong><\/p>\n<p><strong><u>Kaj \u2013 Mikael Petersson<\/u><\/strong><\/p>\n<ul>\n<li>Kommunfullm\u00e4ktige<\/li>\n<li>Servicen\u00e4mnden<\/li>\n<li>Omsorgsn\u00e4mnden<\/li>\n<\/ul>\n<p><strong>\u00a0<\/strong><\/p>\n<p><strong><u>Anna Zelvin<\/u><\/strong><\/p>\n<ul>\n<li>Kommunfullm\u00e4ktige<\/li>\n<li>Omsorgsn\u00e4mnden<\/li>\n<\/ul>\n<p><strong>\u00a0<\/strong><\/p>\n<p><strong><u>Vincent Hammarstedt<\/u><\/strong><\/p>\n<ul>\n<li>Milj\u00f6- och byggn\u00e4mnden<\/li>\n<\/ul>\n<p>&nbsp;<\/p>\n<p><strong><u>Daniel J\u00e4derberg<\/u><\/strong><\/p>\n<ul>\n<li>Milj\u00f6- och byggn\u00e4mnden<\/li>\n<\/ul>\n<p>&nbsp;<\/p>\n<p><strong><u>Per-Olof Hj\u00e4lmefjord<\/u><\/strong><\/p>\n<ul>\n<li>N\u00e4mnden f\u00f6r arbete och v\u00e4lf\u00e4rd<\/li>\n<\/ul>\n<p><strong>\u00a0<\/strong><\/p>\n<p><strong><u>Eva Johnsson<\/u><\/strong><\/p>\n<ul>\n<li>N\u00e4mnden f\u00f6r arbete och v\u00e4lf\u00e4rd<\/li>\n<li>Landsbygdsr\u00e5d<\/li>\n<\/ul>\n<p><strong>\u00a0<\/strong><\/p>\n<p><strong><u>\u00c5sa Bj\u00f6rkman<\/u><\/strong><\/p>\n<ul>\n<li>Kultur- och fritidsn\u00e4mnden<\/li>\n<\/ul>\n<p><strong>\u00a0<\/strong><\/p>\n<p><strong><u>Gitten \u00d6holm<\/u><\/strong><\/p>\n<ul>\n<li>Kultur- och fritidsn\u00e4mnden<\/li>\n<\/ul>\n<p>&nbsp;<\/p>\n<p><strong><u>Stanley K\u00e4llner<\/u><\/strong><\/p>\n<ul>\n<li>Utbildningsn\u00e4mnden<\/li>\n<\/ul>\n<p><strong>\u00a0<\/strong><\/p>\n<p><strong><u>Suzanne Strigelius<\/u><\/strong><\/p>\n<ul>\n<li>Servicen\u00e4mnden<\/li>\n<\/ul>\n<p><strong>\u00a0<\/strong><\/p>\n<p><strong><u>Tommy Danielsson<\/u><\/strong><\/p>\n<ul>\n<li>V\u00e4xj\u00f6 Energi AB<\/li>\n<\/ul>\n<p><strong>\u00a0<\/strong><\/p>\n<p><strong><u>Gustaf Bergstr\u00f6m <\/u><\/strong><\/p>\n<ul>\n<li>Valn\u00e4mnden<\/li>\n<\/ul>\n<p>&nbsp;<\/p>\n<p><strong><u>Lennart Johnsson<\/u><\/strong><\/p>\n<ul>\n<li>Samh\u00e4llsbyggnadsn\u00e4mnden<\/li>\n<\/ul>\n<p>&nbsp;<\/p>\n<p><strong><u>G\u00f6ran Kannerby<\/u><\/strong><\/p>\n<ul>\n<li>Revisonen<\/li>\n<\/ul>\n","protected":false},"excerpt":{"rendered":"<p>Jon Malmqvist Kommunfullm\u00e4ktige Kommunstyrelsen Kommunstyrelsens organisations- och personalutskott V\u00e4xj\u00f6 Kommunf\u00f6retag AB Samh\u00e4llsbyggnadsn\u00e4mnden \u00a0 Patrik \u00c5kesson Kommunfullm\u00e4ktige Gruppledare Kommunstyrelsen Kommunstyrelsens h\u00e5llbarhetsutskott V\u00f6fab Fastigheter AB \u00a0 Ricardo Chavez Kommunfullm\u00e4ktige Politiska sekreterare Utbildningsn\u00e4mnden Vidingehem AB V\u00e4rends R\u00e4ddningstj\u00e4nst \u00a0 Kaj \u2013 Mikael Petersson Kommunfullm\u00e4ktige Servicen\u00e4mnden Omsorgsn\u00e4mnden \u00a0 Anna Zelvin Kommunfullm\u00e4ktige Omsorgsn\u00e4mnden \u00a0 Vincent Hammarstedt Milj\u00f6- och byggn\u00e4mnden &nbsp; Daniel <a class=\"read-more-link\" href=\"https:\/\/wp.kristdemokraterna.se\/vaxjo\/kommungruppen\/\">L\u00e4s mer<\/a><\/p>\n","protected":false},"author":896,"featured_media":714,"parent":0,"menu_order":0,"comment_status":"closed","ping_status":"closed","template":"","meta":{"_acf_changed":false,"footnotes":""},"class_list":["post-2176","page","type-page","status-publish","hentry"],"acf":[],"yoast_head":"<!-- This site is optimized with the Yoast SEO plugin v27.4 - https:\/\/yoast.com\/product\/yoast-seo-wordpress\/ -->\n<title>Kommungruppen - Kristdemokraterna | V\u00e4xj\u00f6<\/title>\n<meta name=\"robots\" content=\"index, follow, max-snippet:-1, max-image-preview:large, max-video-preview:-1\" \/>\n<link rel=\"canonical\" href=\"https:\/\/wp.kristdemokraterna.se\/vaxjo\/kommungruppen\/\" \/>\n<meta property=\"og:locale\" content=\"sv_SE\" \/>\n<meta property=\"og:type\" content=\"article\" \/>\n<meta property=\"og:title\" content=\"Kommungruppen - Kristdemokraterna | V\u00e4xj\u00f6\" \/>\n<meta property=\"og:description\" content=\"Jon Malmqvist Kommunfullm\u00e4ktige Kommunstyrelsen Kommunstyrelsens organisations- och personalutskott V\u00e4xj\u00f6 Kommunf\u00f6retag AB Samh\u00e4llsbyggnadsn\u00e4mnden \u00a0 Patrik \u00c5kesson Kommunfullm\u00e4ktige Gruppledare Kommunstyrelsen Kommunstyrelsens h\u00e5llbarhetsutskott V\u00f6fab Fastigheter AB \u00a0 Ricardo Chavez Kommunfullm\u00e4ktige Politiska sekreterare Utbildningsn\u00e4mnden Vidingehem AB V\u00e4rends R\u00e4ddningstj\u00e4nst \u00a0 Kaj \u2013 Mikael Petersson Kommunfullm\u00e4ktige Servicen\u00e4mnden Omsorgsn\u00e4mnden \u00a0 Anna Zelvin Kommunfullm\u00e4ktige Omsorgsn\u00e4mnden \u00a0 Vincent Hammarstedt Milj\u00f6- och byggn\u00e4mnden &nbsp; Daniel L\u00e4s mer\" \/>\n<meta property=\"og:url\" content=\"https:\/\/wp.kristdemokraterna.se\/vaxjo\/kommungruppen\/\" \/>\n<meta property=\"og:site_name\" content=\"Kristdemokraterna | V\u00e4xj\u00f6\" \/>\n<meta property=\"article:modified_time\" content=\"2024-12-03T14:03:17+00:00\" \/>\n<meta name=\"twitter:card\" content=\"summary_large_image\" \/>\n<meta name=\"twitter:label1\" content=\"Ber\u00e4knad l\u00e4stid\" \/>\n\t<meta name=\"twitter:data1\" content=\"1 minut\" \/>\n<script type=\"application\/ld+json\" class=\"yoast-schema-graph\">{\"@context\":\"https:\\\/\\\/schema.org\",\"@graph\":[{\"@type\":\"WebPage\",\"@id\":\"https:\\\/\\\/wp.kristdemokraterna.se\\\/vaxjo\\\/kommungruppen\\\/\",\"url\":\"https:\\\/\\\/wp.kristdemokraterna.se\\\/vaxjo\\\/kommungruppen\\\/\",\"name\":\"Kommungruppen - Kristdemokraterna | V\u00e4xj\u00f6\",\"isPartOf\":{\"@id\":\"https:\\\/\\\/wp.kristdemokraterna.se\\\/vaxjo\\\/#website\"},\"primaryImageOfPage\":{\"@id\":\"https:\\\/\\\/wp.kristdemokraterna.se\\\/vaxjo\\\/kommungruppen\\\/#primaryimage\"},\"image\":{\"@id\":\"https:\\\/\\\/wp.kristdemokraterna.se\\\/vaxjo\\\/kommungruppen\\\/#primaryimage\"},\"thumbnailUrl\":\"\",\"datePublished\":\"2023-01-25T21:54:19+00:00\",\"dateModified\":\"2024-12-03T14:03:17+00:00\",\"breadcrumb\":{\"@id\":\"https:\\\/\\\/wp.kristdemokraterna.se\\\/vaxjo\\\/kommungruppen\\\/#breadcrumb\"},\"inLanguage\":\"sv-SE\",\"potentialAction\":[{\"@type\":\"ReadAction\",\"target\":[\"https:\\\/\\\/wp.kristdemokraterna.se\\\/vaxjo\\\/kommungruppen\\\/\"]}]},{\"@type\":\"ImageObject\",\"inLanguage\":\"sv-SE\",\"@id\":\"https:\\\/\\\/wp.kristdemokraterna.se\\\/vaxjo\\\/kommungruppen\\\/#primaryimage\",\"url\":\"\",\"contentUrl\":\"\"},{\"@type\":\"BreadcrumbList\",\"@id\":\"https:\\\/\\\/wp.kristdemokraterna.se\\\/vaxjo\\\/kommungruppen\\\/#breadcrumb\",\"itemListElement\":[{\"@type\":\"ListItem\",\"position\":1,\"name\":\"Hem\",\"item\":\"https:\\\/\\\/wp.kristdemokraterna.se\\\/vaxjo\\\/\"},{\"@type\":\"ListItem\",\"position\":2,\"name\":\"Kommungruppen\"}]},{\"@type\":\"WebSite\",\"@id\":\"https:\\\/\\\/wp.kristdemokraterna.se\\\/vaxjo\\\/#website\",\"url\":\"https:\\\/\\\/wp.kristdemokraterna.se\\\/vaxjo\\\/\",\"name\":\"Kristdemokraterna | V\u00e4xj\u00f6\",\"description\":\"En till Kristdemokraterna webbplats\",\"inLanguage\":\"sv-SE\"}]}<\/script>\n<!-- \/ Yoast SEO plugin. -->","yoast_head_json":{"title":"Kommungruppen - Kristdemokraterna | V\u00e4xj\u00f6","robots":{"index":"index","follow":"follow","max-snippet":"max-snippet:-1","max-image-preview":"max-image-preview:large","max-video-preview":"max-video-preview:-1"},"canonical":"https:\/\/wp.kristdemokraterna.se\/vaxjo\/kommungruppen\/","og_locale":"sv_SE","og_type":"article","og_title":"Kommungruppen - Kristdemokraterna | V\u00e4xj\u00f6","og_description":"Jon Malmqvist Kommunfullm\u00e4ktige Kommunstyrelsen Kommunstyrelsens organisations- och personalutskott V\u00e4xj\u00f6 Kommunf\u00f6retag AB Samh\u00e4llsbyggnadsn\u00e4mnden \u00a0 Patrik \u00c5kesson Kommunfullm\u00e4ktige Gruppledare Kommunstyrelsen Kommunstyrelsens h\u00e5llbarhetsutskott V\u00f6fab Fastigheter AB \u00a0 Ricardo Chavez Kommunfullm\u00e4ktige Politiska sekreterare Utbildningsn\u00e4mnden Vidingehem AB V\u00e4rends R\u00e4ddningstj\u00e4nst \u00a0 Kaj \u2013 Mikael Petersson Kommunfullm\u00e4ktige Servicen\u00e4mnden Omsorgsn\u00e4mnden \u00a0 Anna Zelvin Kommunfullm\u00e4ktige Omsorgsn\u00e4mnden \u00a0 Vincent Hammarstedt Milj\u00f6- och byggn\u00e4mnden &nbsp; Daniel L\u00e4s mer","og_url":"https:\/\/wp.kristdemokraterna.se\/vaxjo\/kommungruppen\/","og_site_name":"Kristdemokraterna | V\u00e4xj\u00f6","article_modified_time":"2024-12-03T14:03:17+00:00","twitter_card":"summary_large_image","twitter_misc":{"Ber\u00e4knad l\u00e4stid":"1 minut"},"schema":{"@context":"https:\/\/schema.org","@graph":[{"@type":"WebPage","@id":"https:\/\/wp.kristdemokraterna.se\/vaxjo\/kommungruppen\/","url":"https:\/\/wp.kristdemokraterna.se\/vaxjo\/kommungruppen\/","name":"Kommungruppen - Kristdemokraterna | V\u00e4xj\u00f6","isPartOf":{"@id":"https:\/\/wp.kristdemokraterna.se\/vaxjo\/#website"},"primaryImageOfPage":{"@id":"https:\/\/wp.kristdemokraterna.se\/vaxjo\/kommungruppen\/#primaryimage"},"image":{"@id":"https:\/\/wp.kristdemokraterna.se\/vaxjo\/kommungruppen\/#primaryimage"},"thumbnailUrl":"","datePublished":"2023-01-25T21:54:19+00:00","dateModified":"2024-12-03T14:03:17+00:00","breadcrumb":{"@id":"https:\/\/wp.kristdemokraterna.se\/vaxjo\/kommungruppen\/#breadcrumb"},"inLanguage":"sv-SE","potentialAction":[{"@type":"ReadAction","target":["https:\/\/wp.kristdemokraterna.se\/vaxjo\/kommungruppen\/"]}]},{"@type":"ImageObject","inLanguage":"sv-SE","@id":"https:\/\/wp.kristdemokraterna.se\/vaxjo\/kommungruppen\/#primaryimage","url":"","contentUrl":""},{"@type":"BreadcrumbList","@id":"https:\/\/wp.kristdemokraterna.se\/vaxjo\/kommungruppen\/#breadcrumb","itemListElement":[{"@type":"ListItem","position":1,"name":"Hem","item":"https:\/\/wp.kristdemokraterna.se\/vaxjo\/"},{"@type":"ListItem","position":2,"name":"Kommungruppen"}]},{"@type":"WebSite","@id":"https:\/\/wp.kristdemokraterna.se\/vaxjo\/#website","url":"https:\/\/wp.kristdemokraterna.se\/vaxjo\/","name":"Kristdemokraterna | V\u00e4xj\u00f6","description":"En till Kristdemokraterna webbplats","inLanguage":"sv-SE"}]}},"_links":{"self":[{"href":"https:\/\/wp.kristdemokraterna.se\/vaxjo\/wp-json\/wp\/v2\/pages\/2176","targetHints":{"allow":["GET"]}}],"collection":[{"href":"https:\/\/wp.kristdemokraterna.se\/vaxjo\/wp-json\/wp\/v2\/pages"}],"about":[{"href":"https:\/\/wp.kristdemokraterna.se\/vaxjo\/wp-json\/wp\/v2\/types\/page"}],"author":[{"embeddable":true,"href":"https:\/\/wp.kristdemokraterna.se\/vaxjo\/wp-json\/wp\/v2\/users\/896"}],"replies":[{"embeddable":true,"href":"https:\/\/wp.kristdemokraterna.se\/vaxjo\/wp-json\/wp\/v2\/comments?post=2176"}],"version-history":[{"count":2,"href":"https:\/\/wp.kristdemokraterna.se\/vaxjo\/wp-json\/wp\/v2\/pages\/2176\/revisions"}],"predecessor-version":[{"id":2402,"href":"https:\/\/wp.kristdemokraterna.se\/vaxjo\/wp-json\/wp\/v2\/pages\/2176\/revisions\/2402"}],"wp:featuredmedia":[{"embeddable":true,"href":"https:\/\/wp.kristdemokraterna.se\/vaxjo\/wp-json\/"}],"wp:attachment":[{"href":"https:\/\/wp.kristdemokraterna.se\/vaxjo\/wp-json\/wp\/v2\/media?parent=2176"}],"curies":[{"name":"wp","href":"https:\/\/api.w.org\/{rel}","templated":true}]}}