{"id":272,"date":"2017-11-29T16:49:10","date_gmt":"2017-11-29T15:49:10","guid":{"rendered":"http:\/\/wp.kristdemokraterna.se\/vellinge\/?page_id=272"},"modified":"2026-03-29T21:23:40","modified_gmt":"2026-03-29T19:23:40","slug":"var-politik-2","status":"publish","type":"page","link":"https:\/\/wp.kristdemokraterna.se\/vellinge\/var-politik-2\/","title":{"rendered":"V\u00c5RA M\u00c5L"},"content":{"rendered":"<h1 style=\"text-align: center\"><span style=\"color: #000080\"><strong>Vi bygger Sveriges tryggaste kommun!<\/strong><\/span><\/h1>\n<p style=\"text-align: center\"><strong>\u00a0<\/strong><\/p>\n<h3 style=\"text-align: center\"><strong>En tryggare Skola<\/strong><\/h3>\n<p style=\"text-align: center\">\n<p style=\"text-align: center\">*<\/p>\n<h3 style=\"text-align: center\"><strong>S\u00e4ker V\u00e5rd och Omsorg<\/strong><\/h3>\n<p style=\"text-align: center\">\n<p style=\"text-align: center\">*<\/p>\n<h3 style=\"text-align: center\"><strong>Trygghet och S\u00e4kerhet<\/strong><strong><u>\u00a0<\/u><\/strong><\/h3>\n<p style=\"text-align: center\">\n<p style=\"text-align: center\">*<\/p>\n<h3 style=\"text-align: center\"><strong>Ekonomi och Transparens<\/strong><strong>\u00a0<\/strong><\/h3>\n<p style=\"text-align: center\">\n<p style=\"text-align: center\">*<\/p>\n<h3 style=\"text-align: center\"><strong>V\u00e4rna om Naturen<\/strong><strong>\u00a0<\/strong><\/h3>\n<p style=\"text-align: center\">\n<p style=\"text-align: center\">*<\/p>\n<h3 style=\"text-align: center\"><strong>Mer \u00e5t v\u00e5ra pension\u00e4rer<\/strong><\/h3>\n<p style=\"text-align: center\">\n<p style=\"text-align: center\"><strong><em>*<\/em><\/strong><\/p>\n<h3 style=\"text-align: center\"><strong>\u00d6kat familjefokus<\/strong><strong>\u00a0<\/strong><\/h3>\n<p style=\"text-align: center\">\n<p style=\"text-align: center\"><strong><em>*<\/em><\/strong><\/p>\n","protected":false},"excerpt":{"rendered":"<p>Vi bygger Sveriges tryggaste kommun! \u00a0 En tryggare Skola * S\u00e4ker V\u00e5rd och Omsorg * Trygghet och S\u00e4kerhet\u00a0 * Ekonomi och Transparens\u00a0 * V\u00e4rna om Naturen\u00a0 * Mer \u00e5t v\u00e5ra pension\u00e4rer * \u00d6kat familjefokus\u00a0 *<\/p>\n","protected":false},"author":947,"featured_media":0,"parent":0,"menu_order":2,"comment_status":"closed","ping_status":"closed","template":"page-full.php","meta":{"_acf_changed":false,"footnotes":""},"class_list":["post-272","page","type-page","status-publish","hentry"],"acf":[],"yoast_head":"<!-- This site is optimized with the Yoast SEO plugin v27.3 - https:\/\/yoast.com\/product\/yoast-seo-wordpress\/ -->\n<title>V\u00c5RA M\u00c5L - Kristdemokraterna | Vellinge<\/title>\n<meta name=\"robots\" content=\"index, follow, max-snippet:-1, max-image-preview:large, max-video-preview:-1\" \/>\n<link rel=\"canonical\" href=\"https:\/\/wp.kristdemokraterna.se\/vellinge\/var-politik-2\/\" \/>\n<meta property=\"og:locale\" content=\"sv_SE\" \/>\n<meta property=\"og:type\" content=\"article\" \/>\n<meta property=\"og:title\" content=\"V\u00c5RA M\u00c5L - Kristdemokraterna | Vellinge\" \/>\n<meta property=\"og:description\" content=\"Vi bygger Sveriges tryggaste kommun! \u00a0 En tryggare Skola * S\u00e4ker V\u00e5rd och Omsorg * Trygghet och S\u00e4kerhet\u00a0 * Ekonomi och Transparens\u00a0 * V\u00e4rna om Naturen\u00a0 * Mer \u00e5t v\u00e5ra pension\u00e4rer * \u00d6kat familjefokus\u00a0 *\" \/>\n<meta property=\"og:url\" content=\"https:\/\/wp.kristdemokraterna.se\/vellinge\/var-politik-2\/\" \/>\n<meta property=\"og:site_name\" content=\"Kristdemokraterna | Vellinge\" \/>\n<meta property=\"article:modified_time\" content=\"2026-03-29T19:23:40+00:00\" \/>\n<meta name=\"twitter:card\" content=\"summary_large_image\" \/>\n<meta name=\"twitter:label1\" content=\"Ber\u00e4knad l\u00e4stid\" \/>\n\t<meta name=\"twitter:data1\" content=\"1 minut\" \/>\n<script type=\"application\/ld+json\" class=\"yoast-schema-graph\">{\"@context\":\"https:\\\/\\\/schema.org\",\"@graph\":[{\"@type\":\"WebPage\",\"@id\":\"https:\\\/\\\/wp.kristdemokraterna.se\\\/vellinge\\\/var-politik-2\\\/\",\"url\":\"https:\\\/\\\/wp.kristdemokraterna.se\\\/vellinge\\\/var-politik-2\\\/\",\"name\":\"V\u00c5RA M\u00c5L - Kristdemokraterna | Vellinge\",\"isPartOf\":{\"@id\":\"https:\\\/\\\/wp.kristdemokraterna.se\\\/vellinge\\\/#website\"},\"datePublished\":\"2017-11-29T15:49:10+00:00\",\"dateModified\":\"2026-03-29T19:23:40+00:00\",\"breadcrumb\":{\"@id\":\"https:\\\/\\\/wp.kristdemokraterna.se\\\/vellinge\\\/var-politik-2\\\/#breadcrumb\"},\"inLanguage\":\"sv-SE\",\"potentialAction\":[{\"@type\":\"ReadAction\",\"target\":[\"https:\\\/\\\/wp.kristdemokraterna.se\\\/vellinge\\\/var-politik-2\\\/\"]}]},{\"@type\":\"BreadcrumbList\",\"@id\":\"https:\\\/\\\/wp.kristdemokraterna.se\\\/vellinge\\\/var-politik-2\\\/#breadcrumb\",\"itemListElement\":[{\"@type\":\"ListItem\",\"position\":1,\"name\":\"Hem\",\"item\":\"https:\\\/\\\/wp.kristdemokraterna.se\\\/vellinge\\\/\"},{\"@type\":\"ListItem\",\"position\":2,\"name\":\"V\u00c5RA M\u00c5L\"}]},{\"@type\":\"WebSite\",\"@id\":\"https:\\\/\\\/wp.kristdemokraterna.se\\\/vellinge\\\/#website\",\"url\":\"https:\\\/\\\/wp.kristdemokraterna.se\\\/vellinge\\\/\",\"name\":\"Kristdemokraterna | Vellinge\",\"description\":\"F\u00f6r ett b\u00e4ttre Vellinge\",\"inLanguage\":\"sv-SE\"}]}<\/script>\n<!-- \/ Yoast SEO plugin. -->","yoast_head_json":{"title":"V\u00c5RA M\u00c5L - Kristdemokraterna | Vellinge","robots":{"index":"index","follow":"follow","max-snippet":"max-snippet:-1","max-image-preview":"max-image-preview:large","max-video-preview":"max-video-preview:-1"},"canonical":"https:\/\/wp.kristdemokraterna.se\/vellinge\/var-politik-2\/","og_locale":"sv_SE","og_type":"article","og_title":"V\u00c5RA M\u00c5L - Kristdemokraterna | Vellinge","og_description":"Vi bygger Sveriges tryggaste kommun! \u00a0 En tryggare Skola * S\u00e4ker V\u00e5rd och Omsorg * Trygghet och S\u00e4kerhet\u00a0 * Ekonomi och Transparens\u00a0 * V\u00e4rna om Naturen\u00a0 * Mer \u00e5t v\u00e5ra pension\u00e4rer * \u00d6kat familjefokus\u00a0 *","og_url":"https:\/\/wp.kristdemokraterna.se\/vellinge\/var-politik-2\/","og_site_name":"Kristdemokraterna | Vellinge","article_modified_time":"2026-03-29T19:23:40+00:00","twitter_card":"summary_large_image","twitter_misc":{"Ber\u00e4knad l\u00e4stid":"1 minut"},"schema":{"@context":"https:\/\/schema.org","@graph":[{"@type":"WebPage","@id":"https:\/\/wp.kristdemokraterna.se\/vellinge\/var-politik-2\/","url":"https:\/\/wp.kristdemokraterna.se\/vellinge\/var-politik-2\/","name":"V\u00c5RA M\u00c5L - Kristdemokraterna | Vellinge","isPartOf":{"@id":"https:\/\/wp.kristdemokraterna.se\/vellinge\/#website"},"datePublished":"2017-11-29T15:49:10+00:00","dateModified":"2026-03-29T19:23:40+00:00","breadcrumb":{"@id":"https:\/\/wp.kristdemokraterna.se\/vellinge\/var-politik-2\/#breadcrumb"},"inLanguage":"sv-SE","potentialAction":[{"@type":"ReadAction","target":["https:\/\/wp.kristdemokraterna.se\/vellinge\/var-politik-2\/"]}]},{"@type":"BreadcrumbList","@id":"https:\/\/wp.kristdemokraterna.se\/vellinge\/var-politik-2\/#breadcrumb","itemListElement":[{"@type":"ListItem","position":1,"name":"Hem","item":"https:\/\/wp.kristdemokraterna.se\/vellinge\/"},{"@type":"ListItem","position":2,"name":"V\u00c5RA M\u00c5L"}]},{"@type":"WebSite","@id":"https:\/\/wp.kristdemokraterna.se\/vellinge\/#website","url":"https:\/\/wp.kristdemokraterna.se\/vellinge\/","name":"Kristdemokraterna | Vellinge","description":"F\u00f6r ett b\u00e4ttre Vellinge","inLanguage":"sv-SE"}]}},"_links":{"self":[{"href":"https:\/\/wp.kristdemokraterna.se\/vellinge\/wp-json\/wp\/v2\/pages\/272","targetHints":{"allow":["GET"]}}],"collection":[{"href":"https:\/\/wp.kristdemokraterna.se\/vellinge\/wp-json\/wp\/v2\/pages"}],"about":[{"href":"https:\/\/wp.kristdemokraterna.se\/vellinge\/wp-json\/wp\/v2\/types\/page"}],"author":[{"embeddable":true,"href":"https:\/\/wp.kristdemokraterna.se\/vellinge\/wp-json\/wp\/v2\/users\/947"}],"replies":[{"embeddable":true,"href":"https:\/\/wp.kristdemokraterna.se\/vellinge\/wp-json\/wp\/v2\/comments?post=272"}],"version-history":[{"count":8,"href":"https:\/\/wp.kristdemokraterna.se\/vellinge\/wp-json\/wp\/v2\/pages\/272\/revisions"}],"predecessor-version":[{"id":804,"href":"https:\/\/wp.kristdemokraterna.se\/vellinge\/wp-json\/wp\/v2\/pages\/272\/revisions\/804"}],"wp:attachment":[{"href":"https:\/\/wp.kristdemokraterna.se\/vellinge\/wp-json\/wp\/v2\/media?parent=272"}],"curies":[{"name":"wp","href":"https:\/\/api.w.org\/{rel}","templated":true}]}}