{"id":23,"date":"2014-08-12T21:24:10","date_gmt":"2014-08-12T19:24:10","guid":{"rendered":"http:\/\/wp.kristdemokraterna.se\/vetlanda\/?page_id=23"},"modified":"2014-08-12T21:24:10","modified_gmt":"2014-08-12T19:24:10","slug":"principprogram","status":"publish","type":"page","link":"https:\/\/wp.kristdemokraterna.se\/vetlanda\/principprogram\/","title":{"rendered":"Principprogram"},"content":{"rendered":"<p>P\u00e5 l\u00e4nken hittar Du Kristdemokraternas principprogram som utarbetades och remissbehandlades av partiets drygt 300 lokalavdelningar och associerade f\u00f6rbund under \u00e5r 2000. Principprogrammet antogs slutligen av partiets h\u00f6gsta beslutande organ \u2013 Rikstinget, 28 juni \u2013 1 juli 2001. I principprogrammet kan du l\u00e4sa om v\u00e5ra grundl\u00e4ggande v\u00e4rderingar p\u00e5 olika omr\u00e5den. V\u00e5rt principprogram motsvarar det som av n\u00e5gra andra partier kan kallas partiprogram.<\/p>\n<p><a style=\"color: #053192\" title=\"Kristdemokrtaternas principprogram\" href=\"https:\/\/www.kristdemokraterna.se\/VarPolitik\/Principprogram\/\" target=\"_blank\">https:\/\/www.kristdemokraterna.se\/VarPolitik\/Principprogram\/<\/a><\/p>\n","protected":false},"excerpt":{"rendered":"<p>P\u00e5 l\u00e4nken hittar Du Kristdemokraternas principprogram som utarbetades och remissbehandlades av partiets drygt 300 lokalavdelningar och associerade f\u00f6rbund under \u00e5r 2000. Principprogrammet antogs slutligen av partiets h\u00f6gsta beslutande organ \u2013 Rikstinget, 28 juni \u2013 1 juli 2001. I principprogrammet kan du l\u00e4sa om v\u00e5ra grundl\u00e4ggande v\u00e4rderingar p\u00e5 olika omr\u00e5den. V\u00e5rt principprogram motsvarar det som av <a class=\"read-more-link\" href=\"https:\/\/wp.kristdemokraterna.se\/vetlanda\/principprogram\/\">Read More<\/a><\/p>\n","protected":false},"author":633,"featured_media":0,"parent":0,"menu_order":0,"comment_status":"closed","ping_status":"closed","template":"","meta":{"_acf_changed":false,"footnotes":""},"class_list":["post-23","page","type-page","status-publish","hentry"],"acf":[],"yoast_head":"<!-- This site is optimized with the Yoast SEO plugin v27.5 - https:\/\/yoast.com\/product\/yoast-seo-wordpress\/ -->\n<title>Principprogram - Vetlanda<\/title>\n<meta name=\"robots\" content=\"index, follow, max-snippet:-1, max-image-preview:large, max-video-preview:-1\" \/>\n<link rel=\"canonical\" href=\"https:\/\/wp.kristdemokraterna.se\/vetlanda\/principprogram\/\" \/>\n<meta property=\"og:locale\" content=\"sv_SE\" \/>\n<meta property=\"og:type\" content=\"article\" \/>\n<meta property=\"og:title\" content=\"Principprogram - Vetlanda\" \/>\n<meta property=\"og:description\" content=\"P\u00e5 l\u00e4nken hittar Du Kristdemokraternas principprogram som utarbetades och remissbehandlades av partiets drygt 300 lokalavdelningar och associerade f\u00f6rbund under \u00e5r 2000. Principprogrammet antogs slutligen av partiets h\u00f6gsta beslutande organ \u2013 Rikstinget, 28 juni \u2013 1 juli 2001. I principprogrammet kan du l\u00e4sa om v\u00e5ra grundl\u00e4ggande v\u00e4rderingar p\u00e5 olika omr\u00e5den. V\u00e5rt principprogram motsvarar det som av Read More\" \/>\n<meta property=\"og:url\" content=\"https:\/\/wp.kristdemokraterna.se\/vetlanda\/principprogram\/\" \/>\n<meta property=\"og:site_name\" content=\"Vetlanda\" \/>\n<meta name=\"twitter:card\" content=\"summary_large_image\" \/>\n<script type=\"application\/ld+json\" class=\"yoast-schema-graph\">{\"@context\":\"https:\\\/\\\/schema.org\",\"@graph\":[{\"@type\":\"WebPage\",\"@id\":\"https:\\\/\\\/wp.kristdemokraterna.se\\\/vetlanda\\\/principprogram\\\/\",\"url\":\"https:\\\/\\\/wp.kristdemokraterna.se\\\/vetlanda\\\/principprogram\\\/\",\"name\":\"Principprogram - Vetlanda\",\"isPartOf\":{\"@id\":\"https:\\\/\\\/wp.kristdemokraterna.se\\\/vetlanda\\\/#website\"},\"datePublished\":\"2014-08-12T19:24:10+00:00\",\"breadcrumb\":{\"@id\":\"https:\\\/\\\/wp.kristdemokraterna.se\\\/vetlanda\\\/principprogram\\\/#breadcrumb\"},\"inLanguage\":\"sv-SE\",\"potentialAction\":[{\"@type\":\"ReadAction\",\"target\":[\"https:\\\/\\\/wp.kristdemokraterna.se\\\/vetlanda\\\/principprogram\\\/\"]}]},{\"@type\":\"BreadcrumbList\",\"@id\":\"https:\\\/\\\/wp.kristdemokraterna.se\\\/vetlanda\\\/principprogram\\\/#breadcrumb\",\"itemListElement\":[{\"@type\":\"ListItem\",\"position\":1,\"name\":\"Hem\",\"item\":\"https:\\\/\\\/wp.kristdemokraterna.se\\\/vetlanda\\\/\"},{\"@type\":\"ListItem\",\"position\":2,\"name\":\"Principprogram\"}]},{\"@type\":\"WebSite\",\"@id\":\"https:\\\/\\\/wp.kristdemokraterna.se\\\/vetlanda\\\/#website\",\"url\":\"https:\\\/\\\/wp.kristdemokraterna.se\\\/vetlanda\\\/\",\"name\":\"Vetlanda\",\"description\":\"\",\"inLanguage\":\"sv-SE\"}]}<\/script>\n<!-- \/ Yoast SEO plugin. -->","yoast_head_json":{"title":"Principprogram - Vetlanda","robots":{"index":"index","follow":"follow","max-snippet":"max-snippet:-1","max-image-preview":"max-image-preview:large","max-video-preview":"max-video-preview:-1"},"canonical":"https:\/\/wp.kristdemokraterna.se\/vetlanda\/principprogram\/","og_locale":"sv_SE","og_type":"article","og_title":"Principprogram - Vetlanda","og_description":"P\u00e5 l\u00e4nken hittar Du Kristdemokraternas principprogram som utarbetades och remissbehandlades av partiets drygt 300 lokalavdelningar och associerade f\u00f6rbund under \u00e5r 2000. Principprogrammet antogs slutligen av partiets h\u00f6gsta beslutande organ \u2013 Rikstinget, 28 juni \u2013 1 juli 2001. I principprogrammet kan du l\u00e4sa om v\u00e5ra grundl\u00e4ggande v\u00e4rderingar p\u00e5 olika omr\u00e5den. V\u00e5rt principprogram motsvarar det som av Read More","og_url":"https:\/\/wp.kristdemokraterna.se\/vetlanda\/principprogram\/","og_site_name":"Vetlanda","twitter_card":"summary_large_image","schema":{"@context":"https:\/\/schema.org","@graph":[{"@type":"WebPage","@id":"https:\/\/wp.kristdemokraterna.se\/vetlanda\/principprogram\/","url":"https:\/\/wp.kristdemokraterna.se\/vetlanda\/principprogram\/","name":"Principprogram - Vetlanda","isPartOf":{"@id":"https:\/\/wp.kristdemokraterna.se\/vetlanda\/#website"},"datePublished":"2014-08-12T19:24:10+00:00","breadcrumb":{"@id":"https:\/\/wp.kristdemokraterna.se\/vetlanda\/principprogram\/#breadcrumb"},"inLanguage":"sv-SE","potentialAction":[{"@type":"ReadAction","target":["https:\/\/wp.kristdemokraterna.se\/vetlanda\/principprogram\/"]}]},{"@type":"BreadcrumbList","@id":"https:\/\/wp.kristdemokraterna.se\/vetlanda\/principprogram\/#breadcrumb","itemListElement":[{"@type":"ListItem","position":1,"name":"Hem","item":"https:\/\/wp.kristdemokraterna.se\/vetlanda\/"},{"@type":"ListItem","position":2,"name":"Principprogram"}]},{"@type":"WebSite","@id":"https:\/\/wp.kristdemokraterna.se\/vetlanda\/#website","url":"https:\/\/wp.kristdemokraterna.se\/vetlanda\/","name":"Vetlanda","description":"","inLanguage":"sv-SE"}]}},"_links":{"self":[{"href":"https:\/\/wp.kristdemokraterna.se\/vetlanda\/wp-json\/wp\/v2\/pages\/23","targetHints":{"allow":["GET"]}}],"collection":[{"href":"https:\/\/wp.kristdemokraterna.se\/vetlanda\/wp-json\/wp\/v2\/pages"}],"about":[{"href":"https:\/\/wp.kristdemokraterna.se\/vetlanda\/wp-json\/wp\/v2\/types\/page"}],"author":[{"embeddable":true,"href":"https:\/\/wp.kristdemokraterna.se\/vetlanda\/wp-json\/wp\/v2\/users\/633"}],"replies":[{"embeddable":true,"href":"https:\/\/wp.kristdemokraterna.se\/vetlanda\/wp-json\/wp\/v2\/comments?post=23"}],"version-history":[{"count":1,"href":"https:\/\/wp.kristdemokraterna.se\/vetlanda\/wp-json\/wp\/v2\/pages\/23\/revisions"}],"predecessor-version":[{"id":25,"href":"https:\/\/wp.kristdemokraterna.se\/vetlanda\/wp-json\/wp\/v2\/pages\/23\/revisions\/25"}],"wp:attachment":[{"href":"https:\/\/wp.kristdemokraterna.se\/vetlanda\/wp-json\/wp\/v2\/media?parent=23"}],"curies":[{"name":"wp","href":"https:\/\/api.w.org\/{rel}","templated":true}]}}