{"id":29,"date":"2014-08-12T21:27:41","date_gmt":"2014-08-12T19:27:41","guid":{"rendered":"http:\/\/wp.kristdemokraterna.se\/vetlanda\/?page_id=29"},"modified":"2022-03-05T10:47:42","modified_gmt":"2022-03-05T09:47:42","slug":"kommunvalet","status":"publish","type":"page","link":"https:\/\/wp.kristdemokraterna.se\/vetlanda\/kommunvalet\/","title":{"rendered":"Kommunvalet"},"content":{"rendered":"<h2><strong>Kandidater<\/strong> till<strong> kommunfullm\u00e4ktige i Vetlanda 2022<\/strong><\/h2>\n<p class=\"x_MsoNormal\"><span class=\"markfz40nxu7b\">Monica<\/span>\u00a0Samuelsson, Hans Svensson, Lars R\u00e5sberg och Jan-Erik Josefsson toppar listan som rymmer 26 namn fr\u00e5n kommunens olika delar. H\u00e4r \u00e4r hela listan:<\/p>\n<ol>\n<li>Monica Samuelsson, Vetlanda<\/li>\n<li>Hans Svensson, Vetlanda<\/li>\n<li>Lars R\u00e5sberg, Vetlanda<\/li>\n<li>Jan-Erik Josefsson, Hj\u00e4ltaryd<\/li>\n<li>Kristoffer Kaspersson, B\u00e4ckaby<\/li>\n<li>Irene L\u00f6vgren, Vetlanda<\/li>\n<li>Gun-Britt Sigfridsson, Vetlanda<\/li>\n<li>Kjell Enell, Vetlanda<\/li>\n<li>Marie-Louise Sollin, Vetlanda<\/li>\n<li>Kenneth Peterson, Skede<\/li>\n<li>Dan Borg, Vetlanda<\/li>\n<li>Madelene Palmgren, N\u00e4sby<\/li>\n<li>Lars-Gunnar Gunnardo, Eken\u00e4ssj\u00f6n<\/li>\n<li>Martin Claesson, Nye<\/li>\n<li>Eva Bondesson, Bj\u00f6rk\u00f6by<\/li>\n<li>Jan-Erik Aspegren. Myresj\u00f6<\/li>\n<li>Harriet Andersson, Vetlanda<\/li>\n<li>Ove Edin, Vetlanda<\/li>\n<li>Francesc Morello-Martinez, Vetlanda<\/li>\n<li>Lars-G\u00f6ran Axelson, Vetlanda<\/li>\n<li>Kjell Johansson, Holsbybrunn<\/li>\n<li>Gunny Rostedt, Vetlanda<\/li>\n<li>Kjell Brolin, Vetlanda<\/li>\n<li>Johan Cederholm, Landsbro<\/li>\n<li>Robert Bergman, Holsbybrunn<\/li>\n<li>Ingemar Sturesson, Landsbro<\/li>\n<\/ol>\n<p>&nbsp;<\/p>\n","protected":false},"excerpt":{"rendered":"<p>Kandidater till kommunfullm\u00e4ktige i Vetlanda 2022 Monica\u00a0Samuelsson, Hans Svensson, Lars R\u00e5sberg och Jan-Erik Josefsson toppar listan som rymmer 26 namn fr\u00e5n kommunens olika delar. H\u00e4r \u00e4r hela listan: Monica Samuelsson, Vetlanda Hans Svensson, Vetlanda Lars R\u00e5sberg, Vetlanda Jan-Erik Josefsson, Hj\u00e4ltaryd Kristoffer Kaspersson, B\u00e4ckaby Irene L\u00f6vgren, Vetlanda Gun-Britt Sigfridsson, Vetlanda Kjell Enell, Vetlanda Marie-Louise Sollin, Vetlanda <a class=\"read-more-link\" href=\"https:\/\/wp.kristdemokraterna.se\/vetlanda\/kommunvalet\/\">Read More<\/a><\/p>\n","protected":false},"author":633,"featured_media":0,"parent":0,"menu_order":0,"comment_status":"closed","ping_status":"closed","template":"","meta":{"_acf_changed":false,"footnotes":""},"class_list":["post-29","page","type-page","status-publish","hentry"],"acf":[],"yoast_head":"<!-- This site is optimized with the Yoast SEO plugin v27.5 - https:\/\/yoast.com\/product\/yoast-seo-wordpress\/ -->\n<title>Kommunvalet - Vetlanda<\/title>\n<meta name=\"robots\" content=\"index, follow, max-snippet:-1, max-image-preview:large, max-video-preview:-1\" \/>\n<link rel=\"canonical\" href=\"https:\/\/wp.kristdemokraterna.se\/vetlanda\/kommunvalet\/\" \/>\n<meta property=\"og:locale\" content=\"sv_SE\" \/>\n<meta property=\"og:type\" content=\"article\" \/>\n<meta property=\"og:title\" content=\"Kommunvalet - Vetlanda\" \/>\n<meta property=\"og:description\" content=\"Kandidater till kommunfullm\u00e4ktige i Vetlanda 2022 Monica\u00a0Samuelsson, Hans Svensson, Lars R\u00e5sberg och Jan-Erik Josefsson toppar listan som rymmer 26 namn fr\u00e5n kommunens olika delar. H\u00e4r \u00e4r hela listan: Monica Samuelsson, Vetlanda Hans Svensson, Vetlanda Lars R\u00e5sberg, Vetlanda Jan-Erik Josefsson, Hj\u00e4ltaryd Kristoffer Kaspersson, B\u00e4ckaby Irene L\u00f6vgren, Vetlanda Gun-Britt Sigfridsson, Vetlanda Kjell Enell, Vetlanda Marie-Louise Sollin, Vetlanda Read More\" \/>\n<meta property=\"og:url\" content=\"https:\/\/wp.kristdemokraterna.se\/vetlanda\/kommunvalet\/\" \/>\n<meta property=\"og:site_name\" content=\"Vetlanda\" \/>\n<meta property=\"article:modified_time\" content=\"2022-03-05T09:47:42+00:00\" \/>\n<meta name=\"twitter:card\" content=\"summary_large_image\" \/>\n<meta name=\"twitter:label1\" content=\"Ber\u00e4knad l\u00e4stid\" \/>\n\t<meta name=\"twitter:data1\" content=\"1 minut\" \/>\n<script type=\"application\/ld+json\" class=\"yoast-schema-graph\">{\"@context\":\"https:\\\/\\\/schema.org\",\"@graph\":[{\"@type\":\"WebPage\",\"@id\":\"https:\\\/\\\/wp.kristdemokraterna.se\\\/vetlanda\\\/kommunvalet\\\/\",\"url\":\"https:\\\/\\\/wp.kristdemokraterna.se\\\/vetlanda\\\/kommunvalet\\\/\",\"name\":\"Kommunvalet - Vetlanda\",\"isPartOf\":{\"@id\":\"https:\\\/\\\/wp.kristdemokraterna.se\\\/vetlanda\\\/#website\"},\"datePublished\":\"2014-08-12T19:27:41+00:00\",\"dateModified\":\"2022-03-05T09:47:42+00:00\",\"breadcrumb\":{\"@id\":\"https:\\\/\\\/wp.kristdemokraterna.se\\\/vetlanda\\\/kommunvalet\\\/#breadcrumb\"},\"inLanguage\":\"sv-SE\",\"potentialAction\":[{\"@type\":\"ReadAction\",\"target\":[\"https:\\\/\\\/wp.kristdemokraterna.se\\\/vetlanda\\\/kommunvalet\\\/\"]}]},{\"@type\":\"BreadcrumbList\",\"@id\":\"https:\\\/\\\/wp.kristdemokraterna.se\\\/vetlanda\\\/kommunvalet\\\/#breadcrumb\",\"itemListElement\":[{\"@type\":\"ListItem\",\"position\":1,\"name\":\"Hem\",\"item\":\"https:\\\/\\\/wp.kristdemokraterna.se\\\/vetlanda\\\/\"},{\"@type\":\"ListItem\",\"position\":2,\"name\":\"Kommunvalet\"}]},{\"@type\":\"WebSite\",\"@id\":\"https:\\\/\\\/wp.kristdemokraterna.se\\\/vetlanda\\\/#website\",\"url\":\"https:\\\/\\\/wp.kristdemokraterna.se\\\/vetlanda\\\/\",\"name\":\"Vetlanda\",\"description\":\"\",\"inLanguage\":\"sv-SE\"}]}<\/script>\n<!-- \/ Yoast SEO plugin. -->","yoast_head_json":{"title":"Kommunvalet - Vetlanda","robots":{"index":"index","follow":"follow","max-snippet":"max-snippet:-1","max-image-preview":"max-image-preview:large","max-video-preview":"max-video-preview:-1"},"canonical":"https:\/\/wp.kristdemokraterna.se\/vetlanda\/kommunvalet\/","og_locale":"sv_SE","og_type":"article","og_title":"Kommunvalet - Vetlanda","og_description":"Kandidater till kommunfullm\u00e4ktige i Vetlanda 2022 Monica\u00a0Samuelsson, Hans Svensson, Lars R\u00e5sberg och Jan-Erik Josefsson toppar listan som rymmer 26 namn fr\u00e5n kommunens olika delar. H\u00e4r \u00e4r hela listan: Monica Samuelsson, Vetlanda Hans Svensson, Vetlanda Lars R\u00e5sberg, Vetlanda Jan-Erik Josefsson, Hj\u00e4ltaryd Kristoffer Kaspersson, B\u00e4ckaby Irene L\u00f6vgren, Vetlanda Gun-Britt Sigfridsson, Vetlanda Kjell Enell, Vetlanda Marie-Louise Sollin, Vetlanda Read More","og_url":"https:\/\/wp.kristdemokraterna.se\/vetlanda\/kommunvalet\/","og_site_name":"Vetlanda","article_modified_time":"2022-03-05T09:47:42+00:00","twitter_card":"summary_large_image","twitter_misc":{"Ber\u00e4knad l\u00e4stid":"1 minut"},"schema":{"@context":"https:\/\/schema.org","@graph":[{"@type":"WebPage","@id":"https:\/\/wp.kristdemokraterna.se\/vetlanda\/kommunvalet\/","url":"https:\/\/wp.kristdemokraterna.se\/vetlanda\/kommunvalet\/","name":"Kommunvalet - Vetlanda","isPartOf":{"@id":"https:\/\/wp.kristdemokraterna.se\/vetlanda\/#website"},"datePublished":"2014-08-12T19:27:41+00:00","dateModified":"2022-03-05T09:47:42+00:00","breadcrumb":{"@id":"https:\/\/wp.kristdemokraterna.se\/vetlanda\/kommunvalet\/#breadcrumb"},"inLanguage":"sv-SE","potentialAction":[{"@type":"ReadAction","target":["https:\/\/wp.kristdemokraterna.se\/vetlanda\/kommunvalet\/"]}]},{"@type":"BreadcrumbList","@id":"https:\/\/wp.kristdemokraterna.se\/vetlanda\/kommunvalet\/#breadcrumb","itemListElement":[{"@type":"ListItem","position":1,"name":"Hem","item":"https:\/\/wp.kristdemokraterna.se\/vetlanda\/"},{"@type":"ListItem","position":2,"name":"Kommunvalet"}]},{"@type":"WebSite","@id":"https:\/\/wp.kristdemokraterna.se\/vetlanda\/#website","url":"https:\/\/wp.kristdemokraterna.se\/vetlanda\/","name":"Vetlanda","description":"","inLanguage":"sv-SE"}]}},"_links":{"self":[{"href":"https:\/\/wp.kristdemokraterna.se\/vetlanda\/wp-json\/wp\/v2\/pages\/29","targetHints":{"allow":["GET"]}}],"collection":[{"href":"https:\/\/wp.kristdemokraterna.se\/vetlanda\/wp-json\/wp\/v2\/pages"}],"about":[{"href":"https:\/\/wp.kristdemokraterna.se\/vetlanda\/wp-json\/wp\/v2\/types\/page"}],"author":[{"embeddable":true,"href":"https:\/\/wp.kristdemokraterna.se\/vetlanda\/wp-json\/wp\/v2\/users\/633"}],"replies":[{"embeddable":true,"href":"https:\/\/wp.kristdemokraterna.se\/vetlanda\/wp-json\/wp\/v2\/comments?post=29"}],"version-history":[{"count":14,"href":"https:\/\/wp.kristdemokraterna.se\/vetlanda\/wp-json\/wp\/v2\/pages\/29\/revisions"}],"predecessor-version":[{"id":423,"href":"https:\/\/wp.kristdemokraterna.se\/vetlanda\/wp-json\/wp\/v2\/pages\/29\/revisions\/423"}],"wp:attachment":[{"href":"https:\/\/wp.kristdemokraterna.se\/vetlanda\/wp-json\/wp\/v2\/media?parent=29"}],"curies":[{"name":"wp","href":"https:\/\/api.w.org\/{rel}","templated":true}]}}

<h2><strong>Kandidater</strong> till<strong> kommunfullmäktige i Vetlanda 2022</strong></h2>
<p class="x_MsoNormal"><span class="markfz40nxu7b">Monica</span> Samuelsson, Hans Svensson, Lars Råsberg och Jan-Erik Josefsson toppar listan som rymmer 26 namn från kommunens olika delar. Här är hela listan:</p>
<ol>
<li>Monica Samuelsson, Vetlanda</li>
<li>Hans Svensson, Vetlanda</li>
<li>Lars Råsberg, Vetlanda</li>
<li>Jan-Erik Josefsson, Hjältaryd</li>
<li>Kristoffer Kaspersson, Bäckaby</li>
<li>Irene Lövgren, Vetlanda</li>
<li>Gun-Britt Sigfridsson, Vetlanda</li>
<li>Kjell Enell, Vetlanda</li>
<li>Marie-Louise Sollin, Vetlanda</li>
<li>Kenneth Peterson, Skede</li>
<li>Dan Borg, Vetlanda</li>
<li>Madelene Palmgren, Näsby</li>
<li>Lars-Gunnar Gunnardo, Ekenässjön</li>
<li>Martin Claesson, Nye</li>
<li>Eva Bondesson, Björköby</li>
<li>Jan-Erik Aspegren. Myresjö</li>
<li>Harriet Andersson, Vetlanda</li>
<li>Ove Edin, Vetlanda</li>
<li>Francesc Morello-Martinez, Vetlanda</li>
<li>Lars-Göran Axelson, Vetlanda</li>
<li>Kjell Johansson, Holsbybrunn</li>
<li>Gunny Rostedt, Vetlanda</li>
<li>Kjell Brolin, Vetlanda</li>
<li>Johan Cederholm, Landsbro</li>
<li>Robert Bergman, Holsbybrunn</li>
<li>Ingemar Sturesson, Landsbro</li>
</ol>
<p>&nbsp;</p>

<p>Kandidater till kommunfullmäktige i Vetlanda 2022 Monica Samuelsson, Hans Svensson, Lars Råsberg och Jan-Erik Josefsson toppar listan som rymmer 26 namn från kommunens olika delar. Här är hela listan: Monica Samuelsson, Vetlanda Hans Svensson, Vetlanda Lars Råsberg, Vetlanda Jan-Erik Josefsson, Hjältaryd Kristoffer Kaspersson, Bäckaby Irene Lövgren, Vetlanda Gun-Britt Sigfridsson, Vetlanda Kjell Enell, Vetlanda Marie-Louise Sollin, Vetlanda <a class="read-more-link" href="https://wp.kristdemokraterna.se/vetlanda/kommunvalet/">Read More</a></p>

<!-- This site is optimized with the Yoast SEO plugin v27.5 - https://yoast.com/product/yoast-seo-wordpress/ -->
<title>Kommunvalet - Vetlanda</title>
<meta name="robots" content="index, follow, max-snippet:-1, max-image-preview:large, max-video-preview:-1" />
<link rel="canonical" href="https://wp.kristdemokraterna.se/vetlanda/kommunvalet/" />
<meta property="og:locale" content="sv_SE" />
<meta property="og:type" content="article" />
<meta property="og:title" content="Kommunvalet - Vetlanda" />
<meta property="og:description" content="Kandidater till kommunfullmäktige i Vetlanda 2022 Monica Samuelsson, Hans Svensson, Lars Råsberg och Jan-Erik Josefsson toppar listan som rymmer 26 namn från kommunens olika delar. Här är hela listan: Monica Samuelsson, Vetlanda Hans Svensson, Vetlanda Lars Råsberg, Vetlanda Jan-Erik Josefsson, Hjältaryd Kristoffer Kaspersson, Bäckaby Irene Lövgren, Vetlanda Gun-Britt Sigfridsson, Vetlanda Kjell Enell, Vetlanda Marie-Louise Sollin, Vetlanda Read More" />
<meta property="og:url" content="https://wp.kristdemokraterna.se/vetlanda/kommunvalet/" />
<meta property="og:site_name" content="Vetlanda" />
<meta property="article:modified_time" content="2022-03-05T09:47:42+00:00" />
<meta name="twitter:card" content="summary_large_image" />
<meta name="twitter:label1" content="Beräknad lästid" />
	<meta name="twitter:data1" content="1 minut" />
<script type="application/ld+json" class="yoast-schema-graph">{"@context":"https:\/\/schema.org","@graph":[{"@type":"WebPage","@id":"https:\/\/wp.kristdemokraterna.se\/vetlanda\/kommunvalet\/","url":"https:\/\/wp.kristdemokraterna.se\/vetlanda\/kommunvalet\/","name":"Kommunvalet - Vetlanda","isPartOf":{"@id":"https:\/\/wp.kristdemokraterna.se\/vetlanda\/#website"},"datePublished":"2014-08-12T19:27:41+00:00","dateModified":"2022-03-05T09:47:42+00:00","breadcrumb":{"@id":"https:\/\/wp.kristdemokraterna.se\/vetlanda\/kommunvalet\/#breadcrumb"},"inLanguage":"sv-SE","potentialAction":[{"@type":"ReadAction","target":["https:\/\/wp.kristdemokraterna.se\/vetlanda\/kommunvalet\/"]}]},{"@type":"BreadcrumbList","@id":"https:\/\/wp.kristdemokraterna.se\/vetlanda\/kommunvalet\/#breadcrumb","itemListElement":[{"@type":"ListItem","position":1,"name":"Hem","item":"https:\/\/wp.kristdemokraterna.se\/vetlanda\/"},{"@type":"ListItem","position":2,"name":"Kommunvalet"}]},{"@type":"WebSite","@id":"https:\/\/wp.kristdemokraterna.se\/vetlanda\/#website","url":"https:\/\/wp.kristdemokraterna.se\/vetlanda\/","name":"Vetlanda","description":"","inLanguage":"sv-SE"}]}</script>
<!-- / Yoast SEO plugin. -->

Kandidater till kommunfullmäktige i Vetlanda 2022 Monica Samuelsson, Hans Svensson, Lars Råsberg och Jan-Erik Josefsson toppar listan som rymmer 26 namn från kommunens olika delar. Här är hela listan: Monica Samuelsson, Vetlanda Hans Svensson, Vetlanda Lars Råsberg, Vetlanda Jan-Erik Josefsson, Hjältaryd Kristoffer Kaspersson, Bäckaby Irene Lövgren, Vetlanda Gun-Britt Sigfridsson, Vetlanda Kjell Enell, Vetlanda Marie-Louise Sollin, Vetlanda Read More
