{"id":295,"date":"2016-05-11T14:53:58","date_gmt":"2016-05-11T12:53:58","guid":{"rendered":"http:\/\/wp.kristdemokraterna.se\/vg\/?page_id=295"},"modified":"2025-12-09T10:45:20","modified_gmt":"2025-12-09T09:45:20","slug":"dokument-och-rapporter","status":"publish","type":"page","link":"https:\/\/wp.kristdemokraterna.se\/vg\/dokument-och-rapporter\/","title":{"rendered":"valprogram och budgetf\u00f6rslag"},"content":{"rendered":"<p><a href=\"http:\/\/wp.kristdemokraterna.se\/vg\/files\/2025\/06\/kd-vgr-budget-2026.pdf\"><strong>Budgetf\u00f6rslag 2026<\/strong><\/a><br \/>\n<a href=\"http:\/\/wp.kristdemokraterna.se\/vg\/files\/2025\/06\/kd-vgr-budget-2026.pdf\"><img decoding=\"async\" src=\"http:\/\/wp.kristdemokraterna.se\/vg\/files\/2022\/06\/logga-150x150.jpg\" \/><\/a><\/p>\n<p><strong><a href=\"https:\/\/wp.kristdemokraterna.se\/vg\/files\/2024\/08\/budget-vgr-2025-kristdemokraterna.pdf\">Budgetf\u00f6rslag 2025<\/a><br \/>\n<img decoding=\"async\" src=\"http:\/\/wp.kristdemokraterna.se\/vg\/files\/2022\/06\/logga-150x150.jpg\" \/><\/strong><\/p>\n<p><strong><a href=\"http:\/\/wp.kristdemokraterna.se\/vg\/files\/2023\/06\/kd-vgr-budget-2024-1.pdf\">Budgetf\u00f6rslag 2024<\/a><\/strong><br \/>\n<a href=\"http:\/\/wp.kristdemokraterna.se\/vg\/files\/2022\/06\/logga.jpg\"><img loading=\"lazy\" decoding=\"async\" class=\"alignnone size-thumbnail wp-image-1094\" src=\"http:\/\/wp.kristdemokraterna.se\/vg\/files\/2022\/06\/logga-150x150.jpg\" alt=\"\" width=\"150\" height=\"150\" \/><\/a><\/p>\n<p><a href=\"http:\/\/wp.kristdemokraterna.se\/vg\/files\/2022\/06\/valprogram-2022-kd.pdf\"><strong>Regionprogram 2022<\/strong><\/a><\/p>\n<p><strong><a href=\"http:\/\/wp.kristdemokraterna.se\/vg\/files\/2022\/06\/logga.jpg\"><img loading=\"lazy\" decoding=\"async\" class=\"alignnone size-thumbnail wp-image-1094\" src=\"http:\/\/wp.kristdemokraterna.se\/vg\/files\/2022\/06\/logga-150x150.jpg\" alt=\"\" width=\"150\" height=\"150\" \/><\/a><\/strong><\/p>\n<p><a href=\"http:\/\/wp.kristdemokraterna.se\/vg\/files\/2022\/06\/budget-vgr-2023-gbs-k.pdf\"><strong>Budgetf\u00f6rslag 2023<\/strong><\/a><br \/>\n<a href=\"http:\/\/wp.kristdemokraterna.se\/vg\/files\/2022\/06\/gruppledare_gbs_2022_foto_jonathanfarnstrom.jpg\"><img loading=\"lazy\" decoding=\"async\" class=\"alignnone wp-image-1089 size-thumbnail\" src=\"http:\/\/wp.kristdemokraterna.se\/vg\/files\/2022\/06\/gruppledare_gbs_2022_foto_jonathanfarnstrom-150x150.jpg\" alt=\"\" width=\"150\" height=\"150\" \/><\/a><\/p>\n<p><strong><a href=\"http:\/\/wp.kristdemokraterna.se\/vg\/files\/2022\/12\/kristdemokraterna-tillaggsbudget-2023.pdf\">Till\u00e4ggsbudget 2023<\/a><br \/>\n<img decoding=\"async\" src=\"http:\/\/wp.kristdemokraterna.se\/vg\/files\/2022\/06\/logga-150x150.jpg\" \/><br \/>\n<\/strong><\/p>\n","protected":false},"excerpt":{"rendered":"<p>Budgetf\u00f6rslag 2026 Budgetf\u00f6rslag 2025 Budgetf\u00f6rslag 2024 Regionprogram 2022 Budgetf\u00f6rslag 2023 Till\u00e4ggsbudget 2023<\/p>\n","protected":false},"author":726,"featured_media":0,"parent":0,"menu_order":0,"comment_status":"closed","ping_status":"closed","template":"","meta":{"_acf_changed":false,"footnotes":""},"class_list":["post-295","page","type-page","status-publish","hentry"],"acf":[],"yoast_head":"<!-- This site is optimized with the Yoast SEO plugin v27.4 - https:\/\/yoast.com\/product\/yoast-seo-wordpress\/ -->\n<title>valprogram och budgetf\u00f6rslag - V\u00e4stra G\u00f6talandsregionen<\/title>\n<meta name=\"robots\" content=\"index, follow, max-snippet:-1, max-image-preview:large, max-video-preview:-1\" \/>\n<link rel=\"canonical\" href=\"https:\/\/wp.kristdemokraterna.se\/vg\/dokument-och-rapporter\/\" \/>\n<meta property=\"og:locale\" content=\"sv_SE\" \/>\n<meta property=\"og:type\" content=\"article\" \/>\n<meta property=\"og:title\" content=\"valprogram och budgetf\u00f6rslag - V\u00e4stra G\u00f6talandsregionen\" \/>\n<meta property=\"og:description\" content=\"Budgetf\u00f6rslag 2026 Budgetf\u00f6rslag 2025 Budgetf\u00f6rslag 2024 Regionprogram 2022 Budgetf\u00f6rslag 2023 Till\u00e4ggsbudget 2023\" \/>\n<meta property=\"og:url\" content=\"https:\/\/wp.kristdemokraterna.se\/vg\/dokument-och-rapporter\/\" \/>\n<meta property=\"og:site_name\" content=\"V\u00e4stra G\u00f6talandsregionen\" \/>\n<meta property=\"article:modified_time\" content=\"2025-12-09T09:45:20+00:00\" \/>\n<meta property=\"og:image\" content=\"http:\/\/wp.kristdemokraterna.se\/vg\/files\/2022\/06\/logga-150x150.jpg\" \/>\n<meta name=\"twitter:card\" content=\"summary_large_image\" \/>\n<meta name=\"twitter:site\" content=\"@KD_VGR\" \/>\n<meta name=\"twitter:label1\" content=\"Ber\u00e4knad l\u00e4stid\" \/>\n\t<meta name=\"twitter:data1\" content=\"2 minuter\" \/>\n<script type=\"application\/ld+json\" class=\"yoast-schema-graph\">{\"@context\":\"https:\\\/\\\/schema.org\",\"@graph\":[{\"@type\":\"WebPage\",\"@id\":\"https:\\\/\\\/wp.kristdemokraterna.se\\\/vg\\\/dokument-och-rapporter\\\/\",\"url\":\"https:\\\/\\\/wp.kristdemokraterna.se\\\/vg\\\/dokument-och-rapporter\\\/\",\"name\":\"valprogram och budgetf\u00f6rslag - V\u00e4stra G\u00f6talandsregionen\",\"isPartOf\":{\"@id\":\"https:\\\/\\\/wp.kristdemokraterna.se\\\/vg\\\/#website\"},\"primaryImageOfPage\":{\"@id\":\"https:\\\/\\\/wp.kristdemokraterna.se\\\/vg\\\/dokument-och-rapporter\\\/#primaryimage\"},\"image\":{\"@id\":\"https:\\\/\\\/wp.kristdemokraterna.se\\\/vg\\\/dokument-och-rapporter\\\/#primaryimage\"},\"thumbnailUrl\":\"http:\\\/\\\/wp.kristdemokraterna.se\\\/vg\\\/files\\\/2022\\\/06\\\/logga-150x150.jpg\",\"datePublished\":\"2016-05-11T12:53:58+00:00\",\"dateModified\":\"2025-12-09T09:45:20+00:00\",\"breadcrumb\":{\"@id\":\"https:\\\/\\\/wp.kristdemokraterna.se\\\/vg\\\/dokument-och-rapporter\\\/#breadcrumb\"},\"inLanguage\":\"sv-SE\",\"potentialAction\":[{\"@type\":\"ReadAction\",\"target\":[\"https:\\\/\\\/wp.kristdemokraterna.se\\\/vg\\\/dokument-och-rapporter\\\/\"]}]},{\"@type\":\"ImageObject\",\"inLanguage\":\"sv-SE\",\"@id\":\"https:\\\/\\\/wp.kristdemokraterna.se\\\/vg\\\/dokument-och-rapporter\\\/#primaryimage\",\"url\":\"http:\\\/\\\/wp.kristdemokraterna.se\\\/vg\\\/files\\\/2022\\\/06\\\/logga-150x150.jpg\",\"contentUrl\":\"http:\\\/\\\/wp.kristdemokraterna.se\\\/vg\\\/files\\\/2022\\\/06\\\/logga-150x150.jpg\"},{\"@type\":\"BreadcrumbList\",\"@id\":\"https:\\\/\\\/wp.kristdemokraterna.se\\\/vg\\\/dokument-och-rapporter\\\/#breadcrumb\",\"itemListElement\":[{\"@type\":\"ListItem\",\"position\":1,\"name\":\"Hem\",\"item\":\"https:\\\/\\\/wp.kristdemokraterna.se\\\/vg\\\/\"},{\"@type\":\"ListItem\",\"position\":2,\"name\":\"valprogram och budgetf\u00f6rslag\"}]},{\"@type\":\"WebSite\",\"@id\":\"https:\\\/\\\/wp.kristdemokraterna.se\\\/vg\\\/#website\",\"url\":\"https:\\\/\\\/wp.kristdemokraterna.se\\\/vg\\\/\",\"name\":\"V\u00e4stra G\u00f6talandsregionen\",\"description\":\"\",\"inLanguage\":\"sv-SE\"}]}<\/script>\n<!-- \/ Yoast SEO plugin. -->","yoast_head_json":{"title":"valprogram och budgetf\u00f6rslag - V\u00e4stra G\u00f6talandsregionen","robots":{"index":"index","follow":"follow","max-snippet":"max-snippet:-1","max-image-preview":"max-image-preview:large","max-video-preview":"max-video-preview:-1"},"canonical":"https:\/\/wp.kristdemokraterna.se\/vg\/dokument-och-rapporter\/","og_locale":"sv_SE","og_type":"article","og_title":"valprogram och budgetf\u00f6rslag - V\u00e4stra G\u00f6talandsregionen","og_description":"Budgetf\u00f6rslag 2026 Budgetf\u00f6rslag 2025 Budgetf\u00f6rslag 2024 Regionprogram 2022 Budgetf\u00f6rslag 2023 Till\u00e4ggsbudget 2023","og_url":"https:\/\/wp.kristdemokraterna.se\/vg\/dokument-och-rapporter\/","og_site_name":"V\u00e4stra G\u00f6talandsregionen","article_modified_time":"2025-12-09T09:45:20+00:00","og_image":[{"url":"http:\/\/wp.kristdemokraterna.se\/vg\/files\/2022\/06\/logga-150x150.jpg","type":"","width":"","height":""}],"twitter_card":"summary_large_image","twitter_site":"@KD_VGR","twitter_misc":{"Ber\u00e4knad l\u00e4stid":"2 minuter"},"schema":{"@context":"https:\/\/schema.org","@graph":[{"@type":"WebPage","@id":"https:\/\/wp.kristdemokraterna.se\/vg\/dokument-och-rapporter\/","url":"https:\/\/wp.kristdemokraterna.se\/vg\/dokument-och-rapporter\/","name":"valprogram och budgetf\u00f6rslag - V\u00e4stra G\u00f6talandsregionen","isPartOf":{"@id":"https:\/\/wp.kristdemokraterna.se\/vg\/#website"},"primaryImageOfPage":{"@id":"https:\/\/wp.kristdemokraterna.se\/vg\/dokument-och-rapporter\/#primaryimage"},"image":{"@id":"https:\/\/wp.kristdemokraterna.se\/vg\/dokument-och-rapporter\/#primaryimage"},"thumbnailUrl":"http:\/\/wp.kristdemokraterna.se\/vg\/files\/2022\/06\/logga-150x150.jpg","datePublished":"2016-05-11T12:53:58+00:00","dateModified":"2025-12-09T09:45:20+00:00","breadcrumb":{"@id":"https:\/\/wp.kristdemokraterna.se\/vg\/dokument-och-rapporter\/#breadcrumb"},"inLanguage":"sv-SE","potentialAction":[{"@type":"ReadAction","target":["https:\/\/wp.kristdemokraterna.se\/vg\/dokument-och-rapporter\/"]}]},{"@type":"ImageObject","inLanguage":"sv-SE","@id":"https:\/\/wp.kristdemokraterna.se\/vg\/dokument-och-rapporter\/#primaryimage","url":"http:\/\/wp.kristdemokraterna.se\/vg\/files\/2022\/06\/logga-150x150.jpg","contentUrl":"http:\/\/wp.kristdemokraterna.se\/vg\/files\/2022\/06\/logga-150x150.jpg"},{"@type":"BreadcrumbList","@id":"https:\/\/wp.kristdemokraterna.se\/vg\/dokument-och-rapporter\/#breadcrumb","itemListElement":[{"@type":"ListItem","position":1,"name":"Hem","item":"https:\/\/wp.kristdemokraterna.se\/vg\/"},{"@type":"ListItem","position":2,"name":"valprogram och budgetf\u00f6rslag"}]},{"@type":"WebSite","@id":"https:\/\/wp.kristdemokraterna.se\/vg\/#website","url":"https:\/\/wp.kristdemokraterna.se\/vg\/","name":"V\u00e4stra G\u00f6talandsregionen","description":"","inLanguage":"sv-SE"}]}},"_links":{"self":[{"href":"https:\/\/wp.kristdemokraterna.se\/vg\/wp-json\/wp\/v2\/pages\/295","targetHints":{"allow":["GET"]}}],"collection":[{"href":"https:\/\/wp.kristdemokraterna.se\/vg\/wp-json\/wp\/v2\/pages"}],"about":[{"href":"https:\/\/wp.kristdemokraterna.se\/vg\/wp-json\/wp\/v2\/types\/page"}],"author":[{"embeddable":true,"href":"https:\/\/wp.kristdemokraterna.se\/vg\/wp-json\/wp\/v2\/users\/726"}],"replies":[{"embeddable":true,"href":"https:\/\/wp.kristdemokraterna.se\/vg\/wp-json\/wp\/v2\/comments?post=295"}],"version-history":[{"count":23,"href":"https:\/\/wp.kristdemokraterna.se\/vg\/wp-json\/wp\/v2\/pages\/295\/revisions"}],"predecessor-version":[{"id":1342,"href":"https:\/\/wp.kristdemokraterna.se\/vg\/wp-json\/wp\/v2\/pages\/295\/revisions\/1342"}],"wp:attachment":[{"href":"https:\/\/wp.kristdemokraterna.se\/vg\/wp-json\/wp\/v2\/media?parent=295"}],"curies":[{"name":"wp","href":"https:\/\/api.w.org\/{rel}","templated":true}]}}

valprogram och budgetförslag

<p><a href="http://wp.kristdemokraterna.se/vg/files/2025/06/kd-vgr-budget-2026.pdf"><strong>Budgetförslag 2026</strong></a><br />
<a href="http://wp.kristdemokraterna.se/vg/files/2025/06/kd-vgr-budget-2026.pdf"><img decoding="async" src="http://wp.kristdemokraterna.se/vg/files/2022/06/logga-150x150.jpg" /></a></p>
<p><strong><a href="https://wp.kristdemokraterna.se/vg/files/2024/08/budget-vgr-2025-kristdemokraterna.pdf">Budgetförslag 2025</a><br />
<img decoding="async" src="http://wp.kristdemokraterna.se/vg/files/2022/06/logga-150x150.jpg" /></strong></p>
<p><strong><a href="http://wp.kristdemokraterna.se/vg/files/2023/06/kd-vgr-budget-2024-1.pdf">Budgetförslag 2024</a></strong><br />
<a href="http://wp.kristdemokraterna.se/vg/files/2022/06/logga.jpg"><img loading="lazy" decoding="async" class="alignnone size-thumbnail wp-image-1094" src="http://wp.kristdemokraterna.se/vg/files/2022/06/logga-150x150.jpg" alt="" width="150" height="150" /></a></p>
<p><a href="http://wp.kristdemokraterna.se/vg/files/2022/06/valprogram-2022-kd.pdf"><strong>Regionprogram 2022</strong></a></p>
<p><strong><a href="http://wp.kristdemokraterna.se/vg/files/2022/06/logga.jpg"><img loading="lazy" decoding="async" class="alignnone size-thumbnail wp-image-1094" src="http://wp.kristdemokraterna.se/vg/files/2022/06/logga-150x150.jpg" alt="" width="150" height="150" /></a></strong></p>
<p><a href="http://wp.kristdemokraterna.se/vg/files/2022/06/budget-vgr-2023-gbs-k.pdf"><strong>Budgetförslag 2023</strong></a><br />
<a href="http://wp.kristdemokraterna.se/vg/files/2022/06/gruppledare_gbs_2022_foto_jonathanfarnstrom.jpg"><img loading="lazy" decoding="async" class="alignnone wp-image-1089 size-thumbnail" src="http://wp.kristdemokraterna.se/vg/files/2022/06/gruppledare_gbs_2022_foto_jonathanfarnstrom-150x150.jpg" alt="" width="150" height="150" /></a></p>
<p><strong><a href="http://wp.kristdemokraterna.se/vg/files/2022/12/kristdemokraterna-tillaggsbudget-2023.pdf">Tilläggsbudget 2023</a><br />
<img decoding="async" src="http://wp.kristdemokraterna.se/vg/files/2022/06/logga-150x150.jpg" /><br />
</strong></p>

<p>Budgetförslag 2026 Budgetförslag 2025 Budgetförslag 2024 Regionprogram 2022 Budgetförslag 2023 Tilläggsbudget 2023</p>

<!-- This site is optimized with the Yoast SEO plugin v27.4 - https://yoast.com/product/yoast-seo-wordpress/ -->
<title>valprogram och budgetförslag - Västra Götalandsregionen</title>
<meta name="robots" content="index, follow, max-snippet:-1, max-image-preview:large, max-video-preview:-1" />
<link rel="canonical" href="https://wp.kristdemokraterna.se/vg/dokument-och-rapporter/" />
<meta property="og:locale" content="sv_SE" />
<meta property="og:type" content="article" />
<meta property="og:title" content="valprogram och budgetförslag - Västra Götalandsregionen" />
<meta property="og:description" content="Budgetförslag 2026 Budgetförslag 2025 Budgetförslag 2024 Regionprogram 2022 Budgetförslag 2023 Tilläggsbudget 2023" />
<meta property="og:url" content="https://wp.kristdemokraterna.se/vg/dokument-och-rapporter/" />
<meta property="og:site_name" content="Västra Götalandsregionen" />
<meta property="article:modified_time" content="2025-12-09T09:45:20+00:00" />
<meta property="og:image" content="http://wp.kristdemokraterna.se/vg/files/2022/06/logga-150x150.jpg" />
<meta name="twitter:card" content="summary_large_image" />
<meta name="twitter:site" content="@KD_VGR" />
<meta name="twitter:label1" content="Beräknad lästid" />
	<meta name="twitter:data1" content="2 minuter" />
<script type="application/ld+json" class="yoast-schema-graph">{"@context":"https:\/\/schema.org","@graph":[{"@type":"WebPage","@id":"https:\/\/wp.kristdemokraterna.se\/vg\/dokument-och-rapporter\/","url":"https:\/\/wp.kristdemokraterna.se\/vg\/dokument-och-rapporter\/","name":"valprogram och budgetförslag - Västra Götalandsregionen","isPartOf":{"@id":"https:\/\/wp.kristdemokraterna.se\/vg\/#website"},"primaryImageOfPage":{"@id":"https:\/\/wp.kristdemokraterna.se\/vg\/dokument-och-rapporter\/#primaryimage"},"image":{"@id":"https:\/\/wp.kristdemokraterna.se\/vg\/dokument-och-rapporter\/#primaryimage"},"thumbnailUrl":"http:\/\/wp.kristdemokraterna.se\/vg\/files\/2022\/06\/logga-150x150.jpg","datePublished":"2016-05-11T12:53:58+00:00","dateModified":"2025-12-09T09:45:20+00:00","breadcrumb":{"@id":"https:\/\/wp.kristdemokraterna.se\/vg\/dokument-och-rapporter\/#breadcrumb"},"inLanguage":"sv-SE","potentialAction":[{"@type":"ReadAction","target":["https:\/\/wp.kristdemokraterna.se\/vg\/dokument-och-rapporter\/"]}]},{"@type":"ImageObject","inLanguage":"sv-SE","@id":"https:\/\/wp.kristdemokraterna.se\/vg\/dokument-och-rapporter\/#primaryimage","url":"http:\/\/wp.kristdemokraterna.se\/vg\/files\/2022\/06\/logga-150x150.jpg","contentUrl":"http:\/\/wp.kristdemokraterna.se\/vg\/files\/2022\/06\/logga-150x150.jpg"},{"@type":"BreadcrumbList","@id":"https:\/\/wp.kristdemokraterna.se\/vg\/dokument-och-rapporter\/#breadcrumb","itemListElement":[{"@type":"ListItem","position":1,"name":"Hem","item":"https:\/\/wp.kristdemokraterna.se\/vg\/"},{"@type":"ListItem","position":2,"name":"valprogram och budgetförslag"}]},{"@type":"WebSite","@id":"https:\/\/wp.kristdemokraterna.se\/vg\/#website","url":"https:\/\/wp.kristdemokraterna.se\/vg\/","name":"Västra Götalandsregionen","description":"","inLanguage":"sv-SE"}]}</script>
<!-- / Yoast SEO plugin. -->

valprogram och budgetförslag - Västra Götalandsregionen

Budgetförslag 2026 Budgetförslag 2025 Budgetförslag 2024 Regionprogram 2022 Budgetförslag 2023 Tilläggsbudget 2023

Västra Götalandsregionen
