{"id":269,"date":"2017-11-29T16:48:28","date_gmt":"2017-11-29T15:48:28","guid":{"rendered":"https:\/\/wp.kristdemokraterna.se\/vimmerby2\/?page_id=269"},"modified":"2023-11-20T14:54:31","modified_gmt":"2023-11-20T13:54:31","slug":"textsida-med-vanster-sidebar","status":"publish","type":"page","link":"https:\/\/wp.kristdemokraterna.se\/vimmerby\/textsida-med-vanster-sidebar\/","title":{"rendered":"V\u00e5r partiavdelning"},"content":{"rendered":"<p><a href=\"https:\/\/wp.kristdemokraterna.se\/vimmerby\/files\/2022\/05\/kd3-nina-ola-gudrun-scaled.jpg\"><img loading=\"lazy\" decoding=\"async\" class=\"alignnone size-medium wp-image-668\" src=\"https:\/\/wp.kristdemokraterna.se\/vimmerby\/files\/2022\/05\/kd3-nina-ola-gudrun-300x200.jpg\" alt=\"\" width=\"300\" height=\"200\" srcset=\"https:\/\/wp.kristdemokraterna.se\/vimmerby\/files\/2022\/05\/kd3-nina-ola-gudrun-300x200.jpg 300w, https:\/\/wp.kristdemokraterna.se\/vimmerby\/files\/2022\/05\/kd3-nina-ola-gudrun-1024x683.jpg 1024w, https:\/\/wp.kristdemokraterna.se\/vimmerby\/files\/2022\/05\/kd3-nina-ola-gudrun-768x512.jpg 768w, https:\/\/wp.kristdemokraterna.se\/vimmerby\/files\/2022\/05\/kd3-nina-ola-gudrun-1536x1024.jpg 1536w, https:\/\/wp.kristdemokraterna.se\/vimmerby\/files\/2022\/05\/kd3-nina-ola-gudrun-2048x1365.jpg 2048w, https:\/\/wp.kristdemokraterna.se\/vimmerby\/files\/2022\/05\/kd3-nina-ola-gudrun-370x247.jpg 370w, https:\/\/wp.kristdemokraterna.se\/vimmerby\/files\/2022\/05\/kd3-nina-ola-gudrun-770x513.jpg 770w, https:\/\/wp.kristdemokraterna.se\/vimmerby\/files\/2022\/05\/kd3-nina-ola-gudrun-450x300.jpg 450w, https:\/\/wp.kristdemokraterna.se\/vimmerby\/files\/2022\/05\/kd3-nina-ola-gudrun-280x187.jpg 280w, https:\/\/wp.kristdemokraterna.se\/vimmerby\/files\/2022\/05\/kd3-nina-ola-gudrun-340x227.jpg 340w, https:\/\/wp.kristdemokraterna.se\/vimmerby\/files\/2022\/05\/kd3-nina-ola-gudrun-200x133.jpg 200w, https:\/\/wp.kristdemokraterna.se\/vimmerby\/files\/2022\/05\/kd3-nina-ola-gudrun-84x56.jpg 84w\" sizes=\"auto, (max-width: 300px) 100vw, 300px\" \/><\/a><\/p>\n<p><strong>Topp tre i kommunvalet:<\/strong> Nina Gustafsson (nr 3 p\u00e5 valsedeln), Ola Gustafsson (nr 1) och Gudrun Bruneg\u00e5rd (nr 2).<\/p>\n<p><strong>Kandidater till kommunfullm\u00e4ktige i valet 2022:<\/strong><\/p>\n<ol>\n<li data-leveltext=\"%1.\" data-font=\"\" data-listid=\"3\" data-aria-posinset=\"1\" data-aria-level=\"1\"><span data-contrast=\"auto\">Ola Gustafsson, civilekonom, Vimmerby\u00a0<\/span><\/li>\n<li data-leveltext=\"%1.\" data-font=\"\" data-listid=\"3\" data-aria-posinset=\"1\" data-aria-level=\"1\"><span data-contrast=\"auto\">Gudrun Bruneg\u00e5rd, riksdagsledamot, Vimmerby <\/span><\/li>\n<li data-leveltext=\"%1.\" data-font=\"\" data-listid=\"3\" data-aria-posinset=\"1\" data-aria-level=\"1\"><span data-contrast=\"auto\">Nina Gustafsson, f\u00f6retagare, Vimmerby\u00a0<\/span><\/li>\n<li data-leveltext=\"%1.\" data-font=\"\" data-listid=\"3\" data-aria-posinset=\"1\" data-aria-level=\"1\"><span data-contrast=\"auto\">Nina Myrefelt, sjuksk\u00f6terska, Vimmerby<\/span><span data-ccp-props=\"{&quot;201341983&quot;:0,&quot;335559739&quot;:160,&quot;335559740&quot;:240}\">\u00a0<\/span><\/li>\n<li data-leveltext=\"%1.\" data-font=\"\" data-listid=\"3\" data-aria-posinset=\"1\" data-aria-level=\"1\"><span data-contrast=\"auto\">Sven Weckfors, f d elektriker, Rumskulla<\/span><span data-ccp-props=\"{&quot;201341983&quot;:0,&quot;335559739&quot;:160,&quot;335559740&quot;:240}\">\u00a0<\/span><\/li>\n<li data-leveltext=\"%1.\" data-font=\"\" data-listid=\"3\" data-aria-posinset=\"1\" data-aria-level=\"1\"><span data-contrast=\"auto\">Anders Bruneg\u00e5rd, distriktsl\u00e4kare, Vimmerby\u00a0<\/span><span data-ccp-props=\"{&quot;201341983&quot;:0,&quot;335559739&quot;:160,&quot;335559740&quot;:240}\">\u00a0<\/span><\/li>\n<li data-leveltext=\"%1.\" data-font=\"\" data-listid=\"3\" data-aria-posinset=\"1\" data-aria-level=\"1\"><span data-contrast=\"auto\">Christina Sorsa, f\u00f6retagare, Vimmerby\u00a0<\/span><span data-ccp-props=\"{&quot;201341983&quot;:0,&quot;335559739&quot;:160,&quot;335559740&quot;:240}\">\u00a0<\/span><\/li>\n<li data-leveltext=\"%1.\" data-font=\"\" data-listid=\"3\" data-aria-posinset=\"1\" data-aria-level=\"1\"><span data-contrast=\"auto\">Jonas Karlsson, lantbrukare, Pelarne\u00a0<\/span><span data-ccp-props=\"{&quot;201341983&quot;:0,&quot;335559739&quot;:160,&quot;335559740&quot;:240}\">\u00a0<\/span><\/li>\n<li data-leveltext=\"%1.\" data-font=\"\" data-listid=\"3\" data-aria-posinset=\"1\" data-aria-level=\"1\"><\/li>\n<li data-leveltext=\"%1.\" data-font=\"\" data-listid=\"3\" data-aria-posinset=\"1\" data-aria-level=\"1\"><span data-contrast=\"auto\">Thomas Karlsson, f d f\u00f6retagare, Vimmerby\u00a0<\/span><span data-ccp-props=\"{&quot;201341983&quot;:0,&quot;335559739&quot;:160,&quot;335559740&quot;:240}\">\u00a0<\/span><\/li>\n<li data-leveltext=\"%1.\" data-font=\"\" data-listid=\"3\" data-aria-posinset=\"1\" data-aria-level=\"1\"><span data-contrast=\"auto\">Paola Vergara, f\u00f6retagare, Vimmerby\u00a0<\/span><span data-ccp-props=\"{&quot;201341983&quot;:0,&quot;335559739&quot;:160,&quot;335559740&quot;:240}\">\u00a0<\/span><\/li>\n<li data-leveltext=\"%1.\" data-font=\"\" data-listid=\"3\" data-aria-posinset=\"1\" data-aria-level=\"1\"><span data-contrast=\"auto\">Susan Bett, omsorgsbitr\u00e4de, Storebro<\/span><span data-ccp-props=\"{&quot;201341983&quot;:0,&quot;335559739&quot;:160,&quot;335559740&quot;:240}\">\u00a0<\/span><\/li>\n<li data-leveltext=\"%1.\" data-font=\"\" data-listid=\"3\" data-aria-posinset=\"1\" data-aria-level=\"1\"><span data-contrast=\"auto\">G\u00f6ran Gustafsson, f d f\u00f6retagare, Djursdala\u00a0<\/span><span data-ccp-props=\"{&quot;201341983&quot;:0,&quot;335559739&quot;:160,&quot;335559740&quot;:240}\">\u00a0<\/span><\/li>\n<li data-leveltext=\"%1.\" data-font=\"\" data-listid=\"3\" data-aria-posinset=\"1\" data-aria-level=\"1\"><span data-contrast=\"auto\">Eva Petersson, hantverkare, Vimmerby\u00a0<\/span><span data-ccp-props=\"{&quot;201341983&quot;:0,&quot;335559739&quot;:160,&quot;335559740&quot;:240}\">\u00a0<\/span><\/li>\n<li data-leveltext=\"%1.\" data-font=\"\" data-listid=\"3\" data-aria-posinset=\"1\" data-aria-level=\"1\"><span data-contrast=\"auto\">Nanette Inkoom, sjuksk\u00f6terskestudent, Vimmerby\u00a0<\/span><span data-ccp-props=\"{&quot;201341983&quot;:0,&quot;335559739&quot;:160,&quot;335559740&quot;:240}\">\u00a0<\/span><\/li>\n<li data-leveltext=\"%1.\" data-font=\"\" data-listid=\"3\" data-aria-posinset=\"1\" data-aria-level=\"1\"><span data-contrast=\"auto\">Jaroslav Sranka, tekniker, Vimmerby\u00a0<\/span><span data-ccp-props=\"{&quot;201341983&quot;:0,&quot;335559739&quot;:160,&quot;335559740&quot;:240}\">\u00a0<\/span><\/li>\n<li data-leveltext=\"%1.\" data-font=\"\" data-listid=\"3\" data-aria-posinset=\"1\" data-aria-level=\"1\"><span data-contrast=\"auto\">Elisabeth Steig\u00e5rd, sjuksk\u00f6terska, Vimmerby<\/span><span data-ccp-props=\"{&quot;201341983&quot;:0,&quot;335559739&quot;:160,&quot;335559740&quot;:240}\">\u00a0<\/span><\/li>\n<li data-leveltext=\"%1.\" data-font=\"\" data-listid=\"3\" data-aria-posinset=\"1\" data-aria-level=\"1\"><span data-contrast=\"auto\">Richard Eliasson, bankchef, Vimmerby<\/span><span data-ccp-props=\"{&quot;201341983&quot;:0,&quot;335559739&quot;:160,&quot;335559740&quot;:240}\">\u00a0<\/span><\/li>\n<li data-leveltext=\"%1.\" data-font=\"\" data-listid=\"3\" data-aria-posinset=\"1\" data-aria-level=\"1\"><span data-contrast=\"auto\">Marleny Correa, kokerska, Vimmerby\u00a0<\/span><span data-ccp-props=\"{&quot;201341983&quot;:0,&quot;335559739&quot;:160,&quot;335559740&quot;:240}\">\u00a0<\/span><\/li>\n<li data-leveltext=\"%1.\" data-font=\"\" data-listid=\"3\" data-aria-posinset=\"1\" data-aria-level=\"1\"><span data-contrast=\"auto\">Cristian Olivestam, l\u00e4rare, Vimmerby\u00a0<\/span><span data-ccp-props=\"{&quot;201341983&quot;:0,&quot;335559739&quot;:160,&quot;335559740&quot;:240}\">\u00a0<\/span><\/li>\n<li data-leveltext=\"%1.\" data-font=\"\" data-listid=\"3\" data-aria-posinset=\"1\" data-aria-level=\"1\"><span data-contrast=\"auto\">Ann-Cathrine Weckfors, sjuksk\u00f6terska, Rumskulla\u00a0<\/span><span data-ccp-props=\"{&quot;201341983&quot;:0,&quot;335559739&quot;:160,&quot;335559740&quot;:240}\">\u00a0<\/span><\/li>\n<li data-leveltext=\"%1.\" data-font=\"\" data-listid=\"3\" data-aria-posinset=\"1\" data-aria-level=\"1\"><span data-contrast=\"auto\">Bernt Kristoffersson, f d snickare, Rumskulla\u00a0<\/span><span data-ccp-props=\"{&quot;201341983&quot;:0,&quot;335559739&quot;:160,&quot;335559740&quot;:240}\">\u00a0<\/span><\/li>\n<li data-leveltext=\"%1.\" data-font=\"\" data-listid=\"3\" data-aria-posinset=\"1\" data-aria-level=\"1\"><span data-contrast=\"auto\">Ingbritt Carlsson, f d l\u00e4rare, Vimmerby\u00a0<\/span><span data-ccp-props=\"{&quot;201341983&quot;:0,&quot;335559739&quot;:160,&quot;335559740&quot;:240}\">\u00a0<\/span><\/li>\n<li data-leveltext=\"%1.\" data-font=\"\" data-listid=\"3\" data-aria-posinset=\"1\" data-aria-level=\"1\"><span data-contrast=\"auto\">Kjell Davidsson, lantbrukare, Tuna\u00a0<\/span><span data-ccp-props=\"{&quot;201341983&quot;:0,&quot;335559739&quot;:160,&quot;335559740&quot;:240}\">\u00a0<\/span><\/li>\n<\/ol>\n<p>&nbsp;<\/p>\n<p>&nbsp;<\/p>\n<p><strong>Styrelse:<\/strong><\/p>\n<p>Ola Gustafsson, ordf\u00f6rande<\/p>\n<p>Gudrun Bruneg\u00e5rd, vice ordf\u00f6rande<\/p>\n<p>J\u00f6rgen Henriksson, kass\u00f6r och sekreterare<\/p>\n<p>Christina Sorsa och Bjarne Lynbech, ledam\u00f6ter<\/p>\n<p>Nina Gustafsson, Ann-Sofi Henriksson, Nina Myrefelt och Clara Castelblanco, ers\u00e4ttare.<\/p>\n<p>&nbsp;<\/p>\n<p>&nbsp;<\/p>\n<p>&nbsp;<\/p>\n<p>&nbsp;<\/p>\n<p>&nbsp;<\/p>\n","protected":false},"excerpt":{"rendered":"<p>Topp tre i kommunvalet: Nina Gustafsson (nr 3 p\u00e5 valsedeln), Ola Gustafsson (nr 1) och Gudrun Bruneg\u00e5rd (nr 2). Kandidater till kommunfullm\u00e4ktige i valet 2022: Ola Gustafsson, civilekonom, Vimmerby\u00a0 Gudrun Bruneg\u00e5rd, riksdagsledamot, Vimmerby Nina Gustafsson, f\u00f6retagare, Vimmerby\u00a0 Nina Myrefelt, sjuksk\u00f6terska, Vimmerby\u00a0 Sven Weckfors, f d elektriker, Rumskulla\u00a0 Anders Bruneg\u00e5rd, distriktsl\u00e4kare, Vimmerby\u00a0\u00a0 Christina Sorsa, f\u00f6retagare, Vimmerby\u00a0\u00a0 <a class=\"read-more-link\" href=\"https:\/\/wp.kristdemokraterna.se\/vimmerby\/textsida-med-vanster-sidebar\/\">L\u00e4s mer<\/a><\/p>\n","protected":false},"author":411,"featured_media":714,"parent":0,"menu_order":0,"comment_status":"closed","ping_status":"closed","template":"page.php","meta":{"_acf_changed":false,"footnotes":""},"class_list":["post-269","page","type-page","status-publish","hentry"],"acf":[],"yoast_head":"<!-- This site is optimized with the Yoast SEO plugin v27.3 - https:\/\/yoast.com\/product\/yoast-seo-wordpress\/ -->\n<title>V\u00e5r partiavdelning - Kristdemokraterna | Vimmerby<\/title>\n<meta name=\"robots\" content=\"index, follow, max-snippet:-1, max-image-preview:large, max-video-preview:-1\" \/>\n<link rel=\"canonical\" href=\"https:\/\/wp.kristdemokraterna.se\/vimmerby\/textsida-med-vanster-sidebar\/\" \/>\n<meta property=\"og:locale\" content=\"sv_SE\" \/>\n<meta property=\"og:type\" content=\"article\" \/>\n<meta property=\"og:title\" content=\"V\u00e5r partiavdelning - Kristdemokraterna | Vimmerby\" \/>\n<meta property=\"og:description\" content=\"Topp tre i kommunvalet: Nina Gustafsson (nr 3 p\u00e5 valsedeln), Ola Gustafsson (nr 1) och Gudrun Bruneg\u00e5rd (nr 2). Kandidater till kommunfullm\u00e4ktige i valet 2022: Ola Gustafsson, civilekonom, Vimmerby\u00a0 Gudrun Bruneg\u00e5rd, riksdagsledamot, Vimmerby Nina Gustafsson, f\u00f6retagare, Vimmerby\u00a0 Nina Myrefelt, sjuksk\u00f6terska, Vimmerby\u00a0 Sven Weckfors, f d elektriker, Rumskulla\u00a0 Anders Bruneg\u00e5rd, distriktsl\u00e4kare, Vimmerby\u00a0\u00a0 Christina Sorsa, f\u00f6retagare, Vimmerby\u00a0\u00a0 L\u00e4s mer\" \/>\n<meta property=\"og:url\" content=\"https:\/\/wp.kristdemokraterna.se\/vimmerby\/textsida-med-vanster-sidebar\/\" \/>\n<meta property=\"og:site_name\" content=\"Kristdemokraterna | Vimmerby\" \/>\n<meta property=\"article:modified_time\" content=\"2023-11-20T13:54:31+00:00\" \/>\n<meta property=\"og:image\" content=\"https:\/\/wp.kristdemokraterna.se\/vimmerby\/files\/2022\/05\/kd3-nina-ola-gudrun-300x200.jpg\" \/>\n<meta name=\"twitter:card\" content=\"summary_large_image\" \/>\n<meta name=\"twitter:label1\" content=\"Ber\u00e4knad l\u00e4stid\" \/>\n\t<meta name=\"twitter:data1\" content=\"1 minut\" \/>\n<script type=\"application\/ld+json\" class=\"yoast-schema-graph\">{\"@context\":\"https:\\\/\\\/schema.org\",\"@graph\":[{\"@type\":\"WebPage\",\"@id\":\"https:\\\/\\\/wp.kristdemokraterna.se\\\/vimmerby\\\/textsida-med-vanster-sidebar\\\/\",\"url\":\"https:\\\/\\\/wp.kristdemokraterna.se\\\/vimmerby\\\/textsida-med-vanster-sidebar\\\/\",\"name\":\"V\u00e5r partiavdelning - Kristdemokraterna | Vimmerby\",\"isPartOf\":{\"@id\":\"https:\\\/\\\/wp.kristdemokraterna.se\\\/vimmerby\\\/#website\"},\"primaryImageOfPage\":{\"@id\":\"https:\\\/\\\/wp.kristdemokraterna.se\\\/vimmerby\\\/textsida-med-vanster-sidebar\\\/#primaryimage\"},\"image\":{\"@id\":\"https:\\\/\\\/wp.kristdemokraterna.se\\\/vimmerby\\\/textsida-med-vanster-sidebar\\\/#primaryimage\"},\"thumbnailUrl\":\"\",\"datePublished\":\"2017-11-29T15:48:28+00:00\",\"dateModified\":\"2023-11-20T13:54:31+00:00\",\"breadcrumb\":{\"@id\":\"https:\\\/\\\/wp.kristdemokraterna.se\\\/vimmerby\\\/textsida-med-vanster-sidebar\\\/#breadcrumb\"},\"inLanguage\":\"sv-SE\",\"potentialAction\":[{\"@type\":\"ReadAction\",\"target\":[\"https:\\\/\\\/wp.kristdemokraterna.se\\\/vimmerby\\\/textsida-med-vanster-sidebar\\\/\"]}]},{\"@type\":\"ImageObject\",\"inLanguage\":\"sv-SE\",\"@id\":\"https:\\\/\\\/wp.kristdemokraterna.se\\\/vimmerby\\\/textsida-med-vanster-sidebar\\\/#primaryimage\",\"url\":\"\",\"contentUrl\":\"\"},{\"@type\":\"BreadcrumbList\",\"@id\":\"https:\\\/\\\/wp.kristdemokraterna.se\\\/vimmerby\\\/textsida-med-vanster-sidebar\\\/#breadcrumb\",\"itemListElement\":[{\"@type\":\"ListItem\",\"position\":1,\"name\":\"Hem\",\"item\":\"https:\\\/\\\/wp.kristdemokraterna.se\\\/vimmerby\\\/\"},{\"@type\":\"ListItem\",\"position\":2,\"name\":\"V\u00e5r partiavdelning\"}]},{\"@type\":\"WebSite\",\"@id\":\"https:\\\/\\\/wp.kristdemokraterna.se\\\/vimmerby\\\/#website\",\"url\":\"https:\\\/\\\/wp.kristdemokraterna.se\\\/vimmerby\\\/\",\"name\":\"Kristdemokraterna | Vimmerby\",\"description\":\"Kristdemokraterna i Vimmerbys webbplats\",\"inLanguage\":\"sv-SE\"}]}<\/script>\n<!-- \/ Yoast SEO plugin. -->","yoast_head_json":{"title":"V\u00e5r partiavdelning - Kristdemokraterna | Vimmerby","robots":{"index":"index","follow":"follow","max-snippet":"max-snippet:-1","max-image-preview":"max-image-preview:large","max-video-preview":"max-video-preview:-1"},"canonical":"https:\/\/wp.kristdemokraterna.se\/vimmerby\/textsida-med-vanster-sidebar\/","og_locale":"sv_SE","og_type":"article","og_title":"V\u00e5r partiavdelning - Kristdemokraterna | Vimmerby","og_description":"Topp tre i kommunvalet: Nina Gustafsson (nr 3 p\u00e5 valsedeln), Ola Gustafsson (nr 1) och Gudrun Bruneg\u00e5rd (nr 2). Kandidater till kommunfullm\u00e4ktige i valet 2022: Ola Gustafsson, civilekonom, Vimmerby\u00a0 Gudrun Bruneg\u00e5rd, riksdagsledamot, Vimmerby Nina Gustafsson, f\u00f6retagare, Vimmerby\u00a0 Nina Myrefelt, sjuksk\u00f6terska, Vimmerby\u00a0 Sven Weckfors, f d elektriker, Rumskulla\u00a0 Anders Bruneg\u00e5rd, distriktsl\u00e4kare, Vimmerby\u00a0\u00a0 Christina Sorsa, f\u00f6retagare, Vimmerby\u00a0\u00a0 L\u00e4s mer","og_url":"https:\/\/wp.kristdemokraterna.se\/vimmerby\/textsida-med-vanster-sidebar\/","og_site_name":"Kristdemokraterna | Vimmerby","article_modified_time":"2023-11-20T13:54:31+00:00","og_image":[{"url":"https:\/\/wp.kristdemokraterna.se\/vimmerby\/files\/2022\/05\/kd3-nina-ola-gudrun-300x200.jpg","type":"","width":"","height":""}],"twitter_card":"summary_large_image","twitter_misc":{"Ber\u00e4knad l\u00e4stid":"1 minut"},"schema":{"@context":"https:\/\/schema.org","@graph":[{"@type":"WebPage","@id":"https:\/\/wp.kristdemokraterna.se\/vimmerby\/textsida-med-vanster-sidebar\/","url":"https:\/\/wp.kristdemokraterna.se\/vimmerby\/textsida-med-vanster-sidebar\/","name":"V\u00e5r partiavdelning - Kristdemokraterna | Vimmerby","isPartOf":{"@id":"https:\/\/wp.kristdemokraterna.se\/vimmerby\/#website"},"primaryImageOfPage":{"@id":"https:\/\/wp.kristdemokraterna.se\/vimmerby\/textsida-med-vanster-sidebar\/#primaryimage"},"image":{"@id":"https:\/\/wp.kristdemokraterna.se\/vimmerby\/textsida-med-vanster-sidebar\/#primaryimage"},"thumbnailUrl":"","datePublished":"2017-11-29T15:48:28+00:00","dateModified":"2023-11-20T13:54:31+00:00","breadcrumb":{"@id":"https:\/\/wp.kristdemokraterna.se\/vimmerby\/textsida-med-vanster-sidebar\/#breadcrumb"},"inLanguage":"sv-SE","potentialAction":[{"@type":"ReadAction","target":["https:\/\/wp.kristdemokraterna.se\/vimmerby\/textsida-med-vanster-sidebar\/"]}]},{"@type":"ImageObject","inLanguage":"sv-SE","@id":"https:\/\/wp.kristdemokraterna.se\/vimmerby\/textsida-med-vanster-sidebar\/#primaryimage","url":"","contentUrl":""},{"@type":"BreadcrumbList","@id":"https:\/\/wp.kristdemokraterna.se\/vimmerby\/textsida-med-vanster-sidebar\/#breadcrumb","itemListElement":[{"@type":"ListItem","position":1,"name":"Hem","item":"https:\/\/wp.kristdemokraterna.se\/vimmerby\/"},{"@type":"ListItem","position":2,"name":"V\u00e5r partiavdelning"}]},{"@type":"WebSite","@id":"https:\/\/wp.kristdemokraterna.se\/vimmerby\/#website","url":"https:\/\/wp.kristdemokraterna.se\/vimmerby\/","name":"Kristdemokraterna | Vimmerby","description":"Kristdemokraterna i Vimmerbys webbplats","inLanguage":"sv-SE"}]}},"_links":{"self":[{"href":"https:\/\/wp.kristdemokraterna.se\/vimmerby\/wp-json\/wp\/v2\/pages\/269","targetHints":{"allow":["GET"]}}],"collection":[{"href":"https:\/\/wp.kristdemokraterna.se\/vimmerby\/wp-json\/wp\/v2\/pages"}],"about":[{"href":"https:\/\/wp.kristdemokraterna.se\/vimmerby\/wp-json\/wp\/v2\/types\/page"}],"author":[{"embeddable":true,"href":"https:\/\/wp.kristdemokraterna.se\/vimmerby\/wp-json\/wp\/v2\/users\/411"}],"replies":[{"embeddable":true,"href":"https:\/\/wp.kristdemokraterna.se\/vimmerby\/wp-json\/wp\/v2\/comments?post=269"}],"version-history":[{"count":18,"href":"https:\/\/wp.kristdemokraterna.se\/vimmerby\/wp-json\/wp\/v2\/pages\/269\/revisions"}],"predecessor-version":[{"id":680,"href":"https:\/\/wp.kristdemokraterna.se\/vimmerby\/wp-json\/wp\/v2\/pages\/269\/revisions\/680"}],"wp:featuredmedia":[{"embeddable":true,"href":"https:\/\/wp.kristdemokraterna.se\/vimmerby\/wp-json\/"}],"wp:attachment":[{"href":"https:\/\/wp.kristdemokraterna.se\/vimmerby\/wp-json\/wp\/v2\/media?parent=269"}],"curies":[{"name":"wp","href":"https:\/\/api.w.org\/{rel}","templated":true}]}}