{"id":1028,"date":"2018-07-20T16:57:08","date_gmt":"2018-07-20T14:57:08","guid":{"rendered":"http:\/\/wp.kristdemokraterna.se\/ydre\/?page_id=1028"},"modified":"2018-07-20T17:00:29","modified_gmt":"2018-07-20T15:00:29","slug":"2017-07-07-landsbygden-ar-i-fara","status":"publish","type":"page","link":"https:\/\/wp.kristdemokraterna.se\/ydre\/2017-07-07-landsbygden-ar-i-fara\/","title":{"rendered":"2017-07-07 Landsbygden \u00e4r i fara!"},"content":{"rendered":"<p>Det \u00e4r ju bra att stadsbor t\u00e4nker p\u00e5 landsbygdens v\u00e4l. Det finns t.ex. kulturarbetare som oroar sig \u00f6ver hur det \u00e4r p\u00e5 landet. Vi som bor h\u00e4r f\u00e5r ju inte del av kulturen s\u00e4gs det. Och det p\u00e5st\u00e5s rent av kunnna bli en fara f\u00f6r demokratin.<br \/>\nDetta syns\u00e4tt \u00e4r inte nytt. Vi har h\u00f6rt det f\u00f6rut. Vi har h\u00f6rt att det \u00e4r i staden som den verkliga kulturen finns.<br \/>\nEtt exempel p\u00e5 detta t\u00e4nkes\u00e4tt ser man om man tittar p\u00e5 det hus som blev \u00c5rets Bygge f\u00f6r tv\u00e5 \u00e5r sedan. Denna fina utm\u00e4rkelse tilldelades Karolinska Institutets nya aula. Den ligger i Solna bredvid ett hus som \u00e4r kvar fr\u00e5n tiden d\u00e5 Solna var ren landsbygd.<br \/>\nKarolinska Institutet presenterar sj\u00e4lvt sin aula med en bild\u00a0d\u00e4r b\u00e5da husen syns. St\u00e4mmer det att stadens kultur \u00e4r \u00f6verl\u00e4gsen landsbygdens?<\/p>\n<p><i>Bengt Malm, ordf.<br \/>\n7 juli 2016<\/i><\/p>\n<p><span style=\"font-size: large\"><img loading=\"lazy\" decoding=\"async\" src=\"http:\/\/ydrebo.se\/kd\/veckobrev2016\/ribbingshof.JPG\" width=\"600\" height=\"347\" \/><br \/>\n<\/span><i>Ribbingshov i Norra Vi.<\/i><\/p>\n<p>&nbsp;<\/p>\n<p><img loading=\"lazy\" decoding=\"async\" src=\"http:\/\/ydrebo.se\/kd\/veckobrev2016\/lusthus.JPG\" width=\"600\" height=\"450\" \/><br \/>\n<i>Hedners park i Asby.<\/i><\/p>\n<p>&nbsp;<\/p>\n<p><img loading=\"lazy\" decoding=\"async\" src=\"http:\/\/ydrebo.se\/kd\/veckobrev2016\/asby_prastgard.JPG\" width=\"600\" height=\"450\" \/><br \/>\n<i>Asby pr\u00e4stg\u00e5rd.<\/i><\/p>\n","protected":false},"excerpt":{"rendered":"<p>Det \u00e4r ju bra att stadsbor t\u00e4nker p\u00e5 landsbygdens v\u00e4l. Det finns t.ex. kulturarbetare som oroar sig \u00f6ver hur det \u00e4r p\u00e5 landet. Vi som bor h\u00e4r f\u00e5r ju inte del av kulturen s\u00e4gs det. Och det p\u00e5st\u00e5s rent av kunnna bli en fara f\u00f6r demokratin. Detta syns\u00e4tt \u00e4r inte nytt. Vi har h\u00f6rt det <a class=\"read-more-link\" href=\"https:\/\/wp.kristdemokraterna.se\/ydre\/2017-07-07-landsbygden-ar-i-fara\/\">L\u00e4s mer<\/a><\/p>\n","protected":false},"author":793,"featured_media":0,"parent":0,"menu_order":0,"comment_status":"closed","ping_status":"closed","template":"","meta":{"_acf_changed":false,"footnotes":""},"class_list":["post-1028","page","type-page","status-publish","hentry"],"acf":[],"yoast_head":"<!-- This site is optimized with the Yoast SEO plugin v27.5 - https:\/\/yoast.com\/product\/yoast-seo-wordpress\/ -->\n<title>2017-07-07 Landsbygden \u00e4r i fara! - Kristdemokraterna i Ydre<\/title>\n<meta name=\"robots\" content=\"index, follow, max-snippet:-1, max-image-preview:large, max-video-preview:-1\" \/>\n<link rel=\"canonical\" href=\"https:\/\/wp.kristdemokraterna.se\/ydre\/2017-07-07-landsbygden-ar-i-fara\/\" \/>\n<meta property=\"og:locale\" content=\"sv_SE\" \/>\n<meta property=\"og:type\" content=\"article\" \/>\n<meta property=\"og:title\" content=\"2017-07-07 Landsbygden \u00e4r i fara! - Kristdemokraterna i Ydre\" \/>\n<meta property=\"og:description\" content=\"Det \u00e4r ju bra att stadsbor t\u00e4nker p\u00e5 landsbygdens v\u00e4l. Det finns t.ex. kulturarbetare som oroar sig \u00f6ver hur det \u00e4r p\u00e5 landet. Vi som bor h\u00e4r f\u00e5r ju inte del av kulturen s\u00e4gs det. Och det p\u00e5st\u00e5s rent av kunnna bli en fara f\u00f6r demokratin. Detta syns\u00e4tt \u00e4r inte nytt. Vi har h\u00f6rt det L\u00e4s mer\" \/>\n<meta property=\"og:url\" content=\"https:\/\/wp.kristdemokraterna.se\/ydre\/2017-07-07-landsbygden-ar-i-fara\/\" \/>\n<meta property=\"og:site_name\" content=\"Kristdemokraterna i Ydre\" \/>\n<meta property=\"article:modified_time\" content=\"2018-07-20T15:00:29+00:00\" \/>\n<meta property=\"og:image\" content=\"http:\/\/ydrebo.se\/kd\/veckobrev2016\/ribbingshof.JPG\" \/>\n<meta name=\"twitter:card\" content=\"summary_large_image\" \/>\n<meta name=\"twitter:label1\" content=\"Ber\u00e4knad l\u00e4stid\" \/>\n\t<meta name=\"twitter:data1\" content=\"1 minut\" \/>\n<script type=\"application\/ld+json\" class=\"yoast-schema-graph\">{\"@context\":\"https:\\\/\\\/schema.org\",\"@graph\":[{\"@type\":\"WebPage\",\"@id\":\"https:\\\/\\\/wp.kristdemokraterna.se\\\/ydre\\\/2017-07-07-landsbygden-ar-i-fara\\\/\",\"url\":\"https:\\\/\\\/wp.kristdemokraterna.se\\\/ydre\\\/2017-07-07-landsbygden-ar-i-fara\\\/\",\"name\":\"2017-07-07 Landsbygden \u00e4r i fara! - Kristdemokraterna i Ydre\",\"isPartOf\":{\"@id\":\"https:\\\/\\\/wp.kristdemokraterna.se\\\/ydre\\\/#website\"},\"primaryImageOfPage\":{\"@id\":\"https:\\\/\\\/wp.kristdemokraterna.se\\\/ydre\\\/2017-07-07-landsbygden-ar-i-fara\\\/#primaryimage\"},\"image\":{\"@id\":\"https:\\\/\\\/wp.kristdemokraterna.se\\\/ydre\\\/2017-07-07-landsbygden-ar-i-fara\\\/#primaryimage\"},\"thumbnailUrl\":\"http:\\\/\\\/ydrebo.se\\\/kd\\\/veckobrev2016\\\/ribbingshof.JPG\",\"datePublished\":\"2018-07-20T14:57:08+00:00\",\"dateModified\":\"2018-07-20T15:00:29+00:00\",\"breadcrumb\":{\"@id\":\"https:\\\/\\\/wp.kristdemokraterna.se\\\/ydre\\\/2017-07-07-landsbygden-ar-i-fara\\\/#breadcrumb\"},\"inLanguage\":\"sv-SE\",\"potentialAction\":[{\"@type\":\"ReadAction\",\"target\":[\"https:\\\/\\\/wp.kristdemokraterna.se\\\/ydre\\\/2017-07-07-landsbygden-ar-i-fara\\\/\"]}]},{\"@type\":\"ImageObject\",\"inLanguage\":\"sv-SE\",\"@id\":\"https:\\\/\\\/wp.kristdemokraterna.se\\\/ydre\\\/2017-07-07-landsbygden-ar-i-fara\\\/#primaryimage\",\"url\":\"http:\\\/\\\/ydrebo.se\\\/kd\\\/veckobrev2016\\\/ribbingshof.JPG\",\"contentUrl\":\"http:\\\/\\\/ydrebo.se\\\/kd\\\/veckobrev2016\\\/ribbingshof.JPG\"},{\"@type\":\"BreadcrumbList\",\"@id\":\"https:\\\/\\\/wp.kristdemokraterna.se\\\/ydre\\\/2017-07-07-landsbygden-ar-i-fara\\\/#breadcrumb\",\"itemListElement\":[{\"@type\":\"ListItem\",\"position\":1,\"name\":\"Hem\",\"item\":\"https:\\\/\\\/wp.kristdemokraterna.se\\\/ydre\\\/\"},{\"@type\":\"ListItem\",\"position\":2,\"name\":\"2017-07-07 Landsbygden \u00e4r i fara!\"}]},{\"@type\":\"WebSite\",\"@id\":\"https:\\\/\\\/wp.kristdemokraterna.se\\\/ydre\\\/#website\",\"url\":\"https:\\\/\\\/wp.kristdemokraterna.se\\\/ydre\\\/\",\"name\":\"Kristdemokraterna i Ydre\",\"description\":\"En till Kristdemokraterna webbplats\",\"inLanguage\":\"sv-SE\"}]}<\/script>\n<!-- \/ Yoast SEO plugin. -->","yoast_head_json":{"title":"2017-07-07 Landsbygden \u00e4r i fara! - Kristdemokraterna i Ydre","robots":{"index":"index","follow":"follow","max-snippet":"max-snippet:-1","max-image-preview":"max-image-preview:large","max-video-preview":"max-video-preview:-1"},"canonical":"https:\/\/wp.kristdemokraterna.se\/ydre\/2017-07-07-landsbygden-ar-i-fara\/","og_locale":"sv_SE","og_type":"article","og_title":"2017-07-07 Landsbygden \u00e4r i fara! - Kristdemokraterna i Ydre","og_description":"Det \u00e4r ju bra att stadsbor t\u00e4nker p\u00e5 landsbygdens v\u00e4l. Det finns t.ex. kulturarbetare som oroar sig \u00f6ver hur det \u00e4r p\u00e5 landet. Vi som bor h\u00e4r f\u00e5r ju inte del av kulturen s\u00e4gs det. Och det p\u00e5st\u00e5s rent av kunnna bli en fara f\u00f6r demokratin. Detta syns\u00e4tt \u00e4r inte nytt. Vi har h\u00f6rt det L\u00e4s mer","og_url":"https:\/\/wp.kristdemokraterna.se\/ydre\/2017-07-07-landsbygden-ar-i-fara\/","og_site_name":"Kristdemokraterna i Ydre","article_modified_time":"2018-07-20T15:00:29+00:00","og_image":[{"url":"http:\/\/ydrebo.se\/kd\/veckobrev2016\/ribbingshof.JPG","type":"","width":"","height":""}],"twitter_card":"summary_large_image","twitter_misc":{"Ber\u00e4knad l\u00e4stid":"1 minut"},"schema":{"@context":"https:\/\/schema.org","@graph":[{"@type":"WebPage","@id":"https:\/\/wp.kristdemokraterna.se\/ydre\/2017-07-07-landsbygden-ar-i-fara\/","url":"https:\/\/wp.kristdemokraterna.se\/ydre\/2017-07-07-landsbygden-ar-i-fara\/","name":"2017-07-07 Landsbygden \u00e4r i fara! - Kristdemokraterna i Ydre","isPartOf":{"@id":"https:\/\/wp.kristdemokraterna.se\/ydre\/#website"},"primaryImageOfPage":{"@id":"https:\/\/wp.kristdemokraterna.se\/ydre\/2017-07-07-landsbygden-ar-i-fara\/#primaryimage"},"image":{"@id":"https:\/\/wp.kristdemokraterna.se\/ydre\/2017-07-07-landsbygden-ar-i-fara\/#primaryimage"},"thumbnailUrl":"http:\/\/ydrebo.se\/kd\/veckobrev2016\/ribbingshof.JPG","datePublished":"2018-07-20T14:57:08+00:00","dateModified":"2018-07-20T15:00:29+00:00","breadcrumb":{"@id":"https:\/\/wp.kristdemokraterna.se\/ydre\/2017-07-07-landsbygden-ar-i-fara\/#breadcrumb"},"inLanguage":"sv-SE","potentialAction":[{"@type":"ReadAction","target":["https:\/\/wp.kristdemokraterna.se\/ydre\/2017-07-07-landsbygden-ar-i-fara\/"]}]},{"@type":"ImageObject","inLanguage":"sv-SE","@id":"https:\/\/wp.kristdemokraterna.se\/ydre\/2017-07-07-landsbygden-ar-i-fara\/#primaryimage","url":"http:\/\/ydrebo.se\/kd\/veckobrev2016\/ribbingshof.JPG","contentUrl":"http:\/\/ydrebo.se\/kd\/veckobrev2016\/ribbingshof.JPG"},{"@type":"BreadcrumbList","@id":"https:\/\/wp.kristdemokraterna.se\/ydre\/2017-07-07-landsbygden-ar-i-fara\/#breadcrumb","itemListElement":[{"@type":"ListItem","position":1,"name":"Hem","item":"https:\/\/wp.kristdemokraterna.se\/ydre\/"},{"@type":"ListItem","position":2,"name":"2017-07-07 Landsbygden \u00e4r i fara!"}]},{"@type":"WebSite","@id":"https:\/\/wp.kristdemokraterna.se\/ydre\/#website","url":"https:\/\/wp.kristdemokraterna.se\/ydre\/","name":"Kristdemokraterna i Ydre","description":"En till Kristdemokraterna webbplats","inLanguage":"sv-SE"}]}},"_links":{"self":[{"href":"https:\/\/wp.kristdemokraterna.se\/ydre\/wp-json\/wp\/v2\/pages\/1028","targetHints":{"allow":["GET"]}}],"collection":[{"href":"https:\/\/wp.kristdemokraterna.se\/ydre\/wp-json\/wp\/v2\/pages"}],"about":[{"href":"https:\/\/wp.kristdemokraterna.se\/ydre\/wp-json\/wp\/v2\/types\/page"}],"author":[{"embeddable":true,"href":"https:\/\/wp.kristdemokraterna.se\/ydre\/wp-json\/wp\/v2\/users\/793"}],"replies":[{"embeddable":true,"href":"https:\/\/wp.kristdemokraterna.se\/ydre\/wp-json\/wp\/v2\/comments?post=1028"}],"version-history":[{"count":3,"href":"https:\/\/wp.kristdemokraterna.se\/ydre\/wp-json\/wp\/v2\/pages\/1028\/revisions"}],"predecessor-version":[{"id":1031,"href":"https:\/\/wp.kristdemokraterna.se\/ydre\/wp-json\/wp\/v2\/pages\/1028\/revisions\/1031"}],"wp:attachment":[{"href":"https:\/\/wp.kristdemokraterna.se\/ydre\/wp-json\/wp\/v2\/media?parent=1028"}],"curies":[{"name":"wp","href":"https:\/\/api.w.org\/{rel}","templated":true}]}}