{"id":1042,"date":"2018-07-20T17:08:44","date_gmt":"2018-07-20T15:08:44","guid":{"rendered":"http:\/\/wp.kristdemokraterna.se\/ydre\/?page_id=1042"},"modified":"2018-07-20T17:09:19","modified_gmt":"2018-07-20T15:09:19","slug":"2016-07-22-det-finns-inget-surrogat-for-kunskap","status":"publish","type":"page","link":"https:\/\/wp.kristdemokraterna.se\/ydre\/2016-07-22-det-finns-inget-surrogat-for-kunskap\/","title":{"rendered":"2016-07-22 Det finns inget surrogat f\u00f6r kunskap"},"content":{"rendered":"<p>I skuggan av v\u00e4rldsh\u00e4ndelserna forts\u00e4tter vardagspolitiken i Sverige trots att det \u00e4r semestertid.<\/p>\n<p><img loading=\"lazy\" decoding=\"async\" src=\"http:\/\/ydrebo.se\/kd\/veckobrev2016\/pafageloga.JPG\" width=\"600\" height=\"461\" \/><br \/>\n<i>P\u00e5f\u00e5gel\u00f6ga i \u00d6sterbymo.<\/p>\n<p><\/i>N\u00e5gra dagar f\u00f6re Almedalsveckan presenterade regeringen en ny plan f\u00f6r f\u00f6rb\u00e4ttring av skolorna. I h\u00f6st skall de politiska partierna inbjudas till f\u00f6rhandlingar om de nya ideerna. De g\u00e5r ut p\u00e5 att de konfessionella skolorna skall f\u00f6rbjudas.<br \/>\nBara ett sk\u00e4l till reformen anges. &#8221;Vissa skolor&#8221; s\u00e4gs s\u00e4ra p\u00e5 pojkar och flickor i undervisningen. Vilken eller vilka skolor det g\u00e4ller sades inte.<br \/>\nDet var gymnasieministern som ber\u00e4ttade detta i en tidningsintervju. Naturligtvis kunde hon inte peka ut de skyldiga. F\u00f6r det verkar inte som om det varit n\u00e5gon utredning. Det \u00e4r n\u00e4mligen skolinspektionens uppgift att unders\u00f6ka eventuella missf\u00f6rh\u00e5llanden i skolor. Och n\u00e4r den finner anledning till kritik s\u00e4gs det offentligt. (Bl.a. har en kommunal skola i Str\u00e4ngn\u00e4s klandrats just f\u00f6r att den utan giltigt sk\u00e4l separerat pojkar och flickor.) Om det i det h\u00e4r fallet inte har fastst\u00e4llts genom utredning att n\u00e5gon har felat kan man ju inte ange vem det skulle vara.<br \/>\nDet finns ett mindre antal muslimska skolor och en judisk. Men de allra flesta konfessionella skolorna \u00e4r kristna. Det \u00e4r inte n\u00e5gon av dem som har felat. Regeringen vill allts\u00e5 motarbeta vad somliga muslimer s\u00e4gs g\u00f6ra genom att st\u00e4nga den judiska skolan och dessutom alla de kristna skolorna.<br \/>\nSomliga som st\u00f6der regeringens f\u00f6rslag tycks inse att det h\u00e4r argumentet \u00e4r f\u00f6r svagt. S\u00e5 de b\u00e4ttrar p\u00e5 med att beskriva de kristna som ol\u00e4mpliga att bedriva undervisning. Det g\u00f6r inte regeringen eftersom skolinspektionen inte har funnit n\u00e5got sk\u00e4l att komma med kritik mot de kristna friskolorna.<br \/>\nFr\u00e5n Kristdemokraternas sida har bl.a. Stefan Attefall\u00a0<a href=\"http:\/\/www.poletik.net\/tag\/religiosa-friskolor\/\" target=\"_&quot;blank&quot;\"><b>g\u00e5tt i svarom\u00e5l<\/b><\/a>\u00a0i v\u00e5r tidning Poletik.<br \/>\nVisst kan man tycka att f\u00f6rslaget bygger p\u00e5 mycket bristf\u00e4lliga kunskaper och att det d\u00e4rf\u00f6r \u00e4r konstigt att det presenteras av en skolminister. Men Attefall pekar p\u00e5 n\u00e5got allvarligare. Alla skall enligt ministern straffas f\u00f6r att n\u00e5gra f\u00e5 gjort fel. Detta strider mot en viktig r\u00e4ttsprincip n\u00e4mligen att var och en skall d\u00f6mas enbart f\u00f6r sina egna handlingar. Dessutom skall ingen d\u00f6mas oh\u00f6rd.<br \/>\nRegeringen s\u00e4tter allts\u00e5 r\u00e4ttstaten ur funktion f\u00f6r en &#8221;god&#8221; saks skull. Om regeringen har s\u00e5 litet k\u00e4nsla f\u00f6r r\u00e4ttsprinciperna kan n\u00e5gon annan drabbas p\u00e5 samma s\u00e4tt.<br \/>\nDet \u00e4r v\u00e4l k\u00e4nt att det inte finns n\u00e5got surrogat f\u00f6r kunskap. Men det finns inte heller n\u00e5got surrogat f\u00f6r r\u00e4ttstaten.<\/p>\n<p><img loading=\"lazy\" decoding=\"async\" src=\"http:\/\/ydrebo.se\/kd\/veckobrev2016\/blaklockor.JPG\" width=\"600\" height=\"462\" \/><br \/>\n<i>Sommaren har kommit ocks\u00e5 till Ydre.<\/p>\n<p><\/i><i>Bengt Malm, ordf.<br \/>\n22 juli 2016<\/i><\/p>\n","protected":false},"excerpt":{"rendered":"<p>I skuggan av v\u00e4rldsh\u00e4ndelserna forts\u00e4tter vardagspolitiken i Sverige trots att det \u00e4r semestertid. P\u00e5f\u00e5gel\u00f6ga i \u00d6sterbymo. N\u00e5gra dagar f\u00f6re Almedalsveckan presenterade regeringen en ny plan f\u00f6r f\u00f6rb\u00e4ttring av skolorna. I h\u00f6st skall de politiska partierna inbjudas till f\u00f6rhandlingar om de nya ideerna. De g\u00e5r ut p\u00e5 att de konfessionella skolorna skall f\u00f6rbjudas. Bara ett sk\u00e4l <a class=\"read-more-link\" href=\"https:\/\/wp.kristdemokraterna.se\/ydre\/2016-07-22-det-finns-inget-surrogat-for-kunskap\/\">L\u00e4s mer<\/a><\/p>\n","protected":false},"author":793,"featured_media":0,"parent":0,"menu_order":0,"comment_status":"closed","ping_status":"closed","template":"","meta":{"_acf_changed":false,"footnotes":""},"class_list":["post-1042","page","type-page","status-publish","hentry"],"acf":[],"yoast_head":"<!-- This site is optimized with the Yoast SEO plugin v27.5 - https:\/\/yoast.com\/product\/yoast-seo-wordpress\/ -->\n<title>2016-07-22 Det finns inget surrogat f\u00f6r kunskap - Kristdemokraterna i Ydre<\/title>\n<meta name=\"robots\" content=\"index, follow, max-snippet:-1, max-image-preview:large, max-video-preview:-1\" \/>\n<link rel=\"canonical\" href=\"https:\/\/wp.kristdemokraterna.se\/ydre\/2016-07-22-det-finns-inget-surrogat-for-kunskap\/\" \/>\n<meta property=\"og:locale\" content=\"sv_SE\" \/>\n<meta property=\"og:type\" content=\"article\" \/>\n<meta property=\"og:title\" content=\"2016-07-22 Det finns inget surrogat f\u00f6r kunskap - Kristdemokraterna i Ydre\" \/>\n<meta property=\"og:description\" content=\"I skuggan av v\u00e4rldsh\u00e4ndelserna forts\u00e4tter vardagspolitiken i Sverige trots att det \u00e4r semestertid. P\u00e5f\u00e5gel\u00f6ga i \u00d6sterbymo. N\u00e5gra dagar f\u00f6re Almedalsveckan presenterade regeringen en ny plan f\u00f6r f\u00f6rb\u00e4ttring av skolorna. I h\u00f6st skall de politiska partierna inbjudas till f\u00f6rhandlingar om de nya ideerna. De g\u00e5r ut p\u00e5 att de konfessionella skolorna skall f\u00f6rbjudas. Bara ett sk\u00e4l L\u00e4s mer\" \/>\n<meta property=\"og:url\" content=\"https:\/\/wp.kristdemokraterna.se\/ydre\/2016-07-22-det-finns-inget-surrogat-for-kunskap\/\" \/>\n<meta property=\"og:site_name\" content=\"Kristdemokraterna i Ydre\" \/>\n<meta property=\"article:modified_time\" content=\"2018-07-20T15:09:19+00:00\" \/>\n<meta property=\"og:image\" content=\"http:\/\/ydrebo.se\/kd\/veckobrev2016\/pafageloga.JPG\" \/>\n<meta name=\"twitter:card\" content=\"summary_large_image\" \/>\n<meta name=\"twitter:label1\" content=\"Ber\u00e4knad l\u00e4stid\" \/>\n\t<meta name=\"twitter:data1\" content=\"2 minuter\" \/>\n<script type=\"application\/ld+json\" class=\"yoast-schema-graph\">{\"@context\":\"https:\\\/\\\/schema.org\",\"@graph\":[{\"@type\":\"WebPage\",\"@id\":\"https:\\\/\\\/wp.kristdemokraterna.se\\\/ydre\\\/2016-07-22-det-finns-inget-surrogat-for-kunskap\\\/\",\"url\":\"https:\\\/\\\/wp.kristdemokraterna.se\\\/ydre\\\/2016-07-22-det-finns-inget-surrogat-for-kunskap\\\/\",\"name\":\"2016-07-22 Det finns inget surrogat f\u00f6r kunskap - Kristdemokraterna i Ydre\",\"isPartOf\":{\"@id\":\"https:\\\/\\\/wp.kristdemokraterna.se\\\/ydre\\\/#website\"},\"primaryImageOfPage\":{\"@id\":\"https:\\\/\\\/wp.kristdemokraterna.se\\\/ydre\\\/2016-07-22-det-finns-inget-surrogat-for-kunskap\\\/#primaryimage\"},\"image\":{\"@id\":\"https:\\\/\\\/wp.kristdemokraterna.se\\\/ydre\\\/2016-07-22-det-finns-inget-surrogat-for-kunskap\\\/#primaryimage\"},\"thumbnailUrl\":\"http:\\\/\\\/ydrebo.se\\\/kd\\\/veckobrev2016\\\/pafageloga.JPG\",\"datePublished\":\"2018-07-20T15:08:44+00:00\",\"dateModified\":\"2018-07-20T15:09:19+00:00\",\"breadcrumb\":{\"@id\":\"https:\\\/\\\/wp.kristdemokraterna.se\\\/ydre\\\/2016-07-22-det-finns-inget-surrogat-for-kunskap\\\/#breadcrumb\"},\"inLanguage\":\"sv-SE\",\"potentialAction\":[{\"@type\":\"ReadAction\",\"target\":[\"https:\\\/\\\/wp.kristdemokraterna.se\\\/ydre\\\/2016-07-22-det-finns-inget-surrogat-for-kunskap\\\/\"]}]},{\"@type\":\"ImageObject\",\"inLanguage\":\"sv-SE\",\"@id\":\"https:\\\/\\\/wp.kristdemokraterna.se\\\/ydre\\\/2016-07-22-det-finns-inget-surrogat-for-kunskap\\\/#primaryimage\",\"url\":\"http:\\\/\\\/ydrebo.se\\\/kd\\\/veckobrev2016\\\/pafageloga.JPG\",\"contentUrl\":\"http:\\\/\\\/ydrebo.se\\\/kd\\\/veckobrev2016\\\/pafageloga.JPG\"},{\"@type\":\"BreadcrumbList\",\"@id\":\"https:\\\/\\\/wp.kristdemokraterna.se\\\/ydre\\\/2016-07-22-det-finns-inget-surrogat-for-kunskap\\\/#breadcrumb\",\"itemListElement\":[{\"@type\":\"ListItem\",\"position\":1,\"name\":\"Hem\",\"item\":\"https:\\\/\\\/wp.kristdemokraterna.se\\\/ydre\\\/\"},{\"@type\":\"ListItem\",\"position\":2,\"name\":\"2016-07-22 Det finns inget surrogat f\u00f6r kunskap\"}]},{\"@type\":\"WebSite\",\"@id\":\"https:\\\/\\\/wp.kristdemokraterna.se\\\/ydre\\\/#website\",\"url\":\"https:\\\/\\\/wp.kristdemokraterna.se\\\/ydre\\\/\",\"name\":\"Kristdemokraterna i Ydre\",\"description\":\"En till Kristdemokraterna webbplats\",\"inLanguage\":\"sv-SE\"}]}<\/script>\n<!-- \/ Yoast SEO plugin. -->","yoast_head_json":{"title":"2016-07-22 Det finns inget surrogat f\u00f6r kunskap - Kristdemokraterna i Ydre","robots":{"index":"index","follow":"follow","max-snippet":"max-snippet:-1","max-image-preview":"max-image-preview:large","max-video-preview":"max-video-preview:-1"},"canonical":"https:\/\/wp.kristdemokraterna.se\/ydre\/2016-07-22-det-finns-inget-surrogat-for-kunskap\/","og_locale":"sv_SE","og_type":"article","og_title":"2016-07-22 Det finns inget surrogat f\u00f6r kunskap - Kristdemokraterna i Ydre","og_description":"I skuggan av v\u00e4rldsh\u00e4ndelserna forts\u00e4tter vardagspolitiken i Sverige trots att det \u00e4r semestertid. P\u00e5f\u00e5gel\u00f6ga i \u00d6sterbymo. N\u00e5gra dagar f\u00f6re Almedalsveckan presenterade regeringen en ny plan f\u00f6r f\u00f6rb\u00e4ttring av skolorna. I h\u00f6st skall de politiska partierna inbjudas till f\u00f6rhandlingar om de nya ideerna. De g\u00e5r ut p\u00e5 att de konfessionella skolorna skall f\u00f6rbjudas. Bara ett sk\u00e4l L\u00e4s mer","og_url":"https:\/\/wp.kristdemokraterna.se\/ydre\/2016-07-22-det-finns-inget-surrogat-for-kunskap\/","og_site_name":"Kristdemokraterna i Ydre","article_modified_time":"2018-07-20T15:09:19+00:00","og_image":[{"url":"http:\/\/ydrebo.se\/kd\/veckobrev2016\/pafageloga.JPG","type":"","width":"","height":""}],"twitter_card":"summary_large_image","twitter_misc":{"Ber\u00e4knad l\u00e4stid":"2 minuter"},"schema":{"@context":"https:\/\/schema.org","@graph":[{"@type":"WebPage","@id":"https:\/\/wp.kristdemokraterna.se\/ydre\/2016-07-22-det-finns-inget-surrogat-for-kunskap\/","url":"https:\/\/wp.kristdemokraterna.se\/ydre\/2016-07-22-det-finns-inget-surrogat-for-kunskap\/","name":"2016-07-22 Det finns inget surrogat f\u00f6r kunskap - Kristdemokraterna i Ydre","isPartOf":{"@id":"https:\/\/wp.kristdemokraterna.se\/ydre\/#website"},"primaryImageOfPage":{"@id":"https:\/\/wp.kristdemokraterna.se\/ydre\/2016-07-22-det-finns-inget-surrogat-for-kunskap\/#primaryimage"},"image":{"@id":"https:\/\/wp.kristdemokraterna.se\/ydre\/2016-07-22-det-finns-inget-surrogat-for-kunskap\/#primaryimage"},"thumbnailUrl":"http:\/\/ydrebo.se\/kd\/veckobrev2016\/pafageloga.JPG","datePublished":"2018-07-20T15:08:44+00:00","dateModified":"2018-07-20T15:09:19+00:00","breadcrumb":{"@id":"https:\/\/wp.kristdemokraterna.se\/ydre\/2016-07-22-det-finns-inget-surrogat-for-kunskap\/#breadcrumb"},"inLanguage":"sv-SE","potentialAction":[{"@type":"ReadAction","target":["https:\/\/wp.kristdemokraterna.se\/ydre\/2016-07-22-det-finns-inget-surrogat-for-kunskap\/"]}]},{"@type":"ImageObject","inLanguage":"sv-SE","@id":"https:\/\/wp.kristdemokraterna.se\/ydre\/2016-07-22-det-finns-inget-surrogat-for-kunskap\/#primaryimage","url":"http:\/\/ydrebo.se\/kd\/veckobrev2016\/pafageloga.JPG","contentUrl":"http:\/\/ydrebo.se\/kd\/veckobrev2016\/pafageloga.JPG"},{"@type":"BreadcrumbList","@id":"https:\/\/wp.kristdemokraterna.se\/ydre\/2016-07-22-det-finns-inget-surrogat-for-kunskap\/#breadcrumb","itemListElement":[{"@type":"ListItem","position":1,"name":"Hem","item":"https:\/\/wp.kristdemokraterna.se\/ydre\/"},{"@type":"ListItem","position":2,"name":"2016-07-22 Det finns inget surrogat f\u00f6r kunskap"}]},{"@type":"WebSite","@id":"https:\/\/wp.kristdemokraterna.se\/ydre\/#website","url":"https:\/\/wp.kristdemokraterna.se\/ydre\/","name":"Kristdemokraterna i Ydre","description":"En till Kristdemokraterna webbplats","inLanguage":"sv-SE"}]}},"_links":{"self":[{"href":"https:\/\/wp.kristdemokraterna.se\/ydre\/wp-json\/wp\/v2\/pages\/1042","targetHints":{"allow":["GET"]}}],"collection":[{"href":"https:\/\/wp.kristdemokraterna.se\/ydre\/wp-json\/wp\/v2\/pages"}],"about":[{"href":"https:\/\/wp.kristdemokraterna.se\/ydre\/wp-json\/wp\/v2\/types\/page"}],"author":[{"embeddable":true,"href":"https:\/\/wp.kristdemokraterna.se\/ydre\/wp-json\/wp\/v2\/users\/793"}],"replies":[{"embeddable":true,"href":"https:\/\/wp.kristdemokraterna.se\/ydre\/wp-json\/wp\/v2\/comments?post=1042"}],"version-history":[{"count":2,"href":"https:\/\/wp.kristdemokraterna.se\/ydre\/wp-json\/wp\/v2\/pages\/1042\/revisions"}],"predecessor-version":[{"id":1044,"href":"https:\/\/wp.kristdemokraterna.se\/ydre\/wp-json\/wp\/v2\/pages\/1042\/revisions\/1044"}],"wp:attachment":[{"href":"https:\/\/wp.kristdemokraterna.se\/ydre\/wp-json\/wp\/v2\/media?parent=1042"}],"curies":[{"name":"wp","href":"https:\/\/api.w.org\/{rel}","templated":true}]}}