{"id":1055,"date":"2018-07-20T17:16:57","date_gmt":"2018-07-20T15:16:57","guid":{"rendered":"http:\/\/wp.kristdemokraterna.se\/ydre\/?page_id=1055"},"modified":"2018-07-20T17:18:03","modified_gmt":"2018-07-20T15:18:03","slug":"2016-08-09-global-varme","status":"publish","type":"page","link":"https:\/\/wp.kristdemokraterna.se\/ydre\/2016-08-09-global-varme\/","title":{"rendered":"2016-08-09 Global v\u00e4rme"},"content":{"rendered":"<p>Nyligen p\u00e5stods det i radio att sommaren i \u00d6sterg\u00f6tland varit varm och torr. Torrt har det allt varit, mycket torrt. Men de varma dagarna har varit f\u00e5. Just nu \u00e4r det riktigt kyligt.<\/p>\n<p><img loading=\"lazy\" decoding=\"async\" src=\"http:\/\/ydrebo.se\/kd\/veckobrev2016\/tistel.JPG\" width=\"600\" height=\"460\" \/><br \/>\n<i>Sommar i \u00d6sterbymo<\/p>\n<p><\/i>Men p\u00e5 andra h\u00e5ll i v\u00e4rlden \u00e4r det varmare \u00e4n normalt. F\u00f6r jorden i dess helhet sl\u00e5s hela tiden nya v\u00e4rmerekord. Det blir \u00f6versv\u00e4mningar p\u00e5 en del st\u00e4llen och sv\u00e5r torka p\u00e5 andra. Just nu rasar hundratals skogsbr\u00e4nder i Portugal.<br \/>\nInvigningen av OS i Brasilien var delvis en demonstration mot den globala uppv\u00e4rningen. G\u00e5r det att g\u00f6ra n\u00e5got \u00e5t detta hot mot hela v\u00e4rlden? Vad kan vi g\u00f6ra i Ydre?<br \/>\nSomliga menar att vi skall minska antalet n\u00f6tkreatur mycket kraftigt. Idisslande djur ger n\u00e4mligen upphov till v\u00e4xthusgasen metan (\u00e4lgar och andra vilda idisslare \u00e4r enligt det syns\u00e4ttet ocks\u00e5 stora milj\u00f6bovar).<\/p>\n<p><img loading=\"lazy\" decoding=\"async\" src=\"http:\/\/ydrebo.se\/kd\/veckobrev2016\/boskap.JPG\" width=\"600\" height=\"462\" \/><br \/>\n<i>\u00c4r detta Ydres v\u00e4rsta milj\u00f6bovar?<\/p>\n<p><\/i>Somliga menar p\u00e5 fullt allvar ett Brasilien \u00e4r ett f\u00f6red\u00f6me. 2008 blev &#8221;\u00c5rets bild&#8221; ett foto av en fabrik just i Brasilien. Se g\u00e4rna p\u00e5 bilden hur man tillverkar\u00a0<a href=\"http:\/\/www.fokus.se\/wp-content\/uploads\/2008\/03\/melander.jpg\" target=\"_blank\" rel=\"noopener\"><b>milj\u00f6v\u00e4nligt br\u00e4nsle<\/b><\/a>. B\u00f6r vi ta efter?<\/p>\n<p><img loading=\"lazy\" decoding=\"async\" src=\"http:\/\/ydrebo.se\/kd\/veckobrev2016\/rosor.JPG\" width=\"600\" height=\"463\" \/><br \/>\n<i>Milj\u00f6 i \u00d6sterbymo<\/p>\n<p><\/i><i>Bengt Malm, ordf.<br \/>\n9 augusti 2016<\/i><\/p>\n","protected":false},"excerpt":{"rendered":"<p>Nyligen p\u00e5stods det i radio att sommaren i \u00d6sterg\u00f6tland varit varm och torr. Torrt har det allt varit, mycket torrt. Men de varma dagarna har varit f\u00e5. Just nu \u00e4r det riktigt kyligt. Sommar i \u00d6sterbymo Men p\u00e5 andra h\u00e5ll i v\u00e4rlden \u00e4r det varmare \u00e4n normalt. F\u00f6r jorden i dess helhet sl\u00e5s hela tiden <a class=\"read-more-link\" href=\"https:\/\/wp.kristdemokraterna.se\/ydre\/2016-08-09-global-varme\/\">L\u00e4s mer<\/a><\/p>\n","protected":false},"author":793,"featured_media":0,"parent":0,"menu_order":0,"comment_status":"closed","ping_status":"closed","template":"","meta":{"_acf_changed":false,"footnotes":""},"class_list":["post-1055","page","type-page","status-publish","hentry"],"acf":[],"yoast_head":"<!-- This site is optimized with the Yoast SEO plugin v27.5 - https:\/\/yoast.com\/product\/yoast-seo-wordpress\/ -->\n<title>2016-08-09 Global v\u00e4rme - Kristdemokraterna i Ydre<\/title>\n<meta name=\"robots\" content=\"index, follow, max-snippet:-1, max-image-preview:large, max-video-preview:-1\" \/>\n<link rel=\"canonical\" href=\"https:\/\/wp.kristdemokraterna.se\/ydre\/2016-08-09-global-varme\/\" \/>\n<meta property=\"og:locale\" content=\"sv_SE\" \/>\n<meta property=\"og:type\" content=\"article\" \/>\n<meta property=\"og:title\" content=\"2016-08-09 Global v\u00e4rme - Kristdemokraterna i Ydre\" \/>\n<meta property=\"og:description\" content=\"Nyligen p\u00e5stods det i radio att sommaren i \u00d6sterg\u00f6tland varit varm och torr. Torrt har det allt varit, mycket torrt. Men de varma dagarna har varit f\u00e5. Just nu \u00e4r det riktigt kyligt. Sommar i \u00d6sterbymo Men p\u00e5 andra h\u00e5ll i v\u00e4rlden \u00e4r det varmare \u00e4n normalt. F\u00f6r jorden i dess helhet sl\u00e5s hela tiden L\u00e4s mer\" \/>\n<meta property=\"og:url\" content=\"https:\/\/wp.kristdemokraterna.se\/ydre\/2016-08-09-global-varme\/\" \/>\n<meta property=\"og:site_name\" content=\"Kristdemokraterna i Ydre\" \/>\n<meta property=\"article:modified_time\" content=\"2018-07-20T15:18:03+00:00\" \/>\n<meta property=\"og:image\" content=\"http:\/\/ydrebo.se\/kd\/veckobrev2016\/tistel.JPG\" \/>\n<meta name=\"twitter:card\" content=\"summary_large_image\" \/>\n<meta name=\"twitter:label1\" content=\"Ber\u00e4knad l\u00e4stid\" \/>\n\t<meta name=\"twitter:data1\" content=\"1 minut\" \/>\n<script type=\"application\/ld+json\" class=\"yoast-schema-graph\">{\"@context\":\"https:\\\/\\\/schema.org\",\"@graph\":[{\"@type\":\"WebPage\",\"@id\":\"https:\\\/\\\/wp.kristdemokraterna.se\\\/ydre\\\/2016-08-09-global-varme\\\/\",\"url\":\"https:\\\/\\\/wp.kristdemokraterna.se\\\/ydre\\\/2016-08-09-global-varme\\\/\",\"name\":\"2016-08-09 Global v\u00e4rme - Kristdemokraterna i Ydre\",\"isPartOf\":{\"@id\":\"https:\\\/\\\/wp.kristdemokraterna.se\\\/ydre\\\/#website\"},\"primaryImageOfPage\":{\"@id\":\"https:\\\/\\\/wp.kristdemokraterna.se\\\/ydre\\\/2016-08-09-global-varme\\\/#primaryimage\"},\"image\":{\"@id\":\"https:\\\/\\\/wp.kristdemokraterna.se\\\/ydre\\\/2016-08-09-global-varme\\\/#primaryimage\"},\"thumbnailUrl\":\"http:\\\/\\\/ydrebo.se\\\/kd\\\/veckobrev2016\\\/tistel.JPG\",\"datePublished\":\"2018-07-20T15:16:57+00:00\",\"dateModified\":\"2018-07-20T15:18:03+00:00\",\"breadcrumb\":{\"@id\":\"https:\\\/\\\/wp.kristdemokraterna.se\\\/ydre\\\/2016-08-09-global-varme\\\/#breadcrumb\"},\"inLanguage\":\"sv-SE\",\"potentialAction\":[{\"@type\":\"ReadAction\",\"target\":[\"https:\\\/\\\/wp.kristdemokraterna.se\\\/ydre\\\/2016-08-09-global-varme\\\/\"]}]},{\"@type\":\"ImageObject\",\"inLanguage\":\"sv-SE\",\"@id\":\"https:\\\/\\\/wp.kristdemokraterna.se\\\/ydre\\\/2016-08-09-global-varme\\\/#primaryimage\",\"url\":\"http:\\\/\\\/ydrebo.se\\\/kd\\\/veckobrev2016\\\/tistel.JPG\",\"contentUrl\":\"http:\\\/\\\/ydrebo.se\\\/kd\\\/veckobrev2016\\\/tistel.JPG\"},{\"@type\":\"BreadcrumbList\",\"@id\":\"https:\\\/\\\/wp.kristdemokraterna.se\\\/ydre\\\/2016-08-09-global-varme\\\/#breadcrumb\",\"itemListElement\":[{\"@type\":\"ListItem\",\"position\":1,\"name\":\"Hem\",\"item\":\"https:\\\/\\\/wp.kristdemokraterna.se\\\/ydre\\\/\"},{\"@type\":\"ListItem\",\"position\":2,\"name\":\"2016-08-09 Global v\u00e4rme\"}]},{\"@type\":\"WebSite\",\"@id\":\"https:\\\/\\\/wp.kristdemokraterna.se\\\/ydre\\\/#website\",\"url\":\"https:\\\/\\\/wp.kristdemokraterna.se\\\/ydre\\\/\",\"name\":\"Kristdemokraterna i Ydre\",\"description\":\"En till Kristdemokraterna webbplats\",\"inLanguage\":\"sv-SE\"}]}<\/script>\n<!-- \/ Yoast SEO plugin. -->","yoast_head_json":{"title":"2016-08-09 Global v\u00e4rme - Kristdemokraterna i Ydre","robots":{"index":"index","follow":"follow","max-snippet":"max-snippet:-1","max-image-preview":"max-image-preview:large","max-video-preview":"max-video-preview:-1"},"canonical":"https:\/\/wp.kristdemokraterna.se\/ydre\/2016-08-09-global-varme\/","og_locale":"sv_SE","og_type":"article","og_title":"2016-08-09 Global v\u00e4rme - Kristdemokraterna i Ydre","og_description":"Nyligen p\u00e5stods det i radio att sommaren i \u00d6sterg\u00f6tland varit varm och torr. Torrt har det allt varit, mycket torrt. Men de varma dagarna har varit f\u00e5. Just nu \u00e4r det riktigt kyligt. Sommar i \u00d6sterbymo Men p\u00e5 andra h\u00e5ll i v\u00e4rlden \u00e4r det varmare \u00e4n normalt. F\u00f6r jorden i dess helhet sl\u00e5s hela tiden L\u00e4s mer","og_url":"https:\/\/wp.kristdemokraterna.se\/ydre\/2016-08-09-global-varme\/","og_site_name":"Kristdemokraterna i Ydre","article_modified_time":"2018-07-20T15:18:03+00:00","og_image":[{"url":"http:\/\/ydrebo.se\/kd\/veckobrev2016\/tistel.JPG","type":"","width":"","height":""}],"twitter_card":"summary_large_image","twitter_misc":{"Ber\u00e4knad l\u00e4stid":"1 minut"},"schema":{"@context":"https:\/\/schema.org","@graph":[{"@type":"WebPage","@id":"https:\/\/wp.kristdemokraterna.se\/ydre\/2016-08-09-global-varme\/","url":"https:\/\/wp.kristdemokraterna.se\/ydre\/2016-08-09-global-varme\/","name":"2016-08-09 Global v\u00e4rme - Kristdemokraterna i Ydre","isPartOf":{"@id":"https:\/\/wp.kristdemokraterna.se\/ydre\/#website"},"primaryImageOfPage":{"@id":"https:\/\/wp.kristdemokraterna.se\/ydre\/2016-08-09-global-varme\/#primaryimage"},"image":{"@id":"https:\/\/wp.kristdemokraterna.se\/ydre\/2016-08-09-global-varme\/#primaryimage"},"thumbnailUrl":"http:\/\/ydrebo.se\/kd\/veckobrev2016\/tistel.JPG","datePublished":"2018-07-20T15:16:57+00:00","dateModified":"2018-07-20T15:18:03+00:00","breadcrumb":{"@id":"https:\/\/wp.kristdemokraterna.se\/ydre\/2016-08-09-global-varme\/#breadcrumb"},"inLanguage":"sv-SE","potentialAction":[{"@type":"ReadAction","target":["https:\/\/wp.kristdemokraterna.se\/ydre\/2016-08-09-global-varme\/"]}]},{"@type":"ImageObject","inLanguage":"sv-SE","@id":"https:\/\/wp.kristdemokraterna.se\/ydre\/2016-08-09-global-varme\/#primaryimage","url":"http:\/\/ydrebo.se\/kd\/veckobrev2016\/tistel.JPG","contentUrl":"http:\/\/ydrebo.se\/kd\/veckobrev2016\/tistel.JPG"},{"@type":"BreadcrumbList","@id":"https:\/\/wp.kristdemokraterna.se\/ydre\/2016-08-09-global-varme\/#breadcrumb","itemListElement":[{"@type":"ListItem","position":1,"name":"Hem","item":"https:\/\/wp.kristdemokraterna.se\/ydre\/"},{"@type":"ListItem","position":2,"name":"2016-08-09 Global v\u00e4rme"}]},{"@type":"WebSite","@id":"https:\/\/wp.kristdemokraterna.se\/ydre\/#website","url":"https:\/\/wp.kristdemokraterna.se\/ydre\/","name":"Kristdemokraterna i Ydre","description":"En till Kristdemokraterna webbplats","inLanguage":"sv-SE"}]}},"_links":{"self":[{"href":"https:\/\/wp.kristdemokraterna.se\/ydre\/wp-json\/wp\/v2\/pages\/1055","targetHints":{"allow":["GET"]}}],"collection":[{"href":"https:\/\/wp.kristdemokraterna.se\/ydre\/wp-json\/wp\/v2\/pages"}],"about":[{"href":"https:\/\/wp.kristdemokraterna.se\/ydre\/wp-json\/wp\/v2\/types\/page"}],"author":[{"embeddable":true,"href":"https:\/\/wp.kristdemokraterna.se\/ydre\/wp-json\/wp\/v2\/users\/793"}],"replies":[{"embeddable":true,"href":"https:\/\/wp.kristdemokraterna.se\/ydre\/wp-json\/wp\/v2\/comments?post=1055"}],"version-history":[{"count":3,"href":"https:\/\/wp.kristdemokraterna.se\/ydre\/wp-json\/wp\/v2\/pages\/1055\/revisions"}],"predecessor-version":[{"id":1058,"href":"https:\/\/wp.kristdemokraterna.se\/ydre\/wp-json\/wp\/v2\/pages\/1055\/revisions\/1058"}],"wp:attachment":[{"href":"https:\/\/wp.kristdemokraterna.se\/ydre\/wp-json\/wp\/v2\/media?parent=1055"}],"curies":[{"name":"wp","href":"https:\/\/api.w.org\/{rel}","templated":true}]}}