{"id":1071,"date":"2018-07-20T17:26:53","date_gmt":"2018-07-20T15:26:53","guid":{"rendered":"http:\/\/wp.kristdemokraterna.se\/ydre\/?page_id=1071"},"modified":"2018-07-20T17:29:42","modified_gmt":"2018-07-20T15:29:42","slug":"2016-09-11-myten-om-de-obildbara-glesbygdsborna","status":"publish","type":"page","link":"https:\/\/wp.kristdemokraterna.se\/ydre\/2016-09-11-myten-om-de-obildbara-glesbygdsborna\/","title":{"rendered":"2016-09-11 Myten om de &#8221;obildbara&#8221; glesbygdsborna"},"content":{"rendered":"<p>Det talas just nu mycket om skolorna. Hur skall de bli b\u00e4ttre? Och vad \u00e4r det som f\u00e5r vissa elever att lyckas?<br \/>\nSkolornas organisation \u00e4r naturligtvis viktig, l\u00e4rarnas skicklighet likas\u00e5. Men man tror sig veta att det finns fler omst\u00e4ndigheter som \u00e4r viktiga f\u00f6r att det skall bli bra resultat.<br \/>\nDet s\u00e4gs d\u00e5 och d\u00e5 att hemmets &#8221;studietradition&#8221; \u00e4r avg\u00f6rande. Med det menar man att omr\u00e5den d\u00e4r m\u00e5nga f\u00f6r\u00e4ldrar har h\u00f6g utbildning \u00e4r de som har bra skolor. Det \u00e4r vissa storstadomr\u00e5den som \u00e4r &#8221;bra&#8221;.<\/p>\n<p><img loading=\"lazy\" decoding=\"async\" src=\"http:\/\/ydrebo.se\/kd\/veckobrev\/ukreda3.JPG\" width=\"600\" height=\"463\" \/><br \/>\n<i>G\u00e5r det att studera i en bygd d\u00e4r centralorten ser ut s\u00e5 h\u00e4r?<br \/>\n<\/i><i>(Utsikt \u00f6ver \u00d6sterbymo fr\u00e5n Ukreda.)<\/i><\/p>\n<p>Motsatsen till universitetsst\u00e4derna \u00e4r enligt detta syns\u00e4tt den verkliga glesbygden. Det m\u00e5ste vara tragiskt att v\u00e4xa upp d\u00e4r m\u00e5nga lever av vad marken kan ge. Det \u00e4r ju precis som p\u00e5 sten\u00e5ldern. Stackars barn som skall g\u00e5 i skola d\u00e4r!<br \/>\nSomliga menar att detta \u00e4r en myt. De pekar p\u00e5 att den som lever s\u00e5 n\u00e4ra naturen beh\u00f6ver kunskap, mycken kunskap. I en s\u00e5dan bygd beh\u00f6ver alla studera och tycka om att studera. S\u00e5 \u00e4ven om det \u00e4r f\u00e5 som har en h\u00f6g examen lever barnen i en atmosf\u00e4r d\u00e4r kunskap och studier bokstavligen \u00e4r livsviktiga.<\/p>\n<p><img loading=\"lazy\" decoding=\"async\" src=\"http:\/\/ydrebo.se\/kd\/veckobrev2016\/Sund.jpg\" width=\"600\" height=\"408\" \/><br \/>\n<i>Kan det finnas kunskapsintresse i den h\u00e4r milj\u00f6n? (Sunds kyrkby.)<\/i><\/p>\n<p>Vilken \u00e5sikt om glesbygden \u00e4r riktig? Det har just kommit statistik. L\u00e5t oss i den leta r\u00e4tt p\u00e5 den renaste glesbygden, den d\u00e4r det inte finns n\u00e5gon central t\u00e4tort v\u00e4rd namnet? Den kommun som med bred marginal vinner t\u00e4vlingen om att vara minst lik v\u00e5ra l\u00e4rdomscentra \u00e4r Ydre.<br \/>\nHur stor andel av ortens undgdomar b\u00f6rjar p\u00e5 h\u00f6gre studier inom fem \u00e5r efter studenten? I \u00d6sterg\u00f6tland \u00e4r universitetsstaden Link\u00f6ping b\u00e4st med Ydre t\u00e4tt efter. Och n\u00e4r det g\u00e4ller att g\u00e5 direkt till de h\u00f6gre studierna efter gymansiet \u00e4r Ydres ungdomar b\u00e4st i regionen. Till detta b\u00f6r man l\u00e4gga att det \u00e4r anm\u00e4rkningsv\u00e4rt f\u00e5 ydreungdomar som blir utslagna i grundskolan och \u00e4nnu f\u00e4rre som misslyckas p\u00e5 gymnasiet.<\/p>\n<p><img loading=\"lazy\" decoding=\"async\" src=\"http:\/\/ydrebo.se\/kd\/veckobrev2016\/Norra_Vi.JPG\" width=\"600\" height=\"461\" \/><br \/>\n<i>H\u00e4r i Ydre \u00e4r studielusten n\u00e4stan lika h\u00f6g som i universitetsstaden Link\u00f6ping.<br \/>\n(Norra Vi kyrkby.)<\/i><\/p>\n<p>Det g\u00e5r bra f\u00f6r Ydres ungdomar inte trots att de bor i en glesbygd\u00a0<i>utan just f\u00f6r att de g\u00f6r det<\/i>. Detta inneb\u00e4r en utmaning f\u00f6r politikerna. Hur skall vi kunna bevara denna aspekt av Ydres kultur?<\/p>\n<p><i>Bengt Malm, ordf.<br \/>\n11 september 2016<\/i><\/p>\n","protected":false},"excerpt":{"rendered":"<p>Det talas just nu mycket om skolorna. Hur skall de bli b\u00e4ttre? Och vad \u00e4r det som f\u00e5r vissa elever att lyckas? Skolornas organisation \u00e4r naturligtvis viktig, l\u00e4rarnas skicklighet likas\u00e5. Men man tror sig veta att det finns fler omst\u00e4ndigheter som \u00e4r viktiga f\u00f6r att det skall bli bra resultat. Det s\u00e4gs d\u00e5 och d\u00e5 <a class=\"read-more-link\" href=\"https:\/\/wp.kristdemokraterna.se\/ydre\/2016-09-11-myten-om-de-obildbara-glesbygdsborna\/\">L\u00e4s mer<\/a><\/p>\n","protected":false},"author":793,"featured_media":0,"parent":0,"menu_order":0,"comment_status":"closed","ping_status":"closed","template":"","meta":{"_acf_changed":false,"footnotes":""},"class_list":["post-1071","page","type-page","status-publish","hentry"],"acf":[],"yoast_head":"<!-- This site is optimized with the Yoast SEO plugin v27.5 - https:\/\/yoast.com\/product\/yoast-seo-wordpress\/ -->\n<title>2016-09-11 Myten om de &quot;obildbara&quot; glesbygdsborna - Kristdemokraterna i Ydre<\/title>\n<meta name=\"robots\" content=\"index, follow, max-snippet:-1, max-image-preview:large, max-video-preview:-1\" \/>\n<link rel=\"canonical\" href=\"https:\/\/wp.kristdemokraterna.se\/ydre\/2016-09-11-myten-om-de-obildbara-glesbygdsborna\/\" \/>\n<meta property=\"og:locale\" content=\"sv_SE\" \/>\n<meta property=\"og:type\" content=\"article\" \/>\n<meta property=\"og:title\" content=\"2016-09-11 Myten om de &quot;obildbara&quot; glesbygdsborna - Kristdemokraterna i Ydre\" \/>\n<meta property=\"og:description\" content=\"Det talas just nu mycket om skolorna. Hur skall de bli b\u00e4ttre? Och vad \u00e4r det som f\u00e5r vissa elever att lyckas? Skolornas organisation \u00e4r naturligtvis viktig, l\u00e4rarnas skicklighet likas\u00e5. Men man tror sig veta att det finns fler omst\u00e4ndigheter som \u00e4r viktiga f\u00f6r att det skall bli bra resultat. Det s\u00e4gs d\u00e5 och d\u00e5 L\u00e4s mer\" \/>\n<meta property=\"og:url\" content=\"https:\/\/wp.kristdemokraterna.se\/ydre\/2016-09-11-myten-om-de-obildbara-glesbygdsborna\/\" \/>\n<meta property=\"og:site_name\" content=\"Kristdemokraterna i Ydre\" \/>\n<meta property=\"article:modified_time\" content=\"2018-07-20T15:29:42+00:00\" \/>\n<meta property=\"og:image\" content=\"http:\/\/ydrebo.se\/kd\/veckobrev\/ukreda3.JPG\" \/>\n<meta name=\"twitter:card\" content=\"summary_large_image\" \/>\n<meta name=\"twitter:label1\" content=\"Ber\u00e4knad l\u00e4stid\" \/>\n\t<meta name=\"twitter:data1\" content=\"2 minuter\" \/>\n<script type=\"application\/ld+json\" class=\"yoast-schema-graph\">{\"@context\":\"https:\\\/\\\/schema.org\",\"@graph\":[{\"@type\":\"WebPage\",\"@id\":\"https:\\\/\\\/wp.kristdemokraterna.se\\\/ydre\\\/2016-09-11-myten-om-de-obildbara-glesbygdsborna\\\/\",\"url\":\"https:\\\/\\\/wp.kristdemokraterna.se\\\/ydre\\\/2016-09-11-myten-om-de-obildbara-glesbygdsborna\\\/\",\"name\":\"2016-09-11 Myten om de \\\"obildbara\\\" glesbygdsborna - Kristdemokraterna i Ydre\",\"isPartOf\":{\"@id\":\"https:\\\/\\\/wp.kristdemokraterna.se\\\/ydre\\\/#website\"},\"primaryImageOfPage\":{\"@id\":\"https:\\\/\\\/wp.kristdemokraterna.se\\\/ydre\\\/2016-09-11-myten-om-de-obildbara-glesbygdsborna\\\/#primaryimage\"},\"image\":{\"@id\":\"https:\\\/\\\/wp.kristdemokraterna.se\\\/ydre\\\/2016-09-11-myten-om-de-obildbara-glesbygdsborna\\\/#primaryimage\"},\"thumbnailUrl\":\"http:\\\/\\\/ydrebo.se\\\/kd\\\/veckobrev\\\/ukreda3.JPG\",\"datePublished\":\"2018-07-20T15:26:53+00:00\",\"dateModified\":\"2018-07-20T15:29:42+00:00\",\"breadcrumb\":{\"@id\":\"https:\\\/\\\/wp.kristdemokraterna.se\\\/ydre\\\/2016-09-11-myten-om-de-obildbara-glesbygdsborna\\\/#breadcrumb\"},\"inLanguage\":\"sv-SE\",\"potentialAction\":[{\"@type\":\"ReadAction\",\"target\":[\"https:\\\/\\\/wp.kristdemokraterna.se\\\/ydre\\\/2016-09-11-myten-om-de-obildbara-glesbygdsborna\\\/\"]}]},{\"@type\":\"ImageObject\",\"inLanguage\":\"sv-SE\",\"@id\":\"https:\\\/\\\/wp.kristdemokraterna.se\\\/ydre\\\/2016-09-11-myten-om-de-obildbara-glesbygdsborna\\\/#primaryimage\",\"url\":\"http:\\\/\\\/ydrebo.se\\\/kd\\\/veckobrev\\\/ukreda3.JPG\",\"contentUrl\":\"http:\\\/\\\/ydrebo.se\\\/kd\\\/veckobrev\\\/ukreda3.JPG\"},{\"@type\":\"BreadcrumbList\",\"@id\":\"https:\\\/\\\/wp.kristdemokraterna.se\\\/ydre\\\/2016-09-11-myten-om-de-obildbara-glesbygdsborna\\\/#breadcrumb\",\"itemListElement\":[{\"@type\":\"ListItem\",\"position\":1,\"name\":\"Hem\",\"item\":\"https:\\\/\\\/wp.kristdemokraterna.se\\\/ydre\\\/\"},{\"@type\":\"ListItem\",\"position\":2,\"name\":\"2016-09-11 Myten om de &#8221;obildbara&#8221; glesbygdsborna\"}]},{\"@type\":\"WebSite\",\"@id\":\"https:\\\/\\\/wp.kristdemokraterna.se\\\/ydre\\\/#website\",\"url\":\"https:\\\/\\\/wp.kristdemokraterna.se\\\/ydre\\\/\",\"name\":\"Kristdemokraterna i Ydre\",\"description\":\"En till Kristdemokraterna webbplats\",\"inLanguage\":\"sv-SE\"}]}<\/script>\n<!-- \/ Yoast SEO plugin. -->","yoast_head_json":{"title":"2016-09-11 Myten om de \"obildbara\" glesbygdsborna - Kristdemokraterna i Ydre","robots":{"index":"index","follow":"follow","max-snippet":"max-snippet:-1","max-image-preview":"max-image-preview:large","max-video-preview":"max-video-preview:-1"},"canonical":"https:\/\/wp.kristdemokraterna.se\/ydre\/2016-09-11-myten-om-de-obildbara-glesbygdsborna\/","og_locale":"sv_SE","og_type":"article","og_title":"2016-09-11 Myten om de \"obildbara\" glesbygdsborna - Kristdemokraterna i Ydre","og_description":"Det talas just nu mycket om skolorna. Hur skall de bli b\u00e4ttre? Och vad \u00e4r det som f\u00e5r vissa elever att lyckas? Skolornas organisation \u00e4r naturligtvis viktig, l\u00e4rarnas skicklighet likas\u00e5. Men man tror sig veta att det finns fler omst\u00e4ndigheter som \u00e4r viktiga f\u00f6r att det skall bli bra resultat. Det s\u00e4gs d\u00e5 och d\u00e5 L\u00e4s mer","og_url":"https:\/\/wp.kristdemokraterna.se\/ydre\/2016-09-11-myten-om-de-obildbara-glesbygdsborna\/","og_site_name":"Kristdemokraterna i Ydre","article_modified_time":"2018-07-20T15:29:42+00:00","og_image":[{"url":"http:\/\/ydrebo.se\/kd\/veckobrev\/ukreda3.JPG","type":"","width":"","height":""}],"twitter_card":"summary_large_image","twitter_misc":{"Ber\u00e4knad l\u00e4stid":"2 minuter"},"schema":{"@context":"https:\/\/schema.org","@graph":[{"@type":"WebPage","@id":"https:\/\/wp.kristdemokraterna.se\/ydre\/2016-09-11-myten-om-de-obildbara-glesbygdsborna\/","url":"https:\/\/wp.kristdemokraterna.se\/ydre\/2016-09-11-myten-om-de-obildbara-glesbygdsborna\/","name":"2016-09-11 Myten om de \"obildbara\" glesbygdsborna - Kristdemokraterna i Ydre","isPartOf":{"@id":"https:\/\/wp.kristdemokraterna.se\/ydre\/#website"},"primaryImageOfPage":{"@id":"https:\/\/wp.kristdemokraterna.se\/ydre\/2016-09-11-myten-om-de-obildbara-glesbygdsborna\/#primaryimage"},"image":{"@id":"https:\/\/wp.kristdemokraterna.se\/ydre\/2016-09-11-myten-om-de-obildbara-glesbygdsborna\/#primaryimage"},"thumbnailUrl":"http:\/\/ydrebo.se\/kd\/veckobrev\/ukreda3.JPG","datePublished":"2018-07-20T15:26:53+00:00","dateModified":"2018-07-20T15:29:42+00:00","breadcrumb":{"@id":"https:\/\/wp.kristdemokraterna.se\/ydre\/2016-09-11-myten-om-de-obildbara-glesbygdsborna\/#breadcrumb"},"inLanguage":"sv-SE","potentialAction":[{"@type":"ReadAction","target":["https:\/\/wp.kristdemokraterna.se\/ydre\/2016-09-11-myten-om-de-obildbara-glesbygdsborna\/"]}]},{"@type":"ImageObject","inLanguage":"sv-SE","@id":"https:\/\/wp.kristdemokraterna.se\/ydre\/2016-09-11-myten-om-de-obildbara-glesbygdsborna\/#primaryimage","url":"http:\/\/ydrebo.se\/kd\/veckobrev\/ukreda3.JPG","contentUrl":"http:\/\/ydrebo.se\/kd\/veckobrev\/ukreda3.JPG"},{"@type":"BreadcrumbList","@id":"https:\/\/wp.kristdemokraterna.se\/ydre\/2016-09-11-myten-om-de-obildbara-glesbygdsborna\/#breadcrumb","itemListElement":[{"@type":"ListItem","position":1,"name":"Hem","item":"https:\/\/wp.kristdemokraterna.se\/ydre\/"},{"@type":"ListItem","position":2,"name":"2016-09-11 Myten om de &#8221;obildbara&#8221; glesbygdsborna"}]},{"@type":"WebSite","@id":"https:\/\/wp.kristdemokraterna.se\/ydre\/#website","url":"https:\/\/wp.kristdemokraterna.se\/ydre\/","name":"Kristdemokraterna i Ydre","description":"En till Kristdemokraterna webbplats","inLanguage":"sv-SE"}]}},"_links":{"self":[{"href":"https:\/\/wp.kristdemokraterna.se\/ydre\/wp-json\/wp\/v2\/pages\/1071","targetHints":{"allow":["GET"]}}],"collection":[{"href":"https:\/\/wp.kristdemokraterna.se\/ydre\/wp-json\/wp\/v2\/pages"}],"about":[{"href":"https:\/\/wp.kristdemokraterna.se\/ydre\/wp-json\/wp\/v2\/types\/page"}],"author":[{"embeddable":true,"href":"https:\/\/wp.kristdemokraterna.se\/ydre\/wp-json\/wp\/v2\/users\/793"}],"replies":[{"embeddable":true,"href":"https:\/\/wp.kristdemokraterna.se\/ydre\/wp-json\/wp\/v2\/comments?post=1071"}],"version-history":[{"count":4,"href":"https:\/\/wp.kristdemokraterna.se\/ydre\/wp-json\/wp\/v2\/pages\/1071\/revisions"}],"predecessor-version":[{"id":1075,"href":"https:\/\/wp.kristdemokraterna.se\/ydre\/wp-json\/wp\/v2\/pages\/1071\/revisions\/1075"}],"wp:attachment":[{"href":"https:\/\/wp.kristdemokraterna.se\/ydre\/wp-json\/wp\/v2\/media?parent=1071"}],"curies":[{"name":"wp","href":"https:\/\/api.w.org\/{rel}","templated":true}]}}