{"id":1121,"date":"2018-07-20T18:07:02","date_gmt":"2018-07-20T16:07:02","guid":{"rendered":"http:\/\/wp.kristdemokraterna.se\/ydre\/?page_id=1121"},"modified":"2018-07-20T18:07:21","modified_gmt":"2018-07-20T16:07:21","slug":"2016-11-25-sjukt","status":"publish","type":"page","link":"https:\/\/wp.kristdemokraterna.se\/ydre\/2016-11-25-sjukt\/","title":{"rendered":"2016-11-25 Sjukt"},"content":{"rendered":"<p>Det finns mycket som \u00e4r friskt i Ydre. F\u00f6r en tid sedan var representanter f\u00f6r m\u00e5nga f\u00f6reningar samlade i kommunhuset. Den ena f\u00f6reningen efter den andra redogjorde f\u00f6r vad den gjorde och t\u00e4nkte g\u00f6ra f\u00f6r att underl\u00e4tta integration av nyanl\u00e4nda. F\u00f6r oss politiker som var med var det mycket uppmuntrande att se hur mycket entusiasm som visades.<br \/>\nMan skulle kunna s\u00e4ga att det som f\u00f6reningslivet h\u00e5ller p\u00e5 med \u00e4r friskv\u00e5rd. Det finns mycken annan friskv\u00e5rd ocks\u00e5 i Ydre.<\/p>\n<p><img loading=\"lazy\" decoding=\"async\" src=\"http:\/\/ydrebo.se\/kd\/veckobrev2016\/sjo.JPG\" width=\"600\" height=\"463\" \/><br \/>\n<i>Ydre \u00e4r en h\u00e4lsosam milj\u00f6. (Sj\u00f6 i Torpa.)<\/p>\n<p><\/i>Men f\u00f6r att friskv\u00e5rden skall fungera m\u00e5ste vi ocks\u00e5 ha god sjukv\u00e5rd. Det klarnar nu mer hur somliga inom v\u00e5rden t\u00e4nker sig hur v\u00e5r v\u00e5rdcentral skall fungera fram\u00f6ver.<br \/>\nEftersom bristen p\u00e5 distriktsl\u00e4kare ser ut att bli l\u00e5ngvarig vill somliga inom v\u00e5rden drastiskt sk\u00e4ra ner den tid d\u00e5 l\u00e4kare skall finnas h\u00e4r. Ydrebor som vill vara s\u00e4kra p\u00e5 att f\u00e5 god v\u00e5rd p\u00e5 alla niv\u00e5er f\u00f6resl\u00e5s &#8221;lista&#8221; sig p\u00e5 v\u00e5rdcentraler utanf\u00f6r Ydre.<br \/>\nMen detta inneb\u00e4r att underlaget f\u00f6r v\u00e5r v\u00e5rdcentral kraftigt minskas. Och som kommunstyrelsens ordf\u00f6rande s\u00e4ger \u00e4r det f\u00f6rsta spiken i kistan f\u00f6r v\u00e5r bygd.<br \/>\nKommunstyrelsen kommer att diskutera situationen om n\u00e5gra dagar. Men redan har protester framf\u00f6rts till sjukv\u00e5rdens h\u00f6gsta ledning. Det s\u00e4gs att man d\u00e4r nu insett l\u00e4gets allvar. Det l\u00e4r komma nya besked om att vi inte skall beh\u00f6va lista oss n\u00e5gon annanstans. (N\u00e4r jag f\u00f6r en tid sedan tr\u00e4ffade n\u00e4rsjukv\u00e5rdsirekt\u00f6ren tog jag inte upp detta f\u00f6rslag eftersom det \u00e4nnu inte kommit. Jag kunde helt enkelt inte f\u00f6rest\u00e4lla mig att n\u00e5got s\u00e5dant skulle kunna h\u00e4nda.)<br \/>\nKommunstyrelsen \u00e4r ocks\u00e5 uppr\u00f6rd \u00f6ver att v\u00e5rdcentralen f\u00f6resl\u00e5s upph\u00f6ra som egen enhet. S\u00e5 vi kommer att ha allvarliga saker att tala om n\u00e4sta g\u00e5ng vi tr\u00e4ffas. F\u00f6r fr\u00e5gan \u00e4r hur Ydre skall \u00f6verleva.<\/p>\n<p><i>Bengt Malm, ordf.<br \/>\n25 november 2016<\/i><\/p>\n","protected":false},"excerpt":{"rendered":"<p>Det finns mycket som \u00e4r friskt i Ydre. F\u00f6r en tid sedan var representanter f\u00f6r m\u00e5nga f\u00f6reningar samlade i kommunhuset. Den ena f\u00f6reningen efter den andra redogjorde f\u00f6r vad den gjorde och t\u00e4nkte g\u00f6ra f\u00f6r att underl\u00e4tta integration av nyanl\u00e4nda. F\u00f6r oss politiker som var med var det mycket uppmuntrande att se hur mycket entusiasm <a class=\"read-more-link\" href=\"https:\/\/wp.kristdemokraterna.se\/ydre\/2016-11-25-sjukt\/\">L\u00e4s mer<\/a><\/p>\n","protected":false},"author":793,"featured_media":0,"parent":0,"menu_order":0,"comment_status":"closed","ping_status":"closed","template":"","meta":{"_acf_changed":false,"footnotes":""},"class_list":["post-1121","page","type-page","status-publish","hentry"],"acf":[],"yoast_head":"<!-- This site is optimized with the Yoast SEO plugin v27.5 - https:\/\/yoast.com\/product\/yoast-seo-wordpress\/ -->\n<title>2016-11-25 Sjukt - Kristdemokraterna i Ydre<\/title>\n<meta name=\"robots\" content=\"index, follow, max-snippet:-1, max-image-preview:large, max-video-preview:-1\" \/>\n<link rel=\"canonical\" href=\"https:\/\/wp.kristdemokraterna.se\/ydre\/2016-11-25-sjukt\/\" \/>\n<meta property=\"og:locale\" content=\"sv_SE\" \/>\n<meta property=\"og:type\" content=\"article\" \/>\n<meta property=\"og:title\" content=\"2016-11-25 Sjukt - Kristdemokraterna i Ydre\" \/>\n<meta property=\"og:description\" content=\"Det finns mycket som \u00e4r friskt i Ydre. F\u00f6r en tid sedan var representanter f\u00f6r m\u00e5nga f\u00f6reningar samlade i kommunhuset. Den ena f\u00f6reningen efter den andra redogjorde f\u00f6r vad den gjorde och t\u00e4nkte g\u00f6ra f\u00f6r att underl\u00e4tta integration av nyanl\u00e4nda. F\u00f6r oss politiker som var med var det mycket uppmuntrande att se hur mycket entusiasm L\u00e4s mer\" \/>\n<meta property=\"og:url\" content=\"https:\/\/wp.kristdemokraterna.se\/ydre\/2016-11-25-sjukt\/\" \/>\n<meta property=\"og:site_name\" content=\"Kristdemokraterna i Ydre\" \/>\n<meta property=\"article:modified_time\" content=\"2018-07-20T16:07:21+00:00\" \/>\n<meta property=\"og:image\" content=\"http:\/\/ydrebo.se\/kd\/veckobrev2016\/sjo.JPG\" \/>\n<meta name=\"twitter:card\" content=\"summary_large_image\" \/>\n<meta name=\"twitter:label1\" content=\"Ber\u00e4knad l\u00e4stid\" \/>\n\t<meta name=\"twitter:data1\" content=\"2 minuter\" \/>\n<script type=\"application\/ld+json\" class=\"yoast-schema-graph\">{\"@context\":\"https:\\\/\\\/schema.org\",\"@graph\":[{\"@type\":\"WebPage\",\"@id\":\"https:\\\/\\\/wp.kristdemokraterna.se\\\/ydre\\\/2016-11-25-sjukt\\\/\",\"url\":\"https:\\\/\\\/wp.kristdemokraterna.se\\\/ydre\\\/2016-11-25-sjukt\\\/\",\"name\":\"2016-11-25 Sjukt - Kristdemokraterna i Ydre\",\"isPartOf\":{\"@id\":\"https:\\\/\\\/wp.kristdemokraterna.se\\\/ydre\\\/#website\"},\"primaryImageOfPage\":{\"@id\":\"https:\\\/\\\/wp.kristdemokraterna.se\\\/ydre\\\/2016-11-25-sjukt\\\/#primaryimage\"},\"image\":{\"@id\":\"https:\\\/\\\/wp.kristdemokraterna.se\\\/ydre\\\/2016-11-25-sjukt\\\/#primaryimage\"},\"thumbnailUrl\":\"http:\\\/\\\/ydrebo.se\\\/kd\\\/veckobrev2016\\\/sjo.JPG\",\"datePublished\":\"2018-07-20T16:07:02+00:00\",\"dateModified\":\"2018-07-20T16:07:21+00:00\",\"breadcrumb\":{\"@id\":\"https:\\\/\\\/wp.kristdemokraterna.se\\\/ydre\\\/2016-11-25-sjukt\\\/#breadcrumb\"},\"inLanguage\":\"sv-SE\",\"potentialAction\":[{\"@type\":\"ReadAction\",\"target\":[\"https:\\\/\\\/wp.kristdemokraterna.se\\\/ydre\\\/2016-11-25-sjukt\\\/\"]}]},{\"@type\":\"ImageObject\",\"inLanguage\":\"sv-SE\",\"@id\":\"https:\\\/\\\/wp.kristdemokraterna.se\\\/ydre\\\/2016-11-25-sjukt\\\/#primaryimage\",\"url\":\"http:\\\/\\\/ydrebo.se\\\/kd\\\/veckobrev2016\\\/sjo.JPG\",\"contentUrl\":\"http:\\\/\\\/ydrebo.se\\\/kd\\\/veckobrev2016\\\/sjo.JPG\"},{\"@type\":\"BreadcrumbList\",\"@id\":\"https:\\\/\\\/wp.kristdemokraterna.se\\\/ydre\\\/2016-11-25-sjukt\\\/#breadcrumb\",\"itemListElement\":[{\"@type\":\"ListItem\",\"position\":1,\"name\":\"Hem\",\"item\":\"https:\\\/\\\/wp.kristdemokraterna.se\\\/ydre\\\/\"},{\"@type\":\"ListItem\",\"position\":2,\"name\":\"2016-11-25 Sjukt\"}]},{\"@type\":\"WebSite\",\"@id\":\"https:\\\/\\\/wp.kristdemokraterna.se\\\/ydre\\\/#website\",\"url\":\"https:\\\/\\\/wp.kristdemokraterna.se\\\/ydre\\\/\",\"name\":\"Kristdemokraterna i Ydre\",\"description\":\"En till Kristdemokraterna webbplats\",\"inLanguage\":\"sv-SE\"}]}<\/script>\n<!-- \/ Yoast SEO plugin. -->","yoast_head_json":{"title":"2016-11-25 Sjukt - Kristdemokraterna i Ydre","robots":{"index":"index","follow":"follow","max-snippet":"max-snippet:-1","max-image-preview":"max-image-preview:large","max-video-preview":"max-video-preview:-1"},"canonical":"https:\/\/wp.kristdemokraterna.se\/ydre\/2016-11-25-sjukt\/","og_locale":"sv_SE","og_type":"article","og_title":"2016-11-25 Sjukt - Kristdemokraterna i Ydre","og_description":"Det finns mycket som \u00e4r friskt i Ydre. F\u00f6r en tid sedan var representanter f\u00f6r m\u00e5nga f\u00f6reningar samlade i kommunhuset. Den ena f\u00f6reningen efter den andra redogjorde f\u00f6r vad den gjorde och t\u00e4nkte g\u00f6ra f\u00f6r att underl\u00e4tta integration av nyanl\u00e4nda. F\u00f6r oss politiker som var med var det mycket uppmuntrande att se hur mycket entusiasm L\u00e4s mer","og_url":"https:\/\/wp.kristdemokraterna.se\/ydre\/2016-11-25-sjukt\/","og_site_name":"Kristdemokraterna i Ydre","article_modified_time":"2018-07-20T16:07:21+00:00","og_image":[{"url":"http:\/\/ydrebo.se\/kd\/veckobrev2016\/sjo.JPG","type":"","width":"","height":""}],"twitter_card":"summary_large_image","twitter_misc":{"Ber\u00e4knad l\u00e4stid":"2 minuter"},"schema":{"@context":"https:\/\/schema.org","@graph":[{"@type":"WebPage","@id":"https:\/\/wp.kristdemokraterna.se\/ydre\/2016-11-25-sjukt\/","url":"https:\/\/wp.kristdemokraterna.se\/ydre\/2016-11-25-sjukt\/","name":"2016-11-25 Sjukt - Kristdemokraterna i Ydre","isPartOf":{"@id":"https:\/\/wp.kristdemokraterna.se\/ydre\/#website"},"primaryImageOfPage":{"@id":"https:\/\/wp.kristdemokraterna.se\/ydre\/2016-11-25-sjukt\/#primaryimage"},"image":{"@id":"https:\/\/wp.kristdemokraterna.se\/ydre\/2016-11-25-sjukt\/#primaryimage"},"thumbnailUrl":"http:\/\/ydrebo.se\/kd\/veckobrev2016\/sjo.JPG","datePublished":"2018-07-20T16:07:02+00:00","dateModified":"2018-07-20T16:07:21+00:00","breadcrumb":{"@id":"https:\/\/wp.kristdemokraterna.se\/ydre\/2016-11-25-sjukt\/#breadcrumb"},"inLanguage":"sv-SE","potentialAction":[{"@type":"ReadAction","target":["https:\/\/wp.kristdemokraterna.se\/ydre\/2016-11-25-sjukt\/"]}]},{"@type":"ImageObject","inLanguage":"sv-SE","@id":"https:\/\/wp.kristdemokraterna.se\/ydre\/2016-11-25-sjukt\/#primaryimage","url":"http:\/\/ydrebo.se\/kd\/veckobrev2016\/sjo.JPG","contentUrl":"http:\/\/ydrebo.se\/kd\/veckobrev2016\/sjo.JPG"},{"@type":"BreadcrumbList","@id":"https:\/\/wp.kristdemokraterna.se\/ydre\/2016-11-25-sjukt\/#breadcrumb","itemListElement":[{"@type":"ListItem","position":1,"name":"Hem","item":"https:\/\/wp.kristdemokraterna.se\/ydre\/"},{"@type":"ListItem","position":2,"name":"2016-11-25 Sjukt"}]},{"@type":"WebSite","@id":"https:\/\/wp.kristdemokraterna.se\/ydre\/#website","url":"https:\/\/wp.kristdemokraterna.se\/ydre\/","name":"Kristdemokraterna i Ydre","description":"En till Kristdemokraterna webbplats","inLanguage":"sv-SE"}]}},"_links":{"self":[{"href":"https:\/\/wp.kristdemokraterna.se\/ydre\/wp-json\/wp\/v2\/pages\/1121","targetHints":{"allow":["GET"]}}],"collection":[{"href":"https:\/\/wp.kristdemokraterna.se\/ydre\/wp-json\/wp\/v2\/pages"}],"about":[{"href":"https:\/\/wp.kristdemokraterna.se\/ydre\/wp-json\/wp\/v2\/types\/page"}],"author":[{"embeddable":true,"href":"https:\/\/wp.kristdemokraterna.se\/ydre\/wp-json\/wp\/v2\/users\/793"}],"replies":[{"embeddable":true,"href":"https:\/\/wp.kristdemokraterna.se\/ydre\/wp-json\/wp\/v2\/comments?post=1121"}],"version-history":[{"count":2,"href":"https:\/\/wp.kristdemokraterna.se\/ydre\/wp-json\/wp\/v2\/pages\/1121\/revisions"}],"predecessor-version":[{"id":1123,"href":"https:\/\/wp.kristdemokraterna.se\/ydre\/wp-json\/wp\/v2\/pages\/1121\/revisions\/1123"}],"wp:attachment":[{"href":"https:\/\/wp.kristdemokraterna.se\/ydre\/wp-json\/wp\/v2\/media?parent=1121"}],"curies":[{"name":"wp","href":"https:\/\/api.w.org\/{rel}","templated":true}]}}