{"id":1151,"date":"2018-07-25T17:32:58","date_gmt":"2018-07-25T15:32:58","guid":{"rendered":"http:\/\/wp.kristdemokraterna.se\/ydre\/?page_id=1151"},"modified":"2018-07-25T17:34:03","modified_gmt":"2018-07-25T15:34:03","slug":"2014-03-13-den-sjalvklara-freden-finns-den","status":"publish","type":"page","link":"https:\/\/wp.kristdemokraterna.se\/ydre\/2014-03-13-den-sjalvklara-freden-finns-den\/","title":{"rendered":"2014-03-13 Den sj\u00e4lvklara freden &#8211; finns den?"},"content":{"rendered":"<p><img loading=\"lazy\" decoding=\"async\" src=\"http:\/\/ydrebo.se\/kd\/veckobrev\/ruin.jpg\" width=\"384\" height=\"307\" border=\"0\" \/><\/p>\n<p><span style=\"font-size: large\">Hela Sverige skall f\u00f6rsvaras. I b\u00f6rjan av mars skickades tv\u00e5 (2) stridsflygplan till Gotland. Man kunde ocks\u00e5 f\u00e5 se en bild som tycktes visa en (1) stridsvagn p\u00e5 v\u00e4g till gotlandsf\u00e4rjan.<br \/>\nHela Sverige skall ju f\u00f6rsvaras. Fast beh\u00f6vs det? Det har ju l\u00e4nge varit ot\u00e4nkbart med krig i v\u00e5r del av v\u00e4rlden. Men pl\u00f6tsligt \u00e4r det inte ot\u00e4nkbart l\u00e4ngre med milit\u00e4ra operationer.<br \/>\nHur kom det sig att krigen f\u00f6rsvann fr\u00e5n Europa? Det hade ju varit s\u00e5 m\u00e5nga strider. Men just d\u00e4rf\u00f6r f\u00f6rs\u00f6kte man undanr\u00f6ja sj\u00e4lva m\u00f6jligheten att f\u00f6ra krig. Det var s\u00e5 EU kom till (fast det hette n\u00e5got annat i b\u00f6rjan). Meningen var att vi skulle f\u00e5 ett m\u00e4nskligare Europa.<br \/>\nDet finns andra hot mot m\u00e4nskliga i v\u00e5r v\u00e4rldsdel. Just nu finns det grupper som arbetar mot det m\u00e4nskliga som uppn\u00e5tts. Det kallas f\u00f6r sj\u00e4lvbest\u00e4mmande f\u00f6r den egna nationen eller den egna folkgruppen. Men det g\u00e5r ut \u00f6ver andra m\u00e4nniskor. D\u00e4rf\u00f6r m\u00e5ste vi f\u00f6rsvara och st\u00e4rka det m\u00e4nskliga i Europa.<br \/>\n\u00c5 andra sidan kan ocks\u00e5 alltf\u00f6r stark central styrning f\u00f6rsv\u00e5ra det m\u00e4nskliga. D\u00e4rf\u00f6r b\u00f6r beslut fattas n\u00e4ra dem det g\u00e4ller, s\u00e5 n\u00e4ra som det \u00e4r m\u00f6jligt och l\u00e4mpligt. S\u00e5 det \u00e4r mycket som st\u00e5r p\u00e5 spel vid valet till europaparlamentet.<br \/>\n<\/span>F\u00f6r freden och friheten borde vara sj\u00e4lvklara. F\u00f6r alla.<\/p>\n<p><span style=\"font-size: large\"><i>Bengt Malm, ordf.<br \/>\n13 mars 2014<\/i><\/span><\/p>\n","protected":false},"excerpt":{"rendered":"<p>Hela Sverige skall f\u00f6rsvaras. I b\u00f6rjan av mars skickades tv\u00e5 (2) stridsflygplan till Gotland. Man kunde ocks\u00e5 f\u00e5 se en bild som tycktes visa en (1) stridsvagn p\u00e5 v\u00e4g till gotlandsf\u00e4rjan. Hela Sverige skall ju f\u00f6rsvaras. Fast beh\u00f6vs det? Det har ju l\u00e4nge varit ot\u00e4nkbart med krig i v\u00e5r del av v\u00e4rlden. Men pl\u00f6tsligt \u00e4r <a class=\"read-more-link\" href=\"https:\/\/wp.kristdemokraterna.se\/ydre\/2014-03-13-den-sjalvklara-freden-finns-den\/\">L\u00e4s mer<\/a><\/p>\n","protected":false},"author":793,"featured_media":0,"parent":0,"menu_order":0,"comment_status":"closed","ping_status":"closed","template":"","meta":{"_acf_changed":false,"footnotes":""},"class_list":["post-1151","page","type-page","status-publish","hentry"],"acf":[],"yoast_head":"<!-- This site is optimized with the Yoast SEO plugin v27.5 - https:\/\/yoast.com\/product\/yoast-seo-wordpress\/ -->\n<title>2014-03-13 Den sj\u00e4lvklara freden - finns den? - Kristdemokraterna i Ydre<\/title>\n<meta name=\"robots\" content=\"index, follow, max-snippet:-1, max-image-preview:large, max-video-preview:-1\" \/>\n<link rel=\"canonical\" href=\"https:\/\/wp.kristdemokraterna.se\/ydre\/2014-03-13-den-sjalvklara-freden-finns-den\/\" \/>\n<meta property=\"og:locale\" content=\"sv_SE\" \/>\n<meta property=\"og:type\" content=\"article\" \/>\n<meta property=\"og:title\" content=\"2014-03-13 Den sj\u00e4lvklara freden - finns den? - Kristdemokraterna i Ydre\" \/>\n<meta property=\"og:description\" content=\"Hela Sverige skall f\u00f6rsvaras. I b\u00f6rjan av mars skickades tv\u00e5 (2) stridsflygplan till Gotland. Man kunde ocks\u00e5 f\u00e5 se en bild som tycktes visa en (1) stridsvagn p\u00e5 v\u00e4g till gotlandsf\u00e4rjan. Hela Sverige skall ju f\u00f6rsvaras. Fast beh\u00f6vs det? Det har ju l\u00e4nge varit ot\u00e4nkbart med krig i v\u00e5r del av v\u00e4rlden. Men pl\u00f6tsligt \u00e4r L\u00e4s mer\" \/>\n<meta property=\"og:url\" content=\"https:\/\/wp.kristdemokraterna.se\/ydre\/2014-03-13-den-sjalvklara-freden-finns-den\/\" \/>\n<meta property=\"og:site_name\" content=\"Kristdemokraterna i Ydre\" \/>\n<meta property=\"article:modified_time\" content=\"2018-07-25T15:34:03+00:00\" \/>\n<meta property=\"og:image\" content=\"http:\/\/ydrebo.se\/kd\/veckobrev\/ruin.jpg\" \/>\n<meta name=\"twitter:card\" content=\"summary_large_image\" \/>\n<meta name=\"twitter:label1\" content=\"Ber\u00e4knad l\u00e4stid\" \/>\n\t<meta name=\"twitter:data1\" content=\"1 minut\" \/>\n<script type=\"application\/ld+json\" class=\"yoast-schema-graph\">{\"@context\":\"https:\\\/\\\/schema.org\",\"@graph\":[{\"@type\":\"WebPage\",\"@id\":\"https:\\\/\\\/wp.kristdemokraterna.se\\\/ydre\\\/2014-03-13-den-sjalvklara-freden-finns-den\\\/\",\"url\":\"https:\\\/\\\/wp.kristdemokraterna.se\\\/ydre\\\/2014-03-13-den-sjalvklara-freden-finns-den\\\/\",\"name\":\"2014-03-13 Den sj\u00e4lvklara freden - finns den? - Kristdemokraterna i Ydre\",\"isPartOf\":{\"@id\":\"https:\\\/\\\/wp.kristdemokraterna.se\\\/ydre\\\/#website\"},\"primaryImageOfPage\":{\"@id\":\"https:\\\/\\\/wp.kristdemokraterna.se\\\/ydre\\\/2014-03-13-den-sjalvklara-freden-finns-den\\\/#primaryimage\"},\"image\":{\"@id\":\"https:\\\/\\\/wp.kristdemokraterna.se\\\/ydre\\\/2014-03-13-den-sjalvklara-freden-finns-den\\\/#primaryimage\"},\"thumbnailUrl\":\"http:\\\/\\\/ydrebo.se\\\/kd\\\/veckobrev\\\/ruin.jpg\",\"datePublished\":\"2018-07-25T15:32:58+00:00\",\"dateModified\":\"2018-07-25T15:34:03+00:00\",\"breadcrumb\":{\"@id\":\"https:\\\/\\\/wp.kristdemokraterna.se\\\/ydre\\\/2014-03-13-den-sjalvklara-freden-finns-den\\\/#breadcrumb\"},\"inLanguage\":\"sv-SE\",\"potentialAction\":[{\"@type\":\"ReadAction\",\"target\":[\"https:\\\/\\\/wp.kristdemokraterna.se\\\/ydre\\\/2014-03-13-den-sjalvklara-freden-finns-den\\\/\"]}]},{\"@type\":\"ImageObject\",\"inLanguage\":\"sv-SE\",\"@id\":\"https:\\\/\\\/wp.kristdemokraterna.se\\\/ydre\\\/2014-03-13-den-sjalvklara-freden-finns-den\\\/#primaryimage\",\"url\":\"http:\\\/\\\/ydrebo.se\\\/kd\\\/veckobrev\\\/ruin.jpg\",\"contentUrl\":\"http:\\\/\\\/ydrebo.se\\\/kd\\\/veckobrev\\\/ruin.jpg\"},{\"@type\":\"BreadcrumbList\",\"@id\":\"https:\\\/\\\/wp.kristdemokraterna.se\\\/ydre\\\/2014-03-13-den-sjalvklara-freden-finns-den\\\/#breadcrumb\",\"itemListElement\":[{\"@type\":\"ListItem\",\"position\":1,\"name\":\"Hem\",\"item\":\"https:\\\/\\\/wp.kristdemokraterna.se\\\/ydre\\\/\"},{\"@type\":\"ListItem\",\"position\":2,\"name\":\"2014-03-13 Den sj\u00e4lvklara freden &#8211; finns den?\"}]},{\"@type\":\"WebSite\",\"@id\":\"https:\\\/\\\/wp.kristdemokraterna.se\\\/ydre\\\/#website\",\"url\":\"https:\\\/\\\/wp.kristdemokraterna.se\\\/ydre\\\/\",\"name\":\"Kristdemokraterna i Ydre\",\"description\":\"En till Kristdemokraterna webbplats\",\"inLanguage\":\"sv-SE\"}]}<\/script>\n<!-- \/ Yoast SEO plugin. -->","yoast_head_json":{"title":"2014-03-13 Den sj\u00e4lvklara freden - finns den? - Kristdemokraterna i Ydre","robots":{"index":"index","follow":"follow","max-snippet":"max-snippet:-1","max-image-preview":"max-image-preview:large","max-video-preview":"max-video-preview:-1"},"canonical":"https:\/\/wp.kristdemokraterna.se\/ydre\/2014-03-13-den-sjalvklara-freden-finns-den\/","og_locale":"sv_SE","og_type":"article","og_title":"2014-03-13 Den sj\u00e4lvklara freden - finns den? - Kristdemokraterna i Ydre","og_description":"Hela Sverige skall f\u00f6rsvaras. I b\u00f6rjan av mars skickades tv\u00e5 (2) stridsflygplan till Gotland. Man kunde ocks\u00e5 f\u00e5 se en bild som tycktes visa en (1) stridsvagn p\u00e5 v\u00e4g till gotlandsf\u00e4rjan. Hela Sverige skall ju f\u00f6rsvaras. Fast beh\u00f6vs det? Det har ju l\u00e4nge varit ot\u00e4nkbart med krig i v\u00e5r del av v\u00e4rlden. Men pl\u00f6tsligt \u00e4r L\u00e4s mer","og_url":"https:\/\/wp.kristdemokraterna.se\/ydre\/2014-03-13-den-sjalvklara-freden-finns-den\/","og_site_name":"Kristdemokraterna i Ydre","article_modified_time":"2018-07-25T15:34:03+00:00","og_image":[{"url":"http:\/\/ydrebo.se\/kd\/veckobrev\/ruin.jpg","type":"","width":"","height":""}],"twitter_card":"summary_large_image","twitter_misc":{"Ber\u00e4knad l\u00e4stid":"1 minut"},"schema":{"@context":"https:\/\/schema.org","@graph":[{"@type":"WebPage","@id":"https:\/\/wp.kristdemokraterna.se\/ydre\/2014-03-13-den-sjalvklara-freden-finns-den\/","url":"https:\/\/wp.kristdemokraterna.se\/ydre\/2014-03-13-den-sjalvklara-freden-finns-den\/","name":"2014-03-13 Den sj\u00e4lvklara freden - finns den? - Kristdemokraterna i Ydre","isPartOf":{"@id":"https:\/\/wp.kristdemokraterna.se\/ydre\/#website"},"primaryImageOfPage":{"@id":"https:\/\/wp.kristdemokraterna.se\/ydre\/2014-03-13-den-sjalvklara-freden-finns-den\/#primaryimage"},"image":{"@id":"https:\/\/wp.kristdemokraterna.se\/ydre\/2014-03-13-den-sjalvklara-freden-finns-den\/#primaryimage"},"thumbnailUrl":"http:\/\/ydrebo.se\/kd\/veckobrev\/ruin.jpg","datePublished":"2018-07-25T15:32:58+00:00","dateModified":"2018-07-25T15:34:03+00:00","breadcrumb":{"@id":"https:\/\/wp.kristdemokraterna.se\/ydre\/2014-03-13-den-sjalvklara-freden-finns-den\/#breadcrumb"},"inLanguage":"sv-SE","potentialAction":[{"@type":"ReadAction","target":["https:\/\/wp.kristdemokraterna.se\/ydre\/2014-03-13-den-sjalvklara-freden-finns-den\/"]}]},{"@type":"ImageObject","inLanguage":"sv-SE","@id":"https:\/\/wp.kristdemokraterna.se\/ydre\/2014-03-13-den-sjalvklara-freden-finns-den\/#primaryimage","url":"http:\/\/ydrebo.se\/kd\/veckobrev\/ruin.jpg","contentUrl":"http:\/\/ydrebo.se\/kd\/veckobrev\/ruin.jpg"},{"@type":"BreadcrumbList","@id":"https:\/\/wp.kristdemokraterna.se\/ydre\/2014-03-13-den-sjalvklara-freden-finns-den\/#breadcrumb","itemListElement":[{"@type":"ListItem","position":1,"name":"Hem","item":"https:\/\/wp.kristdemokraterna.se\/ydre\/"},{"@type":"ListItem","position":2,"name":"2014-03-13 Den sj\u00e4lvklara freden &#8211; finns den?"}]},{"@type":"WebSite","@id":"https:\/\/wp.kristdemokraterna.se\/ydre\/#website","url":"https:\/\/wp.kristdemokraterna.se\/ydre\/","name":"Kristdemokraterna i Ydre","description":"En till Kristdemokraterna webbplats","inLanguage":"sv-SE"}]}},"_links":{"self":[{"href":"https:\/\/wp.kristdemokraterna.se\/ydre\/wp-json\/wp\/v2\/pages\/1151","targetHints":{"allow":["GET"]}}],"collection":[{"href":"https:\/\/wp.kristdemokraterna.se\/ydre\/wp-json\/wp\/v2\/pages"}],"about":[{"href":"https:\/\/wp.kristdemokraterna.se\/ydre\/wp-json\/wp\/v2\/types\/page"}],"author":[{"embeddable":true,"href":"https:\/\/wp.kristdemokraterna.se\/ydre\/wp-json\/wp\/v2\/users\/793"}],"replies":[{"embeddable":true,"href":"https:\/\/wp.kristdemokraterna.se\/ydre\/wp-json\/wp\/v2\/comments?post=1151"}],"version-history":[{"count":3,"href":"https:\/\/wp.kristdemokraterna.se\/ydre\/wp-json\/wp\/v2\/pages\/1151\/revisions"}],"predecessor-version":[{"id":1154,"href":"https:\/\/wp.kristdemokraterna.se\/ydre\/wp-json\/wp\/v2\/pages\/1151\/revisions\/1154"}],"wp:attachment":[{"href":"https:\/\/wp.kristdemokraterna.se\/ydre\/wp-json\/wp\/v2\/media?parent=1151"}],"curies":[{"name":"wp","href":"https:\/\/api.w.org\/{rel}","templated":true}]}}