{"id":1228,"date":"2018-07-25T18:30:22","date_gmt":"2018-07-25T16:30:22","guid":{"rendered":"http:\/\/wp.kristdemokraterna.se\/ydre\/?page_id=1228"},"modified":"2018-07-25T18:35:47","modified_gmt":"2018-07-25T16:35:47","slug":"2014-07-24-att-fardas-med-ljusets-hastighet-eller-fardtjansten-var-god-droj","status":"publish","type":"page","link":"https:\/\/wp.kristdemokraterna.se\/ydre\/2014-07-24-att-fardas-med-ljusets-hastighet-eller-fardtjansten-var-god-droj\/","title":{"rendered":"2014-07-24 Att f\u00e4rdas med ljusets hastighet eller F\u00e4rdtj\u00e4nsten &#8211; var god dr\u00f6j!"},"content":{"rendered":"<p>Det \u00e4r semestertid och svenskarna reser som aldrig f\u00f6rr. Att f\u00e4rdas med ljusets hastighet g\u00e5r visserligen inte. Men det g\u00e5r r\u00e4tt fort \u00e4nd\u00e5 f\u00f6r dem som flyger rakt ovanf\u00f6r oss.<\/p>\n<p><img loading=\"lazy\" decoding=\"async\" src=\"http:\/\/ydrebo.se\/kd\/veckobrev\/kronika140724\/flyg.JPG\" width=\"600\" height=\"446\" \/><br \/>\nT\u00e5gen har slutat g\u00e5 i Ydre. Vi kan vandra p\u00e5 banvallen och p\u00e5 andra leder.<\/p>\n<p><img loading=\"lazy\" decoding=\"async\" src=\"http:\/\/ydrebo.se\/kd\/veckobrev\/kronika140724\/station.JPG\" width=\"350\" height=\"270\" \/>\u00a0\u00a0\u00a0\u00a0\u00a0<img loading=\"lazy\" decoding=\"async\" src=\"http:\/\/ydrebo.se\/kd\/veckobrev\/kronika140724\/syllar.jpg\" width=\"360\" height=\"270\" \/><br \/>\n<i>Foto av banvallen: Barbro Malm.<\/i><\/p>\n<p>Det \u00e4r v\u00e4l ordnat med skyltar, markeringar och rastst\u00e4llen.<\/p>\n<p><img loading=\"lazy\" decoding=\"async\" src=\"http:\/\/ydrebo.se\/kd\/veckobrev\/kronika140724\/utsikt.JPG\" width=\"312\" height=\"240\" \/>\u00a0\u00a0\u00a0\u00a0\u00a0<img loading=\"lazy\" decoding=\"async\" src=\"http:\/\/ydrebo.se\/kd\/veckobrev\/kronika140724\/vindskydd.jpg\" width=\"360\" height=\"240\" \/><\/p>\n<p><i>Foto av vindskyddet: Barbro Malm.<\/i><\/p>\n<p>Somliga rider, cyklar, simmar eller \u00e5ker skidor. Det finns ocks\u00e5 m\u00e5nga b\u00e5tar, stora och sm\u00e5.<\/p>\n<p><img loading=\"lazy\" decoding=\"async\" src=\"http:\/\/ydrebo.se\/kd\/kommunalval\/bulefestival\/bulefestival140705_4.jpg\" width=\"300\" height=\"250\" \/>\u00a0\u00a0\u00a0\u00a0\u00a0<img loading=\"lazy\" decoding=\"async\" src=\"http:\/\/ydrebo.se\/kd\/veckobrev\/kronika140724\/boxholm2.JPG\" width=\"325\" height=\"250\" \/><\/p>\n<p>F\u00f6r de sj\u00f6farande finns det hamnar, fyrar, sj\u00f6m\u00e4rken och sj\u00f6kort.<\/p>\n<p><img loading=\"lazy\" decoding=\"async\" src=\"http:\/\/ydrebo.se\/kd\/veckobrev\/kronika140724\/sagafyren.JPG\" width=\"367\" height=\"282\" \/>\u00a0\u00a0\u00a0\u00a0\u00a0<img loading=\"lazy\" decoding=\"async\" src=\"http:\/\/ydrebo.se\/kd\/veckobrev\/kronika140724\/bilfarja.JPG\" width=\"368\" height=\"282\" \/><br \/>\n<i>Foto av bilf\u00e4rjan: Barbro Malm.<\/i><\/p>\n<p>Och s\u00e5 finns h\u00e4r motorfordon av alla slag. F\u00f6r dem finns gator, v\u00e4gar, parkeringsplatser, bussh\u00e5llplatser och t.o.m. en bilf\u00e4rja p\u00e5 Sommen.<br \/>\nMen f\u00f6r somliga bland oss \u00e4r det sv\u00e5rt att ta sig fram n\u00e5gon l\u00e4ngre str\u00e4cka med n\u00e5got av dessa f\u00e4rdmedel. F\u00f6r att de \u00e4nd\u00e5 skall kunna delta i samh\u00e4llslivet finns f\u00e4rdtj\u00e4nsten. Hur \u00e4r det i Ydre? Jo, h\u00e4r finns ocks\u00e5 f\u00e4rdtj\u00e4nst, f\u00f6r det m\u00e5ste det g\u00f6ra enligt lagen.\u00a0<i>Men inte sent p\u00e5 vardagarna eller p\u00e5 vardagskv\u00e4llarna.<\/i>\u00a0Det g\u00f6r det sv\u00e5rt f\u00f6r dem som beh\u00f6ver f\u00e4rdtj\u00e4nst att vara med p\u00e5 evenemang som \u00e4ger rum n\u00e4r de flesta \u00e4r lediga. De kan inte ens delta i n\u00e5gon politisk verksamhet och g\u00f6ra sin r\u00f6st h\u00f6rd.<\/p>\n<p><img loading=\"lazy\" decoding=\"async\" src=\"http:\/\/ydrebo.se\/kd\/veckobrev\/kronika140724\/torget.JPG\" width=\"600\" height=\"450\" \/><br \/>\n<i>Hur mycket kan man delta i samh\u00e4llslivet om man beh\u00f6ver f\u00e4rdtj\u00e4nst i Ydre?<\/i><\/p>\n<p>Naturligtvis har denna brist hos Ydres f\u00e4rdtj\u00e4nst blivit p\u00e5talad. (F\u00f6r min del har jag tagit upp detta problem i det kommunala pension\u00e4rsr\u00e5det &#8211; men \u00e4n s\u00e5 l\u00e4nge utan resultat.)<br \/>\n<a href=\"http:\/\/wp.kristdemokraterna.se\/ydre\/valprogram\/\"><b>Men \u00e4ven ydrebor skall kunna leva livet hela livet!<\/b><\/a><\/p>\n<p><i>Bengt Malm, ordf.<br \/>\n24 juli 2014<\/i><\/p>\n","protected":false},"excerpt":{"rendered":"<p>Det \u00e4r semestertid och svenskarna reser som aldrig f\u00f6rr. Att f\u00e4rdas med ljusets hastighet g\u00e5r visserligen inte. Men det g\u00e5r r\u00e4tt fort \u00e4nd\u00e5 f\u00f6r dem som flyger rakt ovanf\u00f6r oss. T\u00e5gen har slutat g\u00e5 i Ydre. Vi kan vandra p\u00e5 banvallen och p\u00e5 andra leder. \u00a0\u00a0\u00a0\u00a0\u00a0 Foto av banvallen: Barbro Malm. Det \u00e4r v\u00e4l ordnat <a class=\"read-more-link\" href=\"https:\/\/wp.kristdemokraterna.se\/ydre\/2014-07-24-att-fardas-med-ljusets-hastighet-eller-fardtjansten-var-god-droj\/\">L\u00e4s mer<\/a><\/p>\n","protected":false},"author":793,"featured_media":0,"parent":0,"menu_order":0,"comment_status":"closed","ping_status":"closed","template":"","meta":{"_acf_changed":false,"footnotes":""},"class_list":["post-1228","page","type-page","status-publish","hentry"],"acf":[],"yoast_head":"<!-- This site is optimized with the Yoast SEO plugin v27.5 - https:\/\/yoast.com\/product\/yoast-seo-wordpress\/ -->\n<title>2014-07-24 Att f\u00e4rdas med ljusets hastighet eller F\u00e4rdtj\u00e4nsten - var god dr\u00f6j! - Kristdemokraterna i Ydre<\/title>\n<meta name=\"robots\" content=\"index, follow, max-snippet:-1, max-image-preview:large, max-video-preview:-1\" \/>\n<link rel=\"canonical\" href=\"https:\/\/wp.kristdemokraterna.se\/ydre\/2014-07-24-att-fardas-med-ljusets-hastighet-eller-fardtjansten-var-god-droj\/\" \/>\n<meta property=\"og:locale\" content=\"sv_SE\" \/>\n<meta property=\"og:type\" content=\"article\" \/>\n<meta property=\"og:title\" content=\"2014-07-24 Att f\u00e4rdas med ljusets hastighet eller F\u00e4rdtj\u00e4nsten - var god dr\u00f6j! - Kristdemokraterna i Ydre\" \/>\n<meta property=\"og:description\" content=\"Det \u00e4r semestertid och svenskarna reser som aldrig f\u00f6rr. Att f\u00e4rdas med ljusets hastighet g\u00e5r visserligen inte. Men det g\u00e5r r\u00e4tt fort \u00e4nd\u00e5 f\u00f6r dem som flyger rakt ovanf\u00f6r oss. T\u00e5gen har slutat g\u00e5 i Ydre. Vi kan vandra p\u00e5 banvallen och p\u00e5 andra leder. \u00a0\u00a0\u00a0\u00a0\u00a0 Foto av banvallen: Barbro Malm. Det \u00e4r v\u00e4l ordnat L\u00e4s mer\" \/>\n<meta property=\"og:url\" content=\"https:\/\/wp.kristdemokraterna.se\/ydre\/2014-07-24-att-fardas-med-ljusets-hastighet-eller-fardtjansten-var-god-droj\/\" \/>\n<meta property=\"og:site_name\" content=\"Kristdemokraterna i Ydre\" \/>\n<meta property=\"article:modified_time\" content=\"2018-07-25T16:35:47+00:00\" \/>\n<meta property=\"og:image\" content=\"http:\/\/ydrebo.se\/kd\/veckobrev\/kronika140724\/flyg.JPG\" \/>\n<meta name=\"twitter:card\" content=\"summary_large_image\" \/>\n<meta name=\"twitter:label1\" content=\"Ber\u00e4knad l\u00e4stid\" \/>\n\t<meta name=\"twitter:data1\" content=\"2 minuter\" \/>\n<script type=\"application\/ld+json\" class=\"yoast-schema-graph\">{\"@context\":\"https:\\\/\\\/schema.org\",\"@graph\":[{\"@type\":\"WebPage\",\"@id\":\"https:\\\/\\\/wp.kristdemokraterna.se\\\/ydre\\\/2014-07-24-att-fardas-med-ljusets-hastighet-eller-fardtjansten-var-god-droj\\\/\",\"url\":\"https:\\\/\\\/wp.kristdemokraterna.se\\\/ydre\\\/2014-07-24-att-fardas-med-ljusets-hastighet-eller-fardtjansten-var-god-droj\\\/\",\"name\":\"2014-07-24 Att f\u00e4rdas med ljusets hastighet eller F\u00e4rdtj\u00e4nsten - var god dr\u00f6j! - Kristdemokraterna i Ydre\",\"isPartOf\":{\"@id\":\"https:\\\/\\\/wp.kristdemokraterna.se\\\/ydre\\\/#website\"},\"primaryImageOfPage\":{\"@id\":\"https:\\\/\\\/wp.kristdemokraterna.se\\\/ydre\\\/2014-07-24-att-fardas-med-ljusets-hastighet-eller-fardtjansten-var-god-droj\\\/#primaryimage\"},\"image\":{\"@id\":\"https:\\\/\\\/wp.kristdemokraterna.se\\\/ydre\\\/2014-07-24-att-fardas-med-ljusets-hastighet-eller-fardtjansten-var-god-droj\\\/#primaryimage\"},\"thumbnailUrl\":\"http:\\\/\\\/ydrebo.se\\\/kd\\\/veckobrev\\\/kronika140724\\\/flyg.JPG\",\"datePublished\":\"2018-07-25T16:30:22+00:00\",\"dateModified\":\"2018-07-25T16:35:47+00:00\",\"breadcrumb\":{\"@id\":\"https:\\\/\\\/wp.kristdemokraterna.se\\\/ydre\\\/2014-07-24-att-fardas-med-ljusets-hastighet-eller-fardtjansten-var-god-droj\\\/#breadcrumb\"},\"inLanguage\":\"sv-SE\",\"potentialAction\":[{\"@type\":\"ReadAction\",\"target\":[\"https:\\\/\\\/wp.kristdemokraterna.se\\\/ydre\\\/2014-07-24-att-fardas-med-ljusets-hastighet-eller-fardtjansten-var-god-droj\\\/\"]}]},{\"@type\":\"ImageObject\",\"inLanguage\":\"sv-SE\",\"@id\":\"https:\\\/\\\/wp.kristdemokraterna.se\\\/ydre\\\/2014-07-24-att-fardas-med-ljusets-hastighet-eller-fardtjansten-var-god-droj\\\/#primaryimage\",\"url\":\"http:\\\/\\\/ydrebo.se\\\/kd\\\/veckobrev\\\/kronika140724\\\/flyg.JPG\",\"contentUrl\":\"http:\\\/\\\/ydrebo.se\\\/kd\\\/veckobrev\\\/kronika140724\\\/flyg.JPG\"},{\"@type\":\"BreadcrumbList\",\"@id\":\"https:\\\/\\\/wp.kristdemokraterna.se\\\/ydre\\\/2014-07-24-att-fardas-med-ljusets-hastighet-eller-fardtjansten-var-god-droj\\\/#breadcrumb\",\"itemListElement\":[{\"@type\":\"ListItem\",\"position\":1,\"name\":\"Hem\",\"item\":\"https:\\\/\\\/wp.kristdemokraterna.se\\\/ydre\\\/\"},{\"@type\":\"ListItem\",\"position\":2,\"name\":\"2014-07-24 Att f\u00e4rdas med ljusets hastighet eller F\u00e4rdtj\u00e4nsten &#8211; var god dr\u00f6j!\"}]},{\"@type\":\"WebSite\",\"@id\":\"https:\\\/\\\/wp.kristdemokraterna.se\\\/ydre\\\/#website\",\"url\":\"https:\\\/\\\/wp.kristdemokraterna.se\\\/ydre\\\/\",\"name\":\"Kristdemokraterna i Ydre\",\"description\":\"En till Kristdemokraterna webbplats\",\"inLanguage\":\"sv-SE\"}]}<\/script>\n<!-- \/ Yoast SEO plugin. -->","yoast_head_json":{"title":"2014-07-24 Att f\u00e4rdas med ljusets hastighet eller F\u00e4rdtj\u00e4nsten - var god dr\u00f6j! - Kristdemokraterna i Ydre","robots":{"index":"index","follow":"follow","max-snippet":"max-snippet:-1","max-image-preview":"max-image-preview:large","max-video-preview":"max-video-preview:-1"},"canonical":"https:\/\/wp.kristdemokraterna.se\/ydre\/2014-07-24-att-fardas-med-ljusets-hastighet-eller-fardtjansten-var-god-droj\/","og_locale":"sv_SE","og_type":"article","og_title":"2014-07-24 Att f\u00e4rdas med ljusets hastighet eller F\u00e4rdtj\u00e4nsten - var god dr\u00f6j! - Kristdemokraterna i Ydre","og_description":"Det \u00e4r semestertid och svenskarna reser som aldrig f\u00f6rr. Att f\u00e4rdas med ljusets hastighet g\u00e5r visserligen inte. Men det g\u00e5r r\u00e4tt fort \u00e4nd\u00e5 f\u00f6r dem som flyger rakt ovanf\u00f6r oss. T\u00e5gen har slutat g\u00e5 i Ydre. Vi kan vandra p\u00e5 banvallen och p\u00e5 andra leder. \u00a0\u00a0\u00a0\u00a0\u00a0 Foto av banvallen: Barbro Malm. Det \u00e4r v\u00e4l ordnat L\u00e4s mer","og_url":"https:\/\/wp.kristdemokraterna.se\/ydre\/2014-07-24-att-fardas-med-ljusets-hastighet-eller-fardtjansten-var-god-droj\/","og_site_name":"Kristdemokraterna i Ydre","article_modified_time":"2018-07-25T16:35:47+00:00","og_image":[{"url":"http:\/\/ydrebo.se\/kd\/veckobrev\/kronika140724\/flyg.JPG","type":"","width":"","height":""}],"twitter_card":"summary_large_image","twitter_misc":{"Ber\u00e4knad l\u00e4stid":"2 minuter"},"schema":{"@context":"https:\/\/schema.org","@graph":[{"@type":"WebPage","@id":"https:\/\/wp.kristdemokraterna.se\/ydre\/2014-07-24-att-fardas-med-ljusets-hastighet-eller-fardtjansten-var-god-droj\/","url":"https:\/\/wp.kristdemokraterna.se\/ydre\/2014-07-24-att-fardas-med-ljusets-hastighet-eller-fardtjansten-var-god-droj\/","name":"2014-07-24 Att f\u00e4rdas med ljusets hastighet eller F\u00e4rdtj\u00e4nsten - var god dr\u00f6j! - Kristdemokraterna i Ydre","isPartOf":{"@id":"https:\/\/wp.kristdemokraterna.se\/ydre\/#website"},"primaryImageOfPage":{"@id":"https:\/\/wp.kristdemokraterna.se\/ydre\/2014-07-24-att-fardas-med-ljusets-hastighet-eller-fardtjansten-var-god-droj\/#primaryimage"},"image":{"@id":"https:\/\/wp.kristdemokraterna.se\/ydre\/2014-07-24-att-fardas-med-ljusets-hastighet-eller-fardtjansten-var-god-droj\/#primaryimage"},"thumbnailUrl":"http:\/\/ydrebo.se\/kd\/veckobrev\/kronika140724\/flyg.JPG","datePublished":"2018-07-25T16:30:22+00:00","dateModified":"2018-07-25T16:35:47+00:00","breadcrumb":{"@id":"https:\/\/wp.kristdemokraterna.se\/ydre\/2014-07-24-att-fardas-med-ljusets-hastighet-eller-fardtjansten-var-god-droj\/#breadcrumb"},"inLanguage":"sv-SE","potentialAction":[{"@type":"ReadAction","target":["https:\/\/wp.kristdemokraterna.se\/ydre\/2014-07-24-att-fardas-med-ljusets-hastighet-eller-fardtjansten-var-god-droj\/"]}]},{"@type":"ImageObject","inLanguage":"sv-SE","@id":"https:\/\/wp.kristdemokraterna.se\/ydre\/2014-07-24-att-fardas-med-ljusets-hastighet-eller-fardtjansten-var-god-droj\/#primaryimage","url":"http:\/\/ydrebo.se\/kd\/veckobrev\/kronika140724\/flyg.JPG","contentUrl":"http:\/\/ydrebo.se\/kd\/veckobrev\/kronika140724\/flyg.JPG"},{"@type":"BreadcrumbList","@id":"https:\/\/wp.kristdemokraterna.se\/ydre\/2014-07-24-att-fardas-med-ljusets-hastighet-eller-fardtjansten-var-god-droj\/#breadcrumb","itemListElement":[{"@type":"ListItem","position":1,"name":"Hem","item":"https:\/\/wp.kristdemokraterna.se\/ydre\/"},{"@type":"ListItem","position":2,"name":"2014-07-24 Att f\u00e4rdas med ljusets hastighet eller F\u00e4rdtj\u00e4nsten &#8211; var god dr\u00f6j!"}]},{"@type":"WebSite","@id":"https:\/\/wp.kristdemokraterna.se\/ydre\/#website","url":"https:\/\/wp.kristdemokraterna.se\/ydre\/","name":"Kristdemokraterna i Ydre","description":"En till Kristdemokraterna webbplats","inLanguage":"sv-SE"}]}},"_links":{"self":[{"href":"https:\/\/wp.kristdemokraterna.se\/ydre\/wp-json\/wp\/v2\/pages\/1228","targetHints":{"allow":["GET"]}}],"collection":[{"href":"https:\/\/wp.kristdemokraterna.se\/ydre\/wp-json\/wp\/v2\/pages"}],"about":[{"href":"https:\/\/wp.kristdemokraterna.se\/ydre\/wp-json\/wp\/v2\/types\/page"}],"author":[{"embeddable":true,"href":"https:\/\/wp.kristdemokraterna.se\/ydre\/wp-json\/wp\/v2\/users\/793"}],"replies":[{"embeddable":true,"href":"https:\/\/wp.kristdemokraterna.se\/ydre\/wp-json\/wp\/v2\/comments?post=1228"}],"version-history":[{"count":6,"href":"https:\/\/wp.kristdemokraterna.se\/ydre\/wp-json\/wp\/v2\/pages\/1228\/revisions"}],"predecessor-version":[{"id":1236,"href":"https:\/\/wp.kristdemokraterna.se\/ydre\/wp-json\/wp\/v2\/pages\/1228\/revisions\/1236"}],"wp:attachment":[{"href":"https:\/\/wp.kristdemokraterna.se\/ydre\/wp-json\/wp\/v2\/media?parent=1228"}],"curies":[{"name":"wp","href":"https:\/\/api.w.org\/{rel}","templated":true}]}}