{"id":1258,"date":"2018-07-25T21:15:32","date_gmt":"2018-07-25T19:15:32","guid":{"rendered":"http:\/\/wp.kristdemokraterna.se\/ydre\/?page_id=1258"},"modified":"2018-07-25T21:17:24","modified_gmt":"2018-07-25T19:17:24","slug":"2014-09-01-vart-enda-ydre","status":"publish","type":"page","link":"https:\/\/wp.kristdemokraterna.se\/ydre\/2014-09-01-vart-enda-ydre\/","title":{"rendered":"2014-09-01 V\u00e5rt enda Ydre"},"content":{"rendered":"<p>Jag stod p\u00e5 Svinhultsbron i \u00d6sterbymo och s\u00e5g ner p\u00e5 vattnet. Det hade regnat mycket. Den beskedliga b\u00e4ck som b\u00e4r det stolta namnet Bulsj\u00f6\u00e5n hade f\u00f6rvandlats till en rasande \u00e4lv som kastade sig mot brons fundament. Vi m\u00e4nniskor hade bara l\u00e4mnat kvar en smal passage f\u00f6r vattnet, i vanliga fall fullt tillr\u00e4cklig. Men nu var det sv\u00e5rt f\u00f6r vattenmassorna att tr\u00e4nga sig igenom. Vattenniv\u00e5n hade stigit s\u00e5 att v\u00e4gen var \u00f6versv\u00e4mmad en bit fr\u00e5n bron. Och vid sj\u00f6ns andra \u00e4nde stod \u00d6sterfors smedja under vatten.<\/p>\n<p><img loading=\"lazy\" decoding=\"async\" src=\"http:\/\/ydrebo.se\/kd\/veckobrev\/smedja.JPG\" width=\"600\" height=\"450\" \/><br \/>\n<i>V\u00e5rt fel. (Foto: Barbro Malm)<\/i><\/p>\n<p><span style=\"font-size: large\">Det d\u00e4r var f\u00f6r flera \u00e5r sedan. Den h\u00e4r sommaren har vi inte beh\u00f6vt st\u00e5 vid Svinhultsbron och oroa oss. I st\u00e4llet har vi kunnat g\u00e5 till v\u00e5ra utsiktsplatser och sett milsvitt ut \u00f6ver v\u00e5ra skogar, berg och sj\u00f6ar. Luften har varit klar. Och det skall den v\u00e4l vara?<br \/>\nDet finns andra st\u00e4llen p\u00e5 jorden d\u00e4r sikten bara \u00e4r n\u00e5gon eller n\u00e5gra kilometer. Fossila br\u00e4nslen skapar enorma luftf\u00f6roreningar. Jag kan f\u00f6rs\u00e4kra att det \u00e4r obehagligt att andas d\u00e4r.<br \/>\nEld kan \u00e5stadkomma mer. I sommar har r\u00e4ddningstj\u00e4nsten larmats f\u00f6r skogsbrand. Men den kunde inte komma \u00e4nda fram. Maktl\u00f6s stod r\u00e4ddningsstyrkan p\u00e5 Sommens strand och s\u00e5g r\u00f6k stiga upp fr\u00e5n en av de otaliga \u00f6arna (lyckligtvis gick det att l\u00e5na en eller flera b\u00e5tar). Troligen var elden orsakad av m\u00e4nniskor.<br \/>\nSannolikt var det ocks\u00e5 m\u00e4nniskors fel att det blev en s\u00e5 stor skogsbrand i V\u00e4stmanland nyligen. Det var naturligtvis oavsiktligt. Men p\u00e5 en del h\u00e5ll i v\u00e4rlden anl\u00e4ggs skogsbr\u00e4nder, stora br\u00e4nder, avsiktligt.<br \/>\nN\u00e5gonting h\u00e4nder med v\u00e5r jord. Vi har bara en jord. Och p\u00e5 denna enda jord finns v\u00e5rt enda Ydre som vi m\u00e5ste vara r\u00e4dda om.<\/span><\/p>\n<p><img loading=\"lazy\" decoding=\"async\" src=\"http:\/\/ydrebo.se\/kd\/veckobrev\/Norra_Vi.JPG\" width=\"600\" height=\"450\" \/><br \/>\n<i>Norra Vi<\/i><\/p>\n<p><i>Bengt Malm, ordf.<br \/>\n1 september 2014<\/i><\/p>\n","protected":false},"excerpt":{"rendered":"<p>Jag stod p\u00e5 Svinhultsbron i \u00d6sterbymo och s\u00e5g ner p\u00e5 vattnet. Det hade regnat mycket. Den beskedliga b\u00e4ck som b\u00e4r det stolta namnet Bulsj\u00f6\u00e5n hade f\u00f6rvandlats till en rasande \u00e4lv som kastade sig mot brons fundament. Vi m\u00e4nniskor hade bara l\u00e4mnat kvar en smal passage f\u00f6r vattnet, i vanliga fall fullt tillr\u00e4cklig. Men nu var <a class=\"read-more-link\" href=\"https:\/\/wp.kristdemokraterna.se\/ydre\/2014-09-01-vart-enda-ydre\/\">L\u00e4s mer<\/a><\/p>\n","protected":false},"author":793,"featured_media":0,"parent":0,"menu_order":0,"comment_status":"closed","ping_status":"closed","template":"","meta":{"_acf_changed":false,"footnotes":""},"class_list":["post-1258","page","type-page","status-publish","hentry"],"acf":[],"yoast_head":"<!-- This site is optimized with the Yoast SEO plugin v27.5 - https:\/\/yoast.com\/product\/yoast-seo-wordpress\/ -->\n<title>2014-09-01 V\u00e5rt enda Ydre - Kristdemokraterna i Ydre<\/title>\n<meta name=\"robots\" content=\"index, follow, max-snippet:-1, max-image-preview:large, max-video-preview:-1\" \/>\n<link rel=\"canonical\" href=\"https:\/\/wp.kristdemokraterna.se\/ydre\/2014-09-01-vart-enda-ydre\/\" \/>\n<meta property=\"og:locale\" content=\"sv_SE\" \/>\n<meta property=\"og:type\" content=\"article\" \/>\n<meta property=\"og:title\" content=\"2014-09-01 V\u00e5rt enda Ydre - Kristdemokraterna i Ydre\" \/>\n<meta property=\"og:description\" content=\"Jag stod p\u00e5 Svinhultsbron i \u00d6sterbymo och s\u00e5g ner p\u00e5 vattnet. Det hade regnat mycket. Den beskedliga b\u00e4ck som b\u00e4r det stolta namnet Bulsj\u00f6\u00e5n hade f\u00f6rvandlats till en rasande \u00e4lv som kastade sig mot brons fundament. Vi m\u00e4nniskor hade bara l\u00e4mnat kvar en smal passage f\u00f6r vattnet, i vanliga fall fullt tillr\u00e4cklig. Men nu var L\u00e4s mer\" \/>\n<meta property=\"og:url\" content=\"https:\/\/wp.kristdemokraterna.se\/ydre\/2014-09-01-vart-enda-ydre\/\" \/>\n<meta property=\"og:site_name\" content=\"Kristdemokraterna i Ydre\" \/>\n<meta property=\"article:modified_time\" content=\"2018-07-25T19:17:24+00:00\" \/>\n<meta property=\"og:image\" content=\"http:\/\/ydrebo.se\/kd\/veckobrev\/smedja.JPG\" \/>\n<meta name=\"twitter:card\" content=\"summary_large_image\" \/>\n<meta name=\"twitter:label1\" content=\"Ber\u00e4knad l\u00e4stid\" \/>\n\t<meta name=\"twitter:data1\" content=\"2 minuter\" \/>\n<script type=\"application\/ld+json\" class=\"yoast-schema-graph\">{\"@context\":\"https:\\\/\\\/schema.org\",\"@graph\":[{\"@type\":\"WebPage\",\"@id\":\"https:\\\/\\\/wp.kristdemokraterna.se\\\/ydre\\\/2014-09-01-vart-enda-ydre\\\/\",\"url\":\"https:\\\/\\\/wp.kristdemokraterna.se\\\/ydre\\\/2014-09-01-vart-enda-ydre\\\/\",\"name\":\"2014-09-01 V\u00e5rt enda Ydre - Kristdemokraterna i Ydre\",\"isPartOf\":{\"@id\":\"https:\\\/\\\/wp.kristdemokraterna.se\\\/ydre\\\/#website\"},\"primaryImageOfPage\":{\"@id\":\"https:\\\/\\\/wp.kristdemokraterna.se\\\/ydre\\\/2014-09-01-vart-enda-ydre\\\/#primaryimage\"},\"image\":{\"@id\":\"https:\\\/\\\/wp.kristdemokraterna.se\\\/ydre\\\/2014-09-01-vart-enda-ydre\\\/#primaryimage\"},\"thumbnailUrl\":\"http:\\\/\\\/ydrebo.se\\\/kd\\\/veckobrev\\\/smedja.JPG\",\"datePublished\":\"2018-07-25T19:15:32+00:00\",\"dateModified\":\"2018-07-25T19:17:24+00:00\",\"breadcrumb\":{\"@id\":\"https:\\\/\\\/wp.kristdemokraterna.se\\\/ydre\\\/2014-09-01-vart-enda-ydre\\\/#breadcrumb\"},\"inLanguage\":\"sv-SE\",\"potentialAction\":[{\"@type\":\"ReadAction\",\"target\":[\"https:\\\/\\\/wp.kristdemokraterna.se\\\/ydre\\\/2014-09-01-vart-enda-ydre\\\/\"]}]},{\"@type\":\"ImageObject\",\"inLanguage\":\"sv-SE\",\"@id\":\"https:\\\/\\\/wp.kristdemokraterna.se\\\/ydre\\\/2014-09-01-vart-enda-ydre\\\/#primaryimage\",\"url\":\"http:\\\/\\\/ydrebo.se\\\/kd\\\/veckobrev\\\/smedja.JPG\",\"contentUrl\":\"http:\\\/\\\/ydrebo.se\\\/kd\\\/veckobrev\\\/smedja.JPG\"},{\"@type\":\"BreadcrumbList\",\"@id\":\"https:\\\/\\\/wp.kristdemokraterna.se\\\/ydre\\\/2014-09-01-vart-enda-ydre\\\/#breadcrumb\",\"itemListElement\":[{\"@type\":\"ListItem\",\"position\":1,\"name\":\"Hem\",\"item\":\"https:\\\/\\\/wp.kristdemokraterna.se\\\/ydre\\\/\"},{\"@type\":\"ListItem\",\"position\":2,\"name\":\"2014-09-01 V\u00e5rt enda Ydre\"}]},{\"@type\":\"WebSite\",\"@id\":\"https:\\\/\\\/wp.kristdemokraterna.se\\\/ydre\\\/#website\",\"url\":\"https:\\\/\\\/wp.kristdemokraterna.se\\\/ydre\\\/\",\"name\":\"Kristdemokraterna i Ydre\",\"description\":\"En till Kristdemokraterna webbplats\",\"inLanguage\":\"sv-SE\"}]}<\/script>\n<!-- \/ Yoast SEO plugin. -->","yoast_head_json":{"title":"2014-09-01 V\u00e5rt enda Ydre - Kristdemokraterna i Ydre","robots":{"index":"index","follow":"follow","max-snippet":"max-snippet:-1","max-image-preview":"max-image-preview:large","max-video-preview":"max-video-preview:-1"},"canonical":"https:\/\/wp.kristdemokraterna.se\/ydre\/2014-09-01-vart-enda-ydre\/","og_locale":"sv_SE","og_type":"article","og_title":"2014-09-01 V\u00e5rt enda Ydre - Kristdemokraterna i Ydre","og_description":"Jag stod p\u00e5 Svinhultsbron i \u00d6sterbymo och s\u00e5g ner p\u00e5 vattnet. Det hade regnat mycket. Den beskedliga b\u00e4ck som b\u00e4r det stolta namnet Bulsj\u00f6\u00e5n hade f\u00f6rvandlats till en rasande \u00e4lv som kastade sig mot brons fundament. Vi m\u00e4nniskor hade bara l\u00e4mnat kvar en smal passage f\u00f6r vattnet, i vanliga fall fullt tillr\u00e4cklig. Men nu var L\u00e4s mer","og_url":"https:\/\/wp.kristdemokraterna.se\/ydre\/2014-09-01-vart-enda-ydre\/","og_site_name":"Kristdemokraterna i Ydre","article_modified_time":"2018-07-25T19:17:24+00:00","og_image":[{"url":"http:\/\/ydrebo.se\/kd\/veckobrev\/smedja.JPG","type":"","width":"","height":""}],"twitter_card":"summary_large_image","twitter_misc":{"Ber\u00e4knad l\u00e4stid":"2 minuter"},"schema":{"@context":"https:\/\/schema.org","@graph":[{"@type":"WebPage","@id":"https:\/\/wp.kristdemokraterna.se\/ydre\/2014-09-01-vart-enda-ydre\/","url":"https:\/\/wp.kristdemokraterna.se\/ydre\/2014-09-01-vart-enda-ydre\/","name":"2014-09-01 V\u00e5rt enda Ydre - Kristdemokraterna i Ydre","isPartOf":{"@id":"https:\/\/wp.kristdemokraterna.se\/ydre\/#website"},"primaryImageOfPage":{"@id":"https:\/\/wp.kristdemokraterna.se\/ydre\/2014-09-01-vart-enda-ydre\/#primaryimage"},"image":{"@id":"https:\/\/wp.kristdemokraterna.se\/ydre\/2014-09-01-vart-enda-ydre\/#primaryimage"},"thumbnailUrl":"http:\/\/ydrebo.se\/kd\/veckobrev\/smedja.JPG","datePublished":"2018-07-25T19:15:32+00:00","dateModified":"2018-07-25T19:17:24+00:00","breadcrumb":{"@id":"https:\/\/wp.kristdemokraterna.se\/ydre\/2014-09-01-vart-enda-ydre\/#breadcrumb"},"inLanguage":"sv-SE","potentialAction":[{"@type":"ReadAction","target":["https:\/\/wp.kristdemokraterna.se\/ydre\/2014-09-01-vart-enda-ydre\/"]}]},{"@type":"ImageObject","inLanguage":"sv-SE","@id":"https:\/\/wp.kristdemokraterna.se\/ydre\/2014-09-01-vart-enda-ydre\/#primaryimage","url":"http:\/\/ydrebo.se\/kd\/veckobrev\/smedja.JPG","contentUrl":"http:\/\/ydrebo.se\/kd\/veckobrev\/smedja.JPG"},{"@type":"BreadcrumbList","@id":"https:\/\/wp.kristdemokraterna.se\/ydre\/2014-09-01-vart-enda-ydre\/#breadcrumb","itemListElement":[{"@type":"ListItem","position":1,"name":"Hem","item":"https:\/\/wp.kristdemokraterna.se\/ydre\/"},{"@type":"ListItem","position":2,"name":"2014-09-01 V\u00e5rt enda Ydre"}]},{"@type":"WebSite","@id":"https:\/\/wp.kristdemokraterna.se\/ydre\/#website","url":"https:\/\/wp.kristdemokraterna.se\/ydre\/","name":"Kristdemokraterna i Ydre","description":"En till Kristdemokraterna webbplats","inLanguage":"sv-SE"}]}},"_links":{"self":[{"href":"https:\/\/wp.kristdemokraterna.se\/ydre\/wp-json\/wp\/v2\/pages\/1258","targetHints":{"allow":["GET"]}}],"collection":[{"href":"https:\/\/wp.kristdemokraterna.se\/ydre\/wp-json\/wp\/v2\/pages"}],"about":[{"href":"https:\/\/wp.kristdemokraterna.se\/ydre\/wp-json\/wp\/v2\/types\/page"}],"author":[{"embeddable":true,"href":"https:\/\/wp.kristdemokraterna.se\/ydre\/wp-json\/wp\/v2\/users\/793"}],"replies":[{"embeddable":true,"href":"https:\/\/wp.kristdemokraterna.se\/ydre\/wp-json\/wp\/v2\/comments?post=1258"}],"version-history":[{"count":4,"href":"https:\/\/wp.kristdemokraterna.se\/ydre\/wp-json\/wp\/v2\/pages\/1258\/revisions"}],"predecessor-version":[{"id":1262,"href":"https:\/\/wp.kristdemokraterna.se\/ydre\/wp-json\/wp\/v2\/pages\/1258\/revisions\/1262"}],"wp:attachment":[{"href":"https:\/\/wp.kristdemokraterna.se\/ydre\/wp-json\/wp\/v2\/media?parent=1258"}],"curies":[{"name":"wp","href":"https:\/\/api.w.org\/{rel}","templated":true}]}}