{"id":1272,"date":"2018-07-25T21:25:06","date_gmt":"2018-07-25T19:25:06","guid":{"rendered":"http:\/\/wp.kristdemokraterna.se\/ydre\/?page_id=1272"},"modified":"2018-07-25T21:30:01","modified_gmt":"2018-07-25T19:30:01","slug":"2014-09-30-om-pappa-ville-ge-ja-en-femoring","status":"publish","type":"page","link":"https:\/\/wp.kristdemokraterna.se\/ydre\/2014-09-30-om-pappa-ville-ge-ja-en-femoring\/","title":{"rendered":"2014-09-30 Om pappa ville ge ja en fem\u00f6ring"},"content":{"rendered":"<p>Ydre \u00e4r alldeles f\u00f6r ok\u00e4nt. Visserligen har befolkningen \u00f6kat i \u00e5r. Men \u00e4nd\u00e5 \u00e4r det alldeles f\u00f6r f\u00e5 som k\u00e4nner till v\u00e5r bygd. Vad skall vi g\u00f6ra f\u00f6r att Ydre skall bli uppm\u00e4rksammat som en plats att bes\u00f6ka och bo p\u00e5?<br \/>\nDet \u00e4r or\u00e4ttvist att andra st\u00e4llen blir omskrivna. Just nu \u00f6versv\u00e4mmas v\u00e4rlden av bilder fr\u00e5n berget Ontake i Japan. T\u00e4nk vilka\u00a0<a href=\"http:\/\/www.wired.com\/wp-content\/uploads\/2014\/09\/01.jpg\" target=\"_blank&quot;\"><b>vandringsleder<\/b><\/a>! Och s\u00e5 mycket folk som kommit f\u00f6r att se p\u00e5 den fantastiska\u00a0<a href=\"http:\/\/img.over-blog-kiwi.com\/0\/93\/55\/25\/20140927\/ob_17dd29_2014-09-27-ontake.jpg\" target=\"_blank\" rel=\"noopener\"><b>utsikten<\/b><\/a>!<br \/>\nVad har vi att konkurrera med? Att Sommen sakta \u00e4ter upp en bit av en vandringsled i Norra Vi? Nej, det g\u00e5r alldeles f\u00f6r l\u00e5ngsamt. Att vi har ett flera meter h\u00f6gt berg bakom Ydreskolan d\u00e4r barn kan skada sig om de hoppar ner (det \u00e4r numera f\u00f6rbjudet)? Att blixten slog ner i Lilla Lodhults ladug\u00e5rd och d\u00f6dade en kalv mitt f\u00f6r \u00f6gonen p\u00e5 bonden?<\/p>\n<p><img loading=\"lazy\" decoding=\"async\" src=\"http:\/\/ydrebo.se\/kd\/veckobrev\/skogsstig.jpg\" width=\"400\" height=\"297\" \/><br \/>\n<i>H\u00e4r finns ingen dramatik, ingen farofylld sp\u00e4nning<\/i><\/p>\n<p>Nej, somliga av oss vet av erfarenhet att inte mycket g\u00e5r upp mot det \u00e5sklika d\u00e5net d\u00e5\u00a0ett berg \u00f6ppnar sig\u00a0och delar av jordens innand\u00f6me str\u00f6s ut \u00f6ver omgivningen.<br \/>\nVi m\u00e5ste g\u00f6ra n\u00e5got annat f\u00f6r att f\u00f6rb\u00e4ttra v\u00e5r situation. &#8221;Vi m\u00e5ste investera oss ur krisen&#8221;, \u00e4r det nya ledordet. Och d\u00e5 m\u00e5ste vi spara p\u00e5 verksamheten. S\u00e5 har det varit i flera \u00e5r. N\u00e4r verksamheterna har f\u00f6rs\u00f6kt spara ett \u00e5r har de n\u00e4sta \u00e5r beordrats spara \u00e4nnu mer och \u00e5ret d\u00e4rp\u00e5 \u00e4nnu mycket mer. Om det inte blir bra \u00e4r det verksamhetschefernas fel. Det s\u00e4ger en av kommunalvalets vinnare. S\u00e5 d\u00e5 m\u00e5ste det ju vara sant. Men nu skall vi allts\u00e5 investera.<br \/>\nHur var det med den lilla flickan i Felix K\u00f6rlings visa?<\/p>\n<p><i>Om pappa ville ge ja en fem\u00f6ring, vet mamma,<br \/>\nd\u00e5 skulle ja bli s\u00e5 glad, s\u00e5 glad,<br \/>\nd\u00e5 skulle ja k\u00f6pa s\u00e5 mycke\u00b4 med detsamma,<br \/>\noch ja skulle k\u00f6pa allt vad ja vill ha.<\/i><\/p>\n<p>Och det var inte litet p\u00e5 \u00f6nskelista. Hon ville k\u00f6pa en fin docka med kl\u00e4der, en muff &#8221;som Stina&#8221;, gr\u00e4ddkarameller, hatt och kappa \u00e5t mamma.<br \/>\nI Ydre har vi annat p\u00e5 \u00f6nskelistan:<\/p>\n<ul>\n<li>Ett nytt fint hotell<\/li>\n<li>Ett ordentligt kulturhus (det finns t.ex. ett i\u00a0<a href=\"http:\/\/www.byggfaktadocu.se\/10\/architectobject\/00\/10\/60\/Kongress_Ruukki_th.png\" target=\"_blank\" rel=\"noopener\"><b>Uppsala<\/b><\/a>)<\/li>\n<li>En simhall<\/li>\n<li>En sporthall<\/li>\n<li>En ny skola i Hestra<\/li>\n<li>En ny l\u00e5gstadieskola i \u00d6sterbymo<\/li>\n<li>Ytterligare ett hus f\u00f6r f\u00f6rskolan i \u00d6sterbymo<\/li>\n<li>Ett nytt industriomr\u00e5de<\/li>\n<li>Ett nytt grustag<\/li>\n<li>En ny \u00e5tervinningsstation<\/li>\n<li>En ny utfart till Eksj\u00f6v\u00e4gen fr\u00e5n \u00d6sterbymo<\/li>\n<li>En gata ovanp\u00e5 fornminnena i parken i \u00d6sterbymo<\/li>\n<li>Ett nytt villaomr\u00e5de i Torpa kyrkby<\/li>\n<li>En campingplats<\/li>\n<li>Ett stort fint f\u00f6rr\u00e5dshus<\/li>\n<\/ul>\n<p>Den godhj\u00e4rtade flickan i K\u00f6rlings visa sparade det b\u00e4sta till sist:<\/p>\n<p><i>Och sen skulle ja visa alltihop f\u00f6r pappa<br \/>\noch ge pappa pengarna som sen va\u00b4 kvar.<\/i><\/p>\n<p><i><\/i><i>Bengt Malm, ordf.<br \/>\n30 september 2014<\/i><\/p>\n","protected":false},"excerpt":{"rendered":"<p>Ydre \u00e4r alldeles f\u00f6r ok\u00e4nt. Visserligen har befolkningen \u00f6kat i \u00e5r. Men \u00e4nd\u00e5 \u00e4r det alldeles f\u00f6r f\u00e5 som k\u00e4nner till v\u00e5r bygd. Vad skall vi g\u00f6ra f\u00f6r att Ydre skall bli uppm\u00e4rksammat som en plats att bes\u00f6ka och bo p\u00e5? Det \u00e4r or\u00e4ttvist att andra st\u00e4llen blir omskrivna. Just nu \u00f6versv\u00e4mmas v\u00e4rlden av bilder <a class=\"read-more-link\" href=\"https:\/\/wp.kristdemokraterna.se\/ydre\/2014-09-30-om-pappa-ville-ge-ja-en-femoring\/\">L\u00e4s mer<\/a><\/p>\n","protected":false},"author":793,"featured_media":0,"parent":0,"menu_order":0,"comment_status":"closed","ping_status":"closed","template":"","meta":{"_acf_changed":false,"footnotes":""},"class_list":["post-1272","page","type-page","status-publish","hentry"],"acf":[],"yoast_head":"<!-- This site is optimized with the Yoast SEO plugin v27.5 - https:\/\/yoast.com\/product\/yoast-seo-wordpress\/ -->\n<title>2014-09-30 Om pappa ville ge ja en fem\u00f6ring - Kristdemokraterna i Ydre<\/title>\n<meta name=\"robots\" content=\"index, follow, max-snippet:-1, max-image-preview:large, max-video-preview:-1\" \/>\n<link rel=\"canonical\" href=\"https:\/\/wp.kristdemokraterna.se\/ydre\/2014-09-30-om-pappa-ville-ge-ja-en-femoring\/\" \/>\n<meta property=\"og:locale\" content=\"sv_SE\" \/>\n<meta property=\"og:type\" content=\"article\" \/>\n<meta property=\"og:title\" content=\"2014-09-30 Om pappa ville ge ja en fem\u00f6ring - Kristdemokraterna i Ydre\" \/>\n<meta property=\"og:description\" content=\"Ydre \u00e4r alldeles f\u00f6r ok\u00e4nt. Visserligen har befolkningen \u00f6kat i \u00e5r. Men \u00e4nd\u00e5 \u00e4r det alldeles f\u00f6r f\u00e5 som k\u00e4nner till v\u00e5r bygd. Vad skall vi g\u00f6ra f\u00f6r att Ydre skall bli uppm\u00e4rksammat som en plats att bes\u00f6ka och bo p\u00e5? Det \u00e4r or\u00e4ttvist att andra st\u00e4llen blir omskrivna. Just nu \u00f6versv\u00e4mmas v\u00e4rlden av bilder L\u00e4s mer\" \/>\n<meta property=\"og:url\" content=\"https:\/\/wp.kristdemokraterna.se\/ydre\/2014-09-30-om-pappa-ville-ge-ja-en-femoring\/\" \/>\n<meta property=\"og:site_name\" content=\"Kristdemokraterna i Ydre\" \/>\n<meta property=\"article:modified_time\" content=\"2018-07-25T19:30:01+00:00\" \/>\n<meta property=\"og:image\" content=\"http:\/\/ydrebo.se\/kd\/veckobrev\/skogsstig.jpg\" \/>\n<meta name=\"twitter:card\" content=\"summary_large_image\" \/>\n<meta name=\"twitter:label1\" content=\"Ber\u00e4knad l\u00e4stid\" \/>\n\t<meta name=\"twitter:data1\" content=\"3 minuter\" \/>\n<script type=\"application\/ld+json\" class=\"yoast-schema-graph\">{\"@context\":\"https:\\\/\\\/schema.org\",\"@graph\":[{\"@type\":\"WebPage\",\"@id\":\"https:\\\/\\\/wp.kristdemokraterna.se\\\/ydre\\\/2014-09-30-om-pappa-ville-ge-ja-en-femoring\\\/\",\"url\":\"https:\\\/\\\/wp.kristdemokraterna.se\\\/ydre\\\/2014-09-30-om-pappa-ville-ge-ja-en-femoring\\\/\",\"name\":\"2014-09-30 Om pappa ville ge ja en fem\u00f6ring - Kristdemokraterna i Ydre\",\"isPartOf\":{\"@id\":\"https:\\\/\\\/wp.kristdemokraterna.se\\\/ydre\\\/#website\"},\"primaryImageOfPage\":{\"@id\":\"https:\\\/\\\/wp.kristdemokraterna.se\\\/ydre\\\/2014-09-30-om-pappa-ville-ge-ja-en-femoring\\\/#primaryimage\"},\"image\":{\"@id\":\"https:\\\/\\\/wp.kristdemokraterna.se\\\/ydre\\\/2014-09-30-om-pappa-ville-ge-ja-en-femoring\\\/#primaryimage\"},\"thumbnailUrl\":\"http:\\\/\\\/ydrebo.se\\\/kd\\\/veckobrev\\\/skogsstig.jpg\",\"datePublished\":\"2018-07-25T19:25:06+00:00\",\"dateModified\":\"2018-07-25T19:30:01+00:00\",\"breadcrumb\":{\"@id\":\"https:\\\/\\\/wp.kristdemokraterna.se\\\/ydre\\\/2014-09-30-om-pappa-ville-ge-ja-en-femoring\\\/#breadcrumb\"},\"inLanguage\":\"sv-SE\",\"potentialAction\":[{\"@type\":\"ReadAction\",\"target\":[\"https:\\\/\\\/wp.kristdemokraterna.se\\\/ydre\\\/2014-09-30-om-pappa-ville-ge-ja-en-femoring\\\/\"]}]},{\"@type\":\"ImageObject\",\"inLanguage\":\"sv-SE\",\"@id\":\"https:\\\/\\\/wp.kristdemokraterna.se\\\/ydre\\\/2014-09-30-om-pappa-ville-ge-ja-en-femoring\\\/#primaryimage\",\"url\":\"http:\\\/\\\/ydrebo.se\\\/kd\\\/veckobrev\\\/skogsstig.jpg\",\"contentUrl\":\"http:\\\/\\\/ydrebo.se\\\/kd\\\/veckobrev\\\/skogsstig.jpg\"},{\"@type\":\"BreadcrumbList\",\"@id\":\"https:\\\/\\\/wp.kristdemokraterna.se\\\/ydre\\\/2014-09-30-om-pappa-ville-ge-ja-en-femoring\\\/#breadcrumb\",\"itemListElement\":[{\"@type\":\"ListItem\",\"position\":1,\"name\":\"Hem\",\"item\":\"https:\\\/\\\/wp.kristdemokraterna.se\\\/ydre\\\/\"},{\"@type\":\"ListItem\",\"position\":2,\"name\":\"2014-09-30 Om pappa ville ge ja en fem\u00f6ring\"}]},{\"@type\":\"WebSite\",\"@id\":\"https:\\\/\\\/wp.kristdemokraterna.se\\\/ydre\\\/#website\",\"url\":\"https:\\\/\\\/wp.kristdemokraterna.se\\\/ydre\\\/\",\"name\":\"Kristdemokraterna i Ydre\",\"description\":\"En till Kristdemokraterna webbplats\",\"inLanguage\":\"sv-SE\"}]}<\/script>\n<!-- \/ Yoast SEO plugin. -->","yoast_head_json":{"title":"2014-09-30 Om pappa ville ge ja en fem\u00f6ring - Kristdemokraterna i Ydre","robots":{"index":"index","follow":"follow","max-snippet":"max-snippet:-1","max-image-preview":"max-image-preview:large","max-video-preview":"max-video-preview:-1"},"canonical":"https:\/\/wp.kristdemokraterna.se\/ydre\/2014-09-30-om-pappa-ville-ge-ja-en-femoring\/","og_locale":"sv_SE","og_type":"article","og_title":"2014-09-30 Om pappa ville ge ja en fem\u00f6ring - Kristdemokraterna i Ydre","og_description":"Ydre \u00e4r alldeles f\u00f6r ok\u00e4nt. Visserligen har befolkningen \u00f6kat i \u00e5r. Men \u00e4nd\u00e5 \u00e4r det alldeles f\u00f6r f\u00e5 som k\u00e4nner till v\u00e5r bygd. Vad skall vi g\u00f6ra f\u00f6r att Ydre skall bli uppm\u00e4rksammat som en plats att bes\u00f6ka och bo p\u00e5? Det \u00e4r or\u00e4ttvist att andra st\u00e4llen blir omskrivna. Just nu \u00f6versv\u00e4mmas v\u00e4rlden av bilder L\u00e4s mer","og_url":"https:\/\/wp.kristdemokraterna.se\/ydre\/2014-09-30-om-pappa-ville-ge-ja-en-femoring\/","og_site_name":"Kristdemokraterna i Ydre","article_modified_time":"2018-07-25T19:30:01+00:00","og_image":[{"url":"http:\/\/ydrebo.se\/kd\/veckobrev\/skogsstig.jpg","type":"","width":"","height":""}],"twitter_card":"summary_large_image","twitter_misc":{"Ber\u00e4knad l\u00e4stid":"3 minuter"},"schema":{"@context":"https:\/\/schema.org","@graph":[{"@type":"WebPage","@id":"https:\/\/wp.kristdemokraterna.se\/ydre\/2014-09-30-om-pappa-ville-ge-ja-en-femoring\/","url":"https:\/\/wp.kristdemokraterna.se\/ydre\/2014-09-30-om-pappa-ville-ge-ja-en-femoring\/","name":"2014-09-30 Om pappa ville ge ja en fem\u00f6ring - Kristdemokraterna i Ydre","isPartOf":{"@id":"https:\/\/wp.kristdemokraterna.se\/ydre\/#website"},"primaryImageOfPage":{"@id":"https:\/\/wp.kristdemokraterna.se\/ydre\/2014-09-30-om-pappa-ville-ge-ja-en-femoring\/#primaryimage"},"image":{"@id":"https:\/\/wp.kristdemokraterna.se\/ydre\/2014-09-30-om-pappa-ville-ge-ja-en-femoring\/#primaryimage"},"thumbnailUrl":"http:\/\/ydrebo.se\/kd\/veckobrev\/skogsstig.jpg","datePublished":"2018-07-25T19:25:06+00:00","dateModified":"2018-07-25T19:30:01+00:00","breadcrumb":{"@id":"https:\/\/wp.kristdemokraterna.se\/ydre\/2014-09-30-om-pappa-ville-ge-ja-en-femoring\/#breadcrumb"},"inLanguage":"sv-SE","potentialAction":[{"@type":"ReadAction","target":["https:\/\/wp.kristdemokraterna.se\/ydre\/2014-09-30-om-pappa-ville-ge-ja-en-femoring\/"]}]},{"@type":"ImageObject","inLanguage":"sv-SE","@id":"https:\/\/wp.kristdemokraterna.se\/ydre\/2014-09-30-om-pappa-ville-ge-ja-en-femoring\/#primaryimage","url":"http:\/\/ydrebo.se\/kd\/veckobrev\/skogsstig.jpg","contentUrl":"http:\/\/ydrebo.se\/kd\/veckobrev\/skogsstig.jpg"},{"@type":"BreadcrumbList","@id":"https:\/\/wp.kristdemokraterna.se\/ydre\/2014-09-30-om-pappa-ville-ge-ja-en-femoring\/#breadcrumb","itemListElement":[{"@type":"ListItem","position":1,"name":"Hem","item":"https:\/\/wp.kristdemokraterna.se\/ydre\/"},{"@type":"ListItem","position":2,"name":"2014-09-30 Om pappa ville ge ja en fem\u00f6ring"}]},{"@type":"WebSite","@id":"https:\/\/wp.kristdemokraterna.se\/ydre\/#website","url":"https:\/\/wp.kristdemokraterna.se\/ydre\/","name":"Kristdemokraterna i Ydre","description":"En till Kristdemokraterna webbplats","inLanguage":"sv-SE"}]}},"_links":{"self":[{"href":"https:\/\/wp.kristdemokraterna.se\/ydre\/wp-json\/wp\/v2\/pages\/1272","targetHints":{"allow":["GET"]}}],"collection":[{"href":"https:\/\/wp.kristdemokraterna.se\/ydre\/wp-json\/wp\/v2\/pages"}],"about":[{"href":"https:\/\/wp.kristdemokraterna.se\/ydre\/wp-json\/wp\/v2\/types\/page"}],"author":[{"embeddable":true,"href":"https:\/\/wp.kristdemokraterna.se\/ydre\/wp-json\/wp\/v2\/users\/793"}],"replies":[{"embeddable":true,"href":"https:\/\/wp.kristdemokraterna.se\/ydre\/wp-json\/wp\/v2\/comments?post=1272"}],"version-history":[{"count":5,"href":"https:\/\/wp.kristdemokraterna.se\/ydre\/wp-json\/wp\/v2\/pages\/1272\/revisions"}],"predecessor-version":[{"id":1277,"href":"https:\/\/wp.kristdemokraterna.se\/ydre\/wp-json\/wp\/v2\/pages\/1272\/revisions\/1277"}],"wp:attachment":[{"href":"https:\/\/wp.kristdemokraterna.se\/ydre\/wp-json\/wp\/v2\/media?parent=1272"}],"curies":[{"name":"wp","href":"https:\/\/api.w.org\/{rel}","templated":true}]}}