{"id":1294,"date":"2018-07-25T21:48:27","date_gmt":"2018-07-25T19:48:27","guid":{"rendered":"http:\/\/wp.kristdemokraterna.se\/ydre\/?page_id=1294"},"modified":"2018-07-25T21:49:28","modified_gmt":"2018-07-25T19:49:28","slug":"2014-10-22-nar-barn-arbetar","status":"publish","type":"page","link":"https:\/\/wp.kristdemokraterna.se\/ydre\/2014-10-22-nar-barn-arbetar\/","title":{"rendered":"2014-10-22 N\u00e4r barn arbetar"},"content":{"rendered":"<p>Var &#8221;den gamla goda tiden&#8221; verkligen god? Kunde den vara god n\u00e4r kommuner kunde hyra ut f\u00f6r\u00e4ldral\u00f6sa barn till elaka arbetsgivare?<br \/>\nBarn var allts\u00e5 billig arbetskraft. Ett argument mot allm\u00e4n skolg\u00e5ng var att man d\u00e5 inte kunde utnyttja barnen lika mycket som f\u00f6rut. Ocks\u00e5 i fabriker arbetade barn. De kunde ju inte br\u00e5ka om l\u00f6nen&#8230; M\u00e5nga arbetsplatser var dessutom oh\u00e4lsosamma. Och fortfarande f\u00f6rekommer barnarbete p\u00e5 sina h\u00e5ll i v\u00e4rlden.<br \/>\nMen i en viss bem\u00e4rkelse skall barn arbeta. &#8221;Lek \u00e4r barnens arbete&#8221;, har det sagts.<\/p>\n<p><img loading=\"lazy\" decoding=\"async\" src=\"http:\/\/ydrebo.se\/kd\/veckobrev\/rumskulla2.JPG\" width=\"600\" height=\"462\" \/><br \/>\n<i>Barn som arbetar (Rumskulla i Sm\u00e5land)<\/p>\n<p><\/i>Var skall barnen leka? Hemma, naturligtvis, liksom i f\u00f6rskolan och p\u00e5 skolg\u00e5rden. Men det beh\u00f6vs ocks\u00e5 ordentliga lekplatser. Det \u00e4r d\u00e5ligt med det h\u00e4r i \u00d6sterbymo.<br \/>\nEtt tag stod n\u00e5gra lekredskap utanf\u00f6r f\u00f6rskolan Solrosen sedan den lagts ner. Och dit kom barn ibland. Nu \u00e4r lekredskapen p\u00e5 v\u00e4g till f\u00f6rskolan i Rydsn\u00e4s d\u00e4r de s\u00e4kert kommer att g\u00f6ra nytta. Men det beh\u00f6vs ocks\u00e5 en lekplats i \u00d6sterbymos centrum som \u00e4r i gott skick. Det r\u00e4cker inte med att ett par familjer g\u00f6r en egen sandh\u00f6g i n\u00e5gon park (det har f\u00f6rekommit).<\/p>\n<p><i><img loading=\"lazy\" decoding=\"async\" src=\"http:\/\/ydrebo.se\/kd\/veckobrev\/lekplats.jpg\" width=\"600\" height=\"414\" \/><br \/>\n<\/i>\u00d6sterbymos centrala lekplats. Nog kan den bli b\u00e4ttre!<\/p>\n<p>Vi beh\u00f6ver satsa mer p\u00e5 barnfamiljerna. Vi vill ju att barn skall komma hit och ha det bra i alla avseenden.<\/p>\n<p><i>Bengt Malm, ordf.<br \/>\n22 oktober 2014<\/i><\/p>\n","protected":false},"excerpt":{"rendered":"<p>Var &#8221;den gamla goda tiden&#8221; verkligen god? Kunde den vara god n\u00e4r kommuner kunde hyra ut f\u00f6r\u00e4ldral\u00f6sa barn till elaka arbetsgivare? Barn var allts\u00e5 billig arbetskraft. Ett argument mot allm\u00e4n skolg\u00e5ng var att man d\u00e5 inte kunde utnyttja barnen lika mycket som f\u00f6rut. Ocks\u00e5 i fabriker arbetade barn. De kunde ju inte br\u00e5ka om l\u00f6nen&#8230; <a class=\"read-more-link\" href=\"https:\/\/wp.kristdemokraterna.se\/ydre\/2014-10-22-nar-barn-arbetar\/\">L\u00e4s mer<\/a><\/p>\n","protected":false},"author":793,"featured_media":0,"parent":0,"menu_order":0,"comment_status":"closed","ping_status":"closed","template":"","meta":{"_acf_changed":false,"footnotes":""},"class_list":["post-1294","page","type-page","status-publish","hentry"],"acf":[],"yoast_head":"<!-- This site is optimized with the Yoast SEO plugin v27.5 - https:\/\/yoast.com\/product\/yoast-seo-wordpress\/ -->\n<title>2014-10-22 N\u00e4r barn arbetar - Kristdemokraterna i Ydre<\/title>\n<meta name=\"robots\" content=\"index, follow, max-snippet:-1, max-image-preview:large, max-video-preview:-1\" \/>\n<link rel=\"canonical\" href=\"https:\/\/wp.kristdemokraterna.se\/ydre\/2014-10-22-nar-barn-arbetar\/\" \/>\n<meta property=\"og:locale\" content=\"sv_SE\" \/>\n<meta property=\"og:type\" content=\"article\" \/>\n<meta property=\"og:title\" content=\"2014-10-22 N\u00e4r barn arbetar - Kristdemokraterna i Ydre\" \/>\n<meta property=\"og:description\" content=\"Var &#8221;den gamla goda tiden&#8221; verkligen god? Kunde den vara god n\u00e4r kommuner kunde hyra ut f\u00f6r\u00e4ldral\u00f6sa barn till elaka arbetsgivare? Barn var allts\u00e5 billig arbetskraft. Ett argument mot allm\u00e4n skolg\u00e5ng var att man d\u00e5 inte kunde utnyttja barnen lika mycket som f\u00f6rut. Ocks\u00e5 i fabriker arbetade barn. De kunde ju inte br\u00e5ka om l\u00f6nen&#8230; L\u00e4s mer\" \/>\n<meta property=\"og:url\" content=\"https:\/\/wp.kristdemokraterna.se\/ydre\/2014-10-22-nar-barn-arbetar\/\" \/>\n<meta property=\"og:site_name\" content=\"Kristdemokraterna i Ydre\" \/>\n<meta property=\"article:modified_time\" content=\"2018-07-25T19:49:28+00:00\" \/>\n<meta property=\"og:image\" content=\"http:\/\/ydrebo.se\/kd\/veckobrev\/rumskulla2.JPG\" \/>\n<meta name=\"twitter:card\" content=\"summary_large_image\" \/>\n<meta name=\"twitter:label1\" content=\"Ber\u00e4knad l\u00e4stid\" \/>\n\t<meta name=\"twitter:data1\" content=\"1 minut\" \/>\n<script type=\"application\/ld+json\" class=\"yoast-schema-graph\">{\"@context\":\"https:\\\/\\\/schema.org\",\"@graph\":[{\"@type\":\"WebPage\",\"@id\":\"https:\\\/\\\/wp.kristdemokraterna.se\\\/ydre\\\/2014-10-22-nar-barn-arbetar\\\/\",\"url\":\"https:\\\/\\\/wp.kristdemokraterna.se\\\/ydre\\\/2014-10-22-nar-barn-arbetar\\\/\",\"name\":\"2014-10-22 N\u00e4r barn arbetar - Kristdemokraterna i Ydre\",\"isPartOf\":{\"@id\":\"https:\\\/\\\/wp.kristdemokraterna.se\\\/ydre\\\/#website\"},\"primaryImageOfPage\":{\"@id\":\"https:\\\/\\\/wp.kristdemokraterna.se\\\/ydre\\\/2014-10-22-nar-barn-arbetar\\\/#primaryimage\"},\"image\":{\"@id\":\"https:\\\/\\\/wp.kristdemokraterna.se\\\/ydre\\\/2014-10-22-nar-barn-arbetar\\\/#primaryimage\"},\"thumbnailUrl\":\"http:\\\/\\\/ydrebo.se\\\/kd\\\/veckobrev\\\/rumskulla2.JPG\",\"datePublished\":\"2018-07-25T19:48:27+00:00\",\"dateModified\":\"2018-07-25T19:49:28+00:00\",\"breadcrumb\":{\"@id\":\"https:\\\/\\\/wp.kristdemokraterna.se\\\/ydre\\\/2014-10-22-nar-barn-arbetar\\\/#breadcrumb\"},\"inLanguage\":\"sv-SE\",\"potentialAction\":[{\"@type\":\"ReadAction\",\"target\":[\"https:\\\/\\\/wp.kristdemokraterna.se\\\/ydre\\\/2014-10-22-nar-barn-arbetar\\\/\"]}]},{\"@type\":\"ImageObject\",\"inLanguage\":\"sv-SE\",\"@id\":\"https:\\\/\\\/wp.kristdemokraterna.se\\\/ydre\\\/2014-10-22-nar-barn-arbetar\\\/#primaryimage\",\"url\":\"http:\\\/\\\/ydrebo.se\\\/kd\\\/veckobrev\\\/rumskulla2.JPG\",\"contentUrl\":\"http:\\\/\\\/ydrebo.se\\\/kd\\\/veckobrev\\\/rumskulla2.JPG\"},{\"@type\":\"BreadcrumbList\",\"@id\":\"https:\\\/\\\/wp.kristdemokraterna.se\\\/ydre\\\/2014-10-22-nar-barn-arbetar\\\/#breadcrumb\",\"itemListElement\":[{\"@type\":\"ListItem\",\"position\":1,\"name\":\"Hem\",\"item\":\"https:\\\/\\\/wp.kristdemokraterna.se\\\/ydre\\\/\"},{\"@type\":\"ListItem\",\"position\":2,\"name\":\"2014-10-22 N\u00e4r barn arbetar\"}]},{\"@type\":\"WebSite\",\"@id\":\"https:\\\/\\\/wp.kristdemokraterna.se\\\/ydre\\\/#website\",\"url\":\"https:\\\/\\\/wp.kristdemokraterna.se\\\/ydre\\\/\",\"name\":\"Kristdemokraterna i Ydre\",\"description\":\"En till Kristdemokraterna webbplats\",\"inLanguage\":\"sv-SE\"}]}<\/script>\n<!-- \/ Yoast SEO plugin. -->","yoast_head_json":{"title":"2014-10-22 N\u00e4r barn arbetar - Kristdemokraterna i Ydre","robots":{"index":"index","follow":"follow","max-snippet":"max-snippet:-1","max-image-preview":"max-image-preview:large","max-video-preview":"max-video-preview:-1"},"canonical":"https:\/\/wp.kristdemokraterna.se\/ydre\/2014-10-22-nar-barn-arbetar\/","og_locale":"sv_SE","og_type":"article","og_title":"2014-10-22 N\u00e4r barn arbetar - Kristdemokraterna i Ydre","og_description":"Var &#8221;den gamla goda tiden&#8221; verkligen god? Kunde den vara god n\u00e4r kommuner kunde hyra ut f\u00f6r\u00e4ldral\u00f6sa barn till elaka arbetsgivare? Barn var allts\u00e5 billig arbetskraft. Ett argument mot allm\u00e4n skolg\u00e5ng var att man d\u00e5 inte kunde utnyttja barnen lika mycket som f\u00f6rut. Ocks\u00e5 i fabriker arbetade barn. De kunde ju inte br\u00e5ka om l\u00f6nen&#8230; L\u00e4s mer","og_url":"https:\/\/wp.kristdemokraterna.se\/ydre\/2014-10-22-nar-barn-arbetar\/","og_site_name":"Kristdemokraterna i Ydre","article_modified_time":"2018-07-25T19:49:28+00:00","og_image":[{"url":"http:\/\/ydrebo.se\/kd\/veckobrev\/rumskulla2.JPG","type":"","width":"","height":""}],"twitter_card":"summary_large_image","twitter_misc":{"Ber\u00e4knad l\u00e4stid":"1 minut"},"schema":{"@context":"https:\/\/schema.org","@graph":[{"@type":"WebPage","@id":"https:\/\/wp.kristdemokraterna.se\/ydre\/2014-10-22-nar-barn-arbetar\/","url":"https:\/\/wp.kristdemokraterna.se\/ydre\/2014-10-22-nar-barn-arbetar\/","name":"2014-10-22 N\u00e4r barn arbetar - Kristdemokraterna i Ydre","isPartOf":{"@id":"https:\/\/wp.kristdemokraterna.se\/ydre\/#website"},"primaryImageOfPage":{"@id":"https:\/\/wp.kristdemokraterna.se\/ydre\/2014-10-22-nar-barn-arbetar\/#primaryimage"},"image":{"@id":"https:\/\/wp.kristdemokraterna.se\/ydre\/2014-10-22-nar-barn-arbetar\/#primaryimage"},"thumbnailUrl":"http:\/\/ydrebo.se\/kd\/veckobrev\/rumskulla2.JPG","datePublished":"2018-07-25T19:48:27+00:00","dateModified":"2018-07-25T19:49:28+00:00","breadcrumb":{"@id":"https:\/\/wp.kristdemokraterna.se\/ydre\/2014-10-22-nar-barn-arbetar\/#breadcrumb"},"inLanguage":"sv-SE","potentialAction":[{"@type":"ReadAction","target":["https:\/\/wp.kristdemokraterna.se\/ydre\/2014-10-22-nar-barn-arbetar\/"]}]},{"@type":"ImageObject","inLanguage":"sv-SE","@id":"https:\/\/wp.kristdemokraterna.se\/ydre\/2014-10-22-nar-barn-arbetar\/#primaryimage","url":"http:\/\/ydrebo.se\/kd\/veckobrev\/rumskulla2.JPG","contentUrl":"http:\/\/ydrebo.se\/kd\/veckobrev\/rumskulla2.JPG"},{"@type":"BreadcrumbList","@id":"https:\/\/wp.kristdemokraterna.se\/ydre\/2014-10-22-nar-barn-arbetar\/#breadcrumb","itemListElement":[{"@type":"ListItem","position":1,"name":"Hem","item":"https:\/\/wp.kristdemokraterna.se\/ydre\/"},{"@type":"ListItem","position":2,"name":"2014-10-22 N\u00e4r barn arbetar"}]},{"@type":"WebSite","@id":"https:\/\/wp.kristdemokraterna.se\/ydre\/#website","url":"https:\/\/wp.kristdemokraterna.se\/ydre\/","name":"Kristdemokraterna i Ydre","description":"En till Kristdemokraterna webbplats","inLanguage":"sv-SE"}]}},"_links":{"self":[{"href":"https:\/\/wp.kristdemokraterna.se\/ydre\/wp-json\/wp\/v2\/pages\/1294","targetHints":{"allow":["GET"]}}],"collection":[{"href":"https:\/\/wp.kristdemokraterna.se\/ydre\/wp-json\/wp\/v2\/pages"}],"about":[{"href":"https:\/\/wp.kristdemokraterna.se\/ydre\/wp-json\/wp\/v2\/types\/page"}],"author":[{"embeddable":true,"href":"https:\/\/wp.kristdemokraterna.se\/ydre\/wp-json\/wp\/v2\/users\/793"}],"replies":[{"embeddable":true,"href":"https:\/\/wp.kristdemokraterna.se\/ydre\/wp-json\/wp\/v2\/comments?post=1294"}],"version-history":[{"count":2,"href":"https:\/\/wp.kristdemokraterna.se\/ydre\/wp-json\/wp\/v2\/pages\/1294\/revisions"}],"predecessor-version":[{"id":1296,"href":"https:\/\/wp.kristdemokraterna.se\/ydre\/wp-json\/wp\/v2\/pages\/1294\/revisions\/1296"}],"wp:attachment":[{"href":"https:\/\/wp.kristdemokraterna.se\/ydre\/wp-json\/wp\/v2\/media?parent=1294"}],"curies":[{"name":"wp","href":"https:\/\/api.w.org\/{rel}","templated":true}]}}