{"id":1424,"date":"2018-08-11T16:13:31","date_gmt":"2018-08-11T14:13:31","guid":{"rendered":"http:\/\/wp.kristdemokraterna.se\/ydre\/?page_id=1424"},"modified":"2018-08-11T16:13:52","modified_gmt":"2018-08-11T14:13:52","slug":"2015-04-01-leve-det-fria-ydre","status":"publish","type":"page","link":"https:\/\/wp.kristdemokraterna.se\/ydre\/2015-04-01-leve-det-fria-ydre\/","title":{"rendered":"2015-04-01 Leve det fria Ydre!"},"content":{"rendered":"<p><span style=\"font-size: large\">Hur m\u00e5nga av oss har inte f\u00e5tt fr\u00e5gan: &#8221;Vad \u00e4r Ydre?&#8221; &#8211; Ibland svarar jag att Ydre \u00e4r en av de ursprungliga delstaterna i det som blev f\u00f6rbundsstaten Sverige. Ydre var ju det minsta av de &#8221;sm\u00e5 landen&#8221; i medeltidens Sverige.<br \/>\nI dag \u00e4r Ydre en av de minsta av de 290 kommunerna i Sverige. Just i dag har politiker och tj\u00e4nstem\u00e4n varit p\u00e5 Solviken och f\u00e5tt utbildning i kommunalt sj\u00e4lvstyre. En kommun har stor frihet gentemot staten. Men det finns villkor. Vi m\u00e5ste ta v\u00e5rt ansvar annars kan staten g\u00e5 in och best\u00e4mma \u00f6ver oss.<br \/>\nDet \u00e4r sv\u00e5rt f\u00f6r de sm\u00e5 kommunerna att klara ekonomin och samtidigt uppn\u00e5 de m\u00e5l som riksdagen uppst\u00e4llt. Ett r\u00e5d vi fick var att samverka mer med andra kommuner. Det g\u00f6r vi redan i flera avseenden. Men vi m\u00e5ste uppenbarligen se om v\u00e5rt hus mer. Fast det handlar inte bara om pengar. Var finns de kunniga personer som beh\u00f6vs t.ex. i skolan? Det r\u00e5der ju brist i hela landet p\u00e5 s\u00e5dana experter.<\/span><\/p>\n<p><span style=\"font-size: large\"><img loading=\"lazy\" decoding=\"async\" src=\"http:\/\/ydrebo.se\/kd\/veckobrev\/torpasjon.JPG\" width=\"600\" height=\"460\" \/><br \/>\n<\/span><i>M\u00e5 v\u00e5ra f\u00e4ders bygd f\u00f6rbli fri!<\/p>\n<p><\/i><b>Det \u00e4r som fria vi har m\u00f6jlighet att locka med det unika i v\u00e5r natur och kultur!<\/p>\n<p><\/b><span style=\"font-size: large\"><i>Bengt Malm, ordf.<br \/>\n1 april 2015<\/i><\/span><\/p>\n","protected":false},"excerpt":{"rendered":"<p>Hur m\u00e5nga av oss har inte f\u00e5tt fr\u00e5gan: &#8221;Vad \u00e4r Ydre?&#8221; &#8211; Ibland svarar jag att Ydre \u00e4r en av de ursprungliga delstaterna i det som blev f\u00f6rbundsstaten Sverige. Ydre var ju det minsta av de &#8221;sm\u00e5 landen&#8221; i medeltidens Sverige. I dag \u00e4r Ydre en av de minsta av de 290 kommunerna i Sverige. <a class=\"read-more-link\" href=\"https:\/\/wp.kristdemokraterna.se\/ydre\/2015-04-01-leve-det-fria-ydre\/\">L\u00e4s mer<\/a><\/p>\n","protected":false},"author":793,"featured_media":0,"parent":0,"menu_order":0,"comment_status":"closed","ping_status":"closed","template":"","meta":{"_acf_changed":false,"footnotes":""},"class_list":["post-1424","page","type-page","status-publish","hentry"],"acf":[],"yoast_head":"<!-- This site is optimized with the Yoast SEO plugin v27.5 - https:\/\/yoast.com\/product\/yoast-seo-wordpress\/ -->\n<title>2015-04-01 Leve det fria Ydre! - Kristdemokraterna i Ydre<\/title>\n<meta name=\"robots\" content=\"index, follow, max-snippet:-1, max-image-preview:large, max-video-preview:-1\" \/>\n<link rel=\"canonical\" href=\"https:\/\/wp.kristdemokraterna.se\/ydre\/2015-04-01-leve-det-fria-ydre\/\" \/>\n<meta property=\"og:locale\" content=\"sv_SE\" \/>\n<meta property=\"og:type\" content=\"article\" \/>\n<meta property=\"og:title\" content=\"2015-04-01 Leve det fria Ydre! - Kristdemokraterna i Ydre\" \/>\n<meta property=\"og:description\" content=\"Hur m\u00e5nga av oss har inte f\u00e5tt fr\u00e5gan: &#8221;Vad \u00e4r Ydre?&#8221; &#8211; Ibland svarar jag att Ydre \u00e4r en av de ursprungliga delstaterna i det som blev f\u00f6rbundsstaten Sverige. Ydre var ju det minsta av de &#8221;sm\u00e5 landen&#8221; i medeltidens Sverige. I dag \u00e4r Ydre en av de minsta av de 290 kommunerna i Sverige. L\u00e4s mer\" \/>\n<meta property=\"og:url\" content=\"https:\/\/wp.kristdemokraterna.se\/ydre\/2015-04-01-leve-det-fria-ydre\/\" \/>\n<meta property=\"og:site_name\" content=\"Kristdemokraterna i Ydre\" \/>\n<meta property=\"article:modified_time\" content=\"2018-08-11T14:13:52+00:00\" \/>\n<meta property=\"og:image\" content=\"http:\/\/ydrebo.se\/kd\/veckobrev\/torpasjon.JPG\" \/>\n<meta name=\"twitter:card\" content=\"summary_large_image\" \/>\n<meta name=\"twitter:label1\" content=\"Ber\u00e4knad l\u00e4stid\" \/>\n\t<meta name=\"twitter:data1\" content=\"1 minut\" \/>\n<script type=\"application\/ld+json\" class=\"yoast-schema-graph\">{\"@context\":\"https:\\\/\\\/schema.org\",\"@graph\":[{\"@type\":\"WebPage\",\"@id\":\"https:\\\/\\\/wp.kristdemokraterna.se\\\/ydre\\\/2015-04-01-leve-det-fria-ydre\\\/\",\"url\":\"https:\\\/\\\/wp.kristdemokraterna.se\\\/ydre\\\/2015-04-01-leve-det-fria-ydre\\\/\",\"name\":\"2015-04-01 Leve det fria Ydre! - Kristdemokraterna i Ydre\",\"isPartOf\":{\"@id\":\"https:\\\/\\\/wp.kristdemokraterna.se\\\/ydre\\\/#website\"},\"primaryImageOfPage\":{\"@id\":\"https:\\\/\\\/wp.kristdemokraterna.se\\\/ydre\\\/2015-04-01-leve-det-fria-ydre\\\/#primaryimage\"},\"image\":{\"@id\":\"https:\\\/\\\/wp.kristdemokraterna.se\\\/ydre\\\/2015-04-01-leve-det-fria-ydre\\\/#primaryimage\"},\"thumbnailUrl\":\"http:\\\/\\\/ydrebo.se\\\/kd\\\/veckobrev\\\/torpasjon.JPG\",\"datePublished\":\"2018-08-11T14:13:31+00:00\",\"dateModified\":\"2018-08-11T14:13:52+00:00\",\"breadcrumb\":{\"@id\":\"https:\\\/\\\/wp.kristdemokraterna.se\\\/ydre\\\/2015-04-01-leve-det-fria-ydre\\\/#breadcrumb\"},\"inLanguage\":\"sv-SE\",\"potentialAction\":[{\"@type\":\"ReadAction\",\"target\":[\"https:\\\/\\\/wp.kristdemokraterna.se\\\/ydre\\\/2015-04-01-leve-det-fria-ydre\\\/\"]}]},{\"@type\":\"ImageObject\",\"inLanguage\":\"sv-SE\",\"@id\":\"https:\\\/\\\/wp.kristdemokraterna.se\\\/ydre\\\/2015-04-01-leve-det-fria-ydre\\\/#primaryimage\",\"url\":\"http:\\\/\\\/ydrebo.se\\\/kd\\\/veckobrev\\\/torpasjon.JPG\",\"contentUrl\":\"http:\\\/\\\/ydrebo.se\\\/kd\\\/veckobrev\\\/torpasjon.JPG\"},{\"@type\":\"BreadcrumbList\",\"@id\":\"https:\\\/\\\/wp.kristdemokraterna.se\\\/ydre\\\/2015-04-01-leve-det-fria-ydre\\\/#breadcrumb\",\"itemListElement\":[{\"@type\":\"ListItem\",\"position\":1,\"name\":\"Hem\",\"item\":\"https:\\\/\\\/wp.kristdemokraterna.se\\\/ydre\\\/\"},{\"@type\":\"ListItem\",\"position\":2,\"name\":\"2015-04-01 Leve det fria Ydre!\"}]},{\"@type\":\"WebSite\",\"@id\":\"https:\\\/\\\/wp.kristdemokraterna.se\\\/ydre\\\/#website\",\"url\":\"https:\\\/\\\/wp.kristdemokraterna.se\\\/ydre\\\/\",\"name\":\"Kristdemokraterna i Ydre\",\"description\":\"En till Kristdemokraterna webbplats\",\"inLanguage\":\"sv-SE\"}]}<\/script>\n<!-- \/ Yoast SEO plugin. -->","yoast_head_json":{"title":"2015-04-01 Leve det fria Ydre! - Kristdemokraterna i Ydre","robots":{"index":"index","follow":"follow","max-snippet":"max-snippet:-1","max-image-preview":"max-image-preview:large","max-video-preview":"max-video-preview:-1"},"canonical":"https:\/\/wp.kristdemokraterna.se\/ydre\/2015-04-01-leve-det-fria-ydre\/","og_locale":"sv_SE","og_type":"article","og_title":"2015-04-01 Leve det fria Ydre! - Kristdemokraterna i Ydre","og_description":"Hur m\u00e5nga av oss har inte f\u00e5tt fr\u00e5gan: &#8221;Vad \u00e4r Ydre?&#8221; &#8211; Ibland svarar jag att Ydre \u00e4r en av de ursprungliga delstaterna i det som blev f\u00f6rbundsstaten Sverige. Ydre var ju det minsta av de &#8221;sm\u00e5 landen&#8221; i medeltidens Sverige. I dag \u00e4r Ydre en av de minsta av de 290 kommunerna i Sverige. L\u00e4s mer","og_url":"https:\/\/wp.kristdemokraterna.se\/ydre\/2015-04-01-leve-det-fria-ydre\/","og_site_name":"Kristdemokraterna i Ydre","article_modified_time":"2018-08-11T14:13:52+00:00","og_image":[{"url":"http:\/\/ydrebo.se\/kd\/veckobrev\/torpasjon.JPG","type":"","width":"","height":""}],"twitter_card":"summary_large_image","twitter_misc":{"Ber\u00e4knad l\u00e4stid":"1 minut"},"schema":{"@context":"https:\/\/schema.org","@graph":[{"@type":"WebPage","@id":"https:\/\/wp.kristdemokraterna.se\/ydre\/2015-04-01-leve-det-fria-ydre\/","url":"https:\/\/wp.kristdemokraterna.se\/ydre\/2015-04-01-leve-det-fria-ydre\/","name":"2015-04-01 Leve det fria Ydre! - Kristdemokraterna i Ydre","isPartOf":{"@id":"https:\/\/wp.kristdemokraterna.se\/ydre\/#website"},"primaryImageOfPage":{"@id":"https:\/\/wp.kristdemokraterna.se\/ydre\/2015-04-01-leve-det-fria-ydre\/#primaryimage"},"image":{"@id":"https:\/\/wp.kristdemokraterna.se\/ydre\/2015-04-01-leve-det-fria-ydre\/#primaryimage"},"thumbnailUrl":"http:\/\/ydrebo.se\/kd\/veckobrev\/torpasjon.JPG","datePublished":"2018-08-11T14:13:31+00:00","dateModified":"2018-08-11T14:13:52+00:00","breadcrumb":{"@id":"https:\/\/wp.kristdemokraterna.se\/ydre\/2015-04-01-leve-det-fria-ydre\/#breadcrumb"},"inLanguage":"sv-SE","potentialAction":[{"@type":"ReadAction","target":["https:\/\/wp.kristdemokraterna.se\/ydre\/2015-04-01-leve-det-fria-ydre\/"]}]},{"@type":"ImageObject","inLanguage":"sv-SE","@id":"https:\/\/wp.kristdemokraterna.se\/ydre\/2015-04-01-leve-det-fria-ydre\/#primaryimage","url":"http:\/\/ydrebo.se\/kd\/veckobrev\/torpasjon.JPG","contentUrl":"http:\/\/ydrebo.se\/kd\/veckobrev\/torpasjon.JPG"},{"@type":"BreadcrumbList","@id":"https:\/\/wp.kristdemokraterna.se\/ydre\/2015-04-01-leve-det-fria-ydre\/#breadcrumb","itemListElement":[{"@type":"ListItem","position":1,"name":"Hem","item":"https:\/\/wp.kristdemokraterna.se\/ydre\/"},{"@type":"ListItem","position":2,"name":"2015-04-01 Leve det fria Ydre!"}]},{"@type":"WebSite","@id":"https:\/\/wp.kristdemokraterna.se\/ydre\/#website","url":"https:\/\/wp.kristdemokraterna.se\/ydre\/","name":"Kristdemokraterna i Ydre","description":"En till Kristdemokraterna webbplats","inLanguage":"sv-SE"}]}},"_links":{"self":[{"href":"https:\/\/wp.kristdemokraterna.se\/ydre\/wp-json\/wp\/v2\/pages\/1424","targetHints":{"allow":["GET"]}}],"collection":[{"href":"https:\/\/wp.kristdemokraterna.se\/ydre\/wp-json\/wp\/v2\/pages"}],"about":[{"href":"https:\/\/wp.kristdemokraterna.se\/ydre\/wp-json\/wp\/v2\/types\/page"}],"author":[{"embeddable":true,"href":"https:\/\/wp.kristdemokraterna.se\/ydre\/wp-json\/wp\/v2\/users\/793"}],"replies":[{"embeddable":true,"href":"https:\/\/wp.kristdemokraterna.se\/ydre\/wp-json\/wp\/v2\/comments?post=1424"}],"version-history":[{"count":2,"href":"https:\/\/wp.kristdemokraterna.se\/ydre\/wp-json\/wp\/v2\/pages\/1424\/revisions"}],"predecessor-version":[{"id":1426,"href":"https:\/\/wp.kristdemokraterna.se\/ydre\/wp-json\/wp\/v2\/pages\/1424\/revisions\/1426"}],"wp:attachment":[{"href":"https:\/\/wp.kristdemokraterna.se\/ydre\/wp-json\/wp\/v2\/media?parent=1424"}],"curies":[{"name":"wp","href":"https:\/\/api.w.org\/{rel}","templated":true}]}}