{"id":1460,"date":"2018-08-11T16:39:24","date_gmt":"2018-08-11T14:39:24","guid":{"rendered":"http:\/\/wp.kristdemokraterna.se\/ydre\/?page_id=1460"},"modified":"2018-08-11T16:42:51","modified_gmt":"2018-08-11T14:42:51","slug":"raas-kvarn-i-ydre-den-6-augusti-2009-2","status":"publish","type":"page","link":"https:\/\/wp.kristdemokraterna.se\/ydre\/raas-kvarn-i-ydre-den-6-augusti-2009-2\/","title":{"rendered":"R\u00e5\u00e5s kvarn i Ydre den 6 augusti 2009"},"content":{"rendered":"<p><img loading=\"lazy\" decoding=\"async\" src=\"http:\/\/ydrebo.se\/ydre_rundtur\/raas_kvarn\/raas_kvarn1.JPG\" alt=\"Mj\u00f6lnarens stuga vid R\u00e5\u00e5s kvarn Ydre\" width=\"768\" height=\"576\" \/><\/p>\n<p>H\u00e4r i mj\u00f6lnarens torpstuga bodde det vid ett tillf\u00e4lle 8 vuxna personer. D\u00e5 fanns inte tillbyggnaderna.<\/p>\n<p><img loading=\"lazy\" decoding=\"async\" src=\"http:\/\/ydrebo.se\/ydre_rundtur\/raas_kvarn\/raas_kvarn2.JPG\" alt=\"Ladug\u00e5rden vid R\u00e5\u00e5s kvarn i Ydre\" width=\"768\" height=\"372\" \/><\/p>\n<p>Ladug\u00e5rdsl\u00e4ngan.<\/p>\n<p><img loading=\"lazy\" decoding=\"async\" src=\"http:\/\/ydrebo.se\/ydre_rundtur\/raas_kvarn\/raas_kvarn3.JPG\" alt=\"Kvarndamm vid R\u00e5\u00e5s kvarn i Ydre\" width=\"768\" height=\"576\" \/><\/p>\n<p>Det finns tv\u00e5 kvarndammar. H\u00e4r \u00e4r den mindre.<\/p>\n<p><img loading=\"lazy\" decoding=\"async\" src=\"http:\/\/ydrebo.se\/ydre_rundtur\/raas_kvarn\/raas_kvarn4.JPG\" alt=\"Kvarndamm vid R\u00e5\u00e5s kvarn i Ydre\" width=\"768\" height=\"576\" \/><\/p>\n<p>Dags att sl\u00e4ppa p\u00e5 vattnet. Annars g\u00e5r det inte att mala i kvarnen.<\/p>\n<p><img loading=\"lazy\" decoding=\"async\" src=\"http:\/\/ydrebo.se\/ydre_rundtur\/raas_kvarn\/raas_kvarn5.JPG\" alt=\"Kvarnr\u00e4nnan vid R\u00e5\u00e5s kvarn i Ydre\" width=\"768\" height=\"576\" \/><\/p>\n<p>Kvarnr\u00e4nnan&#8230;<\/p>\n<p><img loading=\"lazy\" decoding=\"async\" src=\"http:\/\/ydrebo.se\/ydre_rundtur\/raas_kvarn\/raas_kvarn6.JPG\" alt=\"Kvarnr\u00e4nnan vid R\u00e5\u00e5s kvarn i Ydre\" width=\"768\" height=\"576\" \/><\/p>\n<p>&#8230;\u00e4r n\u00e5got ot\u00e4t. Den anv\u00e4nds ju inte s\u00e5 ofta. Bara n\u00e4r vi turister vill se hur man gjorde f\u00f6rr i tiden.<\/p>\n<p><img loading=\"lazy\" decoding=\"async\" src=\"http:\/\/ydrebo.se\/ydre_rundtur\/raas_kvarn\/raas_kvarn8.JPG\" alt=\"Malning i R\u00e5\u00e5s kvarni Ydre\" width=\"768\" height=\"576\" \/><\/p>\n<p>D\u00e5 \u00e4r det dags att h\u00e4lla i s\u00e4d i matarverket.<\/p>\n<p><img loading=\"lazy\" decoding=\"async\" src=\"http:\/\/ydrebo.se\/ydre_rundtur\/raas_kvarn\/raas_kvarn9.JPG\" alt=\"Gammalt l\u00e5s i R\u00e5\u00e5s kvarn i Ydre\" width=\"768\" height=\"575\" \/><\/p>\n<p>Det gamla l\u00e5set p\u00e5 kvarnd\u00f6rren.<\/p>\n<p><img loading=\"lazy\" decoding=\"async\" src=\"http:\/\/ydrebo.se\/ydre_rundtur\/raas_kvarn\/raas_kvarn9a.JPG\" alt=\"Vid R\u00e5\u00e5s kvarn i Ydre\" width=\"768\" height=\"576\" \/><\/p>\n<p>Utsikten fr\u00e5n kvarnbron.<\/p>\n<p><img loading=\"lazy\" decoding=\"async\" src=\"http:\/\/ydrebo.se\/ydre_rundtur\/raas_kvarn\/raas_kvarn9b.JPG\" alt=\"R\u00e5\u00e5s kvarn i Ydre\" width=\"768\" height=\"576\" \/><\/p>\n<p>Grunden till kvarnen best\u00e5r av stenar sammanfogade helt utan murbruk.<\/p>\n<p><img loading=\"lazy\" decoding=\"async\" src=\"http:\/\/ydrebo.se\/ydre_rundtur\/raas_kvarn\/raas_kvarn9c.JPG\" width=\"642\" height=\"479\" border=\"0\" \/><\/p>\n<p>Den h\u00e4r bilden blev inte s\u00e5 stor. Den \u00e4r ett klipp ur en filmsnutt jag tog.<br \/>\nH\u00e4r \u00e4r i alla fall drivhjulet till kvarnstenarna i full g\u00e5ng.<\/p>\n","protected":false},"excerpt":{"rendered":"<p>H\u00e4r i mj\u00f6lnarens torpstuga bodde det vid ett tillf\u00e4lle 8 vuxna personer. D\u00e5 fanns inte tillbyggnaderna. Ladug\u00e5rdsl\u00e4ngan. Det finns tv\u00e5 kvarndammar. H\u00e4r \u00e4r den mindre. Dags att sl\u00e4ppa p\u00e5 vattnet. Annars g\u00e5r det inte att mala i kvarnen. Kvarnr\u00e4nnan&#8230; &#8230;\u00e4r n\u00e5got ot\u00e4t. Den anv\u00e4nds ju inte s\u00e5 ofta. Bara n\u00e4r vi turister vill se hur <a class=\"read-more-link\" href=\"https:\/\/wp.kristdemokraterna.se\/ydre\/raas-kvarn-i-ydre-den-6-augusti-2009-2\/\">L\u00e4s mer<\/a><\/p>\n","protected":false},"author":793,"featured_media":0,"parent":0,"menu_order":0,"comment_status":"closed","ping_status":"closed","template":"","meta":{"_acf_changed":false,"footnotes":""},"class_list":["post-1460","page","type-page","status-publish","hentry"],"acf":[],"yoast_head":"<!-- This site is optimized with the Yoast SEO plugin v27.5 - https:\/\/yoast.com\/product\/yoast-seo-wordpress\/ -->\n<title>R\u00e5\u00e5s kvarn i Ydre den 6 augusti 2009 - Kristdemokraterna i Ydre<\/title>\n<meta name=\"robots\" content=\"index, follow, max-snippet:-1, max-image-preview:large, max-video-preview:-1\" \/>\n<link rel=\"canonical\" href=\"https:\/\/wp.kristdemokraterna.se\/ydre\/raas-kvarn-i-ydre-den-6-augusti-2009-2\/\" \/>\n<meta property=\"og:locale\" content=\"sv_SE\" \/>\n<meta property=\"og:type\" content=\"article\" \/>\n<meta property=\"og:title\" content=\"R\u00e5\u00e5s kvarn i Ydre den 6 augusti 2009 - Kristdemokraterna i Ydre\" \/>\n<meta property=\"og:description\" content=\"H\u00e4r i mj\u00f6lnarens torpstuga bodde det vid ett tillf\u00e4lle 8 vuxna personer. D\u00e5 fanns inte tillbyggnaderna. Ladug\u00e5rdsl\u00e4ngan. Det finns tv\u00e5 kvarndammar. H\u00e4r \u00e4r den mindre. Dags att sl\u00e4ppa p\u00e5 vattnet. Annars g\u00e5r det inte att mala i kvarnen. Kvarnr\u00e4nnan&#8230; &#8230;\u00e4r n\u00e5got ot\u00e4t. Den anv\u00e4nds ju inte s\u00e5 ofta. Bara n\u00e4r vi turister vill se hur L\u00e4s mer\" \/>\n<meta property=\"og:url\" content=\"https:\/\/wp.kristdemokraterna.se\/ydre\/raas-kvarn-i-ydre-den-6-augusti-2009-2\/\" \/>\n<meta property=\"og:site_name\" content=\"Kristdemokraterna i Ydre\" \/>\n<meta property=\"article:modified_time\" content=\"2018-08-11T14:42:51+00:00\" \/>\n<meta property=\"og:image\" content=\"http:\/\/ydrebo.se\/ydre_rundtur\/raas_kvarn\/raas_kvarn1.JPG\" \/>\n<meta name=\"twitter:card\" content=\"summary_large_image\" \/>\n<meta name=\"twitter:label1\" content=\"Ber\u00e4knad l\u00e4stid\" \/>\n\t<meta name=\"twitter:data1\" content=\"1 minut\" \/>\n<script type=\"application\/ld+json\" class=\"yoast-schema-graph\">{\"@context\":\"https:\\\/\\\/schema.org\",\"@graph\":[{\"@type\":\"WebPage\",\"@id\":\"https:\\\/\\\/wp.kristdemokraterna.se\\\/ydre\\\/raas-kvarn-i-ydre-den-6-augusti-2009-2\\\/\",\"url\":\"https:\\\/\\\/wp.kristdemokraterna.se\\\/ydre\\\/raas-kvarn-i-ydre-den-6-augusti-2009-2\\\/\",\"name\":\"R\u00e5\u00e5s kvarn i Ydre den 6 augusti 2009 - Kristdemokraterna i Ydre\",\"isPartOf\":{\"@id\":\"https:\\\/\\\/wp.kristdemokraterna.se\\\/ydre\\\/#website\"},\"primaryImageOfPage\":{\"@id\":\"https:\\\/\\\/wp.kristdemokraterna.se\\\/ydre\\\/raas-kvarn-i-ydre-den-6-augusti-2009-2\\\/#primaryimage\"},\"image\":{\"@id\":\"https:\\\/\\\/wp.kristdemokraterna.se\\\/ydre\\\/raas-kvarn-i-ydre-den-6-augusti-2009-2\\\/#primaryimage\"},\"thumbnailUrl\":\"http:\\\/\\\/ydrebo.se\\\/ydre_rundtur\\\/raas_kvarn\\\/raas_kvarn1.JPG\",\"datePublished\":\"2018-08-11T14:39:24+00:00\",\"dateModified\":\"2018-08-11T14:42:51+00:00\",\"breadcrumb\":{\"@id\":\"https:\\\/\\\/wp.kristdemokraterna.se\\\/ydre\\\/raas-kvarn-i-ydre-den-6-augusti-2009-2\\\/#breadcrumb\"},\"inLanguage\":\"sv-SE\",\"potentialAction\":[{\"@type\":\"ReadAction\",\"target\":[\"https:\\\/\\\/wp.kristdemokraterna.se\\\/ydre\\\/raas-kvarn-i-ydre-den-6-augusti-2009-2\\\/\"]}]},{\"@type\":\"ImageObject\",\"inLanguage\":\"sv-SE\",\"@id\":\"https:\\\/\\\/wp.kristdemokraterna.se\\\/ydre\\\/raas-kvarn-i-ydre-den-6-augusti-2009-2\\\/#primaryimage\",\"url\":\"http:\\\/\\\/ydrebo.se\\\/ydre_rundtur\\\/raas_kvarn\\\/raas_kvarn1.JPG\",\"contentUrl\":\"http:\\\/\\\/ydrebo.se\\\/ydre_rundtur\\\/raas_kvarn\\\/raas_kvarn1.JPG\"},{\"@type\":\"BreadcrumbList\",\"@id\":\"https:\\\/\\\/wp.kristdemokraterna.se\\\/ydre\\\/raas-kvarn-i-ydre-den-6-augusti-2009-2\\\/#breadcrumb\",\"itemListElement\":[{\"@type\":\"ListItem\",\"position\":1,\"name\":\"Hem\",\"item\":\"https:\\\/\\\/wp.kristdemokraterna.se\\\/ydre\\\/\"},{\"@type\":\"ListItem\",\"position\":2,\"name\":\"R\u00e5\u00e5s kvarn i Ydre den 6 augusti 2009\"}]},{\"@type\":\"WebSite\",\"@id\":\"https:\\\/\\\/wp.kristdemokraterna.se\\\/ydre\\\/#website\",\"url\":\"https:\\\/\\\/wp.kristdemokraterna.se\\\/ydre\\\/\",\"name\":\"Kristdemokraterna i Ydre\",\"description\":\"En till Kristdemokraterna webbplats\",\"inLanguage\":\"sv-SE\"}]}<\/script>\n<!-- \/ Yoast SEO plugin. -->","yoast_head_json":{"title":"R\u00e5\u00e5s kvarn i Ydre den 6 augusti 2009 - Kristdemokraterna i Ydre","robots":{"index":"index","follow":"follow","max-snippet":"max-snippet:-1","max-image-preview":"max-image-preview:large","max-video-preview":"max-video-preview:-1"},"canonical":"https:\/\/wp.kristdemokraterna.se\/ydre\/raas-kvarn-i-ydre-den-6-augusti-2009-2\/","og_locale":"sv_SE","og_type":"article","og_title":"R\u00e5\u00e5s kvarn i Ydre den 6 augusti 2009 - Kristdemokraterna i Ydre","og_description":"H\u00e4r i mj\u00f6lnarens torpstuga bodde det vid ett tillf\u00e4lle 8 vuxna personer. D\u00e5 fanns inte tillbyggnaderna. Ladug\u00e5rdsl\u00e4ngan. Det finns tv\u00e5 kvarndammar. H\u00e4r \u00e4r den mindre. Dags att sl\u00e4ppa p\u00e5 vattnet. Annars g\u00e5r det inte att mala i kvarnen. Kvarnr\u00e4nnan&#8230; &#8230;\u00e4r n\u00e5got ot\u00e4t. Den anv\u00e4nds ju inte s\u00e5 ofta. Bara n\u00e4r vi turister vill se hur L\u00e4s mer","og_url":"https:\/\/wp.kristdemokraterna.se\/ydre\/raas-kvarn-i-ydre-den-6-augusti-2009-2\/","og_site_name":"Kristdemokraterna i Ydre","article_modified_time":"2018-08-11T14:42:51+00:00","og_image":[{"url":"http:\/\/ydrebo.se\/ydre_rundtur\/raas_kvarn\/raas_kvarn1.JPG","type":"","width":"","height":""}],"twitter_card":"summary_large_image","twitter_misc":{"Ber\u00e4knad l\u00e4stid":"1 minut"},"schema":{"@context":"https:\/\/schema.org","@graph":[{"@type":"WebPage","@id":"https:\/\/wp.kristdemokraterna.se\/ydre\/raas-kvarn-i-ydre-den-6-augusti-2009-2\/","url":"https:\/\/wp.kristdemokraterna.se\/ydre\/raas-kvarn-i-ydre-den-6-augusti-2009-2\/","name":"R\u00e5\u00e5s kvarn i Ydre den 6 augusti 2009 - Kristdemokraterna i Ydre","isPartOf":{"@id":"https:\/\/wp.kristdemokraterna.se\/ydre\/#website"},"primaryImageOfPage":{"@id":"https:\/\/wp.kristdemokraterna.se\/ydre\/raas-kvarn-i-ydre-den-6-augusti-2009-2\/#primaryimage"},"image":{"@id":"https:\/\/wp.kristdemokraterna.se\/ydre\/raas-kvarn-i-ydre-den-6-augusti-2009-2\/#primaryimage"},"thumbnailUrl":"http:\/\/ydrebo.se\/ydre_rundtur\/raas_kvarn\/raas_kvarn1.JPG","datePublished":"2018-08-11T14:39:24+00:00","dateModified":"2018-08-11T14:42:51+00:00","breadcrumb":{"@id":"https:\/\/wp.kristdemokraterna.se\/ydre\/raas-kvarn-i-ydre-den-6-augusti-2009-2\/#breadcrumb"},"inLanguage":"sv-SE","potentialAction":[{"@type":"ReadAction","target":["https:\/\/wp.kristdemokraterna.se\/ydre\/raas-kvarn-i-ydre-den-6-augusti-2009-2\/"]}]},{"@type":"ImageObject","inLanguage":"sv-SE","@id":"https:\/\/wp.kristdemokraterna.se\/ydre\/raas-kvarn-i-ydre-den-6-augusti-2009-2\/#primaryimage","url":"http:\/\/ydrebo.se\/ydre_rundtur\/raas_kvarn\/raas_kvarn1.JPG","contentUrl":"http:\/\/ydrebo.se\/ydre_rundtur\/raas_kvarn\/raas_kvarn1.JPG"},{"@type":"BreadcrumbList","@id":"https:\/\/wp.kristdemokraterna.se\/ydre\/raas-kvarn-i-ydre-den-6-augusti-2009-2\/#breadcrumb","itemListElement":[{"@type":"ListItem","position":1,"name":"Hem","item":"https:\/\/wp.kristdemokraterna.se\/ydre\/"},{"@type":"ListItem","position":2,"name":"R\u00e5\u00e5s kvarn i Ydre den 6 augusti 2009"}]},{"@type":"WebSite","@id":"https:\/\/wp.kristdemokraterna.se\/ydre\/#website","url":"https:\/\/wp.kristdemokraterna.se\/ydre\/","name":"Kristdemokraterna i Ydre","description":"En till Kristdemokraterna webbplats","inLanguage":"sv-SE"}]}},"_links":{"self":[{"href":"https:\/\/wp.kristdemokraterna.se\/ydre\/wp-json\/wp\/v2\/pages\/1460","targetHints":{"allow":["GET"]}}],"collection":[{"href":"https:\/\/wp.kristdemokraterna.se\/ydre\/wp-json\/wp\/v2\/pages"}],"about":[{"href":"https:\/\/wp.kristdemokraterna.se\/ydre\/wp-json\/wp\/v2\/types\/page"}],"author":[{"embeddable":true,"href":"https:\/\/wp.kristdemokraterna.se\/ydre\/wp-json\/wp\/v2\/users\/793"}],"replies":[{"embeddable":true,"href":"https:\/\/wp.kristdemokraterna.se\/ydre\/wp-json\/wp\/v2\/comments?post=1460"}],"version-history":[{"count":3,"href":"https:\/\/wp.kristdemokraterna.se\/ydre\/wp-json\/wp\/v2\/pages\/1460\/revisions"}],"predecessor-version":[{"id":1463,"href":"https:\/\/wp.kristdemokraterna.se\/ydre\/wp-json\/wp\/v2\/pages\/1460\/revisions\/1463"}],"wp:attachment":[{"href":"https:\/\/wp.kristdemokraterna.se\/ydre\/wp-json\/wp\/v2\/media?parent=1460"}],"curies":[{"name":"wp","href":"https:\/\/api.w.org\/{rel}","templated":true}]}}