{"id":1478,"date":"2018-08-11T16:57:08","date_gmt":"2018-08-11T14:57:08","guid":{"rendered":"http:\/\/wp.kristdemokraterna.se\/ydre\/?page_id=1478"},"modified":"2018-08-11T16:57:45","modified_gmt":"2018-08-11T14:57:45","slug":"2018-05-18-vi-har-det-ju-sa-bra-i-ydre","status":"publish","type":"page","link":"https:\/\/wp.kristdemokraterna.se\/ydre\/2018-05-18-vi-har-det-ju-sa-bra-i-ydre\/","title":{"rendered":"2018-05-18 Vi har det ju s\u00e5 bra i Ydre!"},"content":{"rendered":"<p>Varf\u00f6r skall vi d\u00e5 ta hit folk fr\u00e5n andra kulturer? De \u00e4r ju inte som vi. Hur skall de kunna anpassa sig? De kanske helt enkelt inte vill anpassa sig.<br \/>\nP\u00e5 sista tiden har ett nytt argument mot flyktingar dykt upp. De d\u00e4r barnen som kommer hit ensamma har kanske varit med om ot\u00e4cka upplevelser. Vem vet vilka dessa skr\u00e4mmande minnen \u00e4r? Det kan ju aldrig g\u00e5 v\u00e4l att ha dem i ett boende hos oss. Och vi f\u00e5r helt enkelt inte ta emot fler s\u00e5dana barn!<br \/>\nI sj\u00e4lva verket har vi i Sverige l\u00e5ng erfarenhet av krigsskadade m\u00e4nniskor. M\u00e5nga s\u00e5dana kom hit under och efter andra v\u00e4rldskriget f\u00f6r cirka sjuttio \u00e5r sedan. Det fanns t.o.m. s\u00e5dana som suttit i koncentrationsl\u00e4ger och som var n\u00e4stan mer d\u00f6da \u00e4n levande n\u00e4r de r\u00e4ddades.<br \/>\n\u00c5ren har g\u00e5tt och vi har kunnat se att dessa flyktingar p\u00e5 det hela taget funnit sig till r\u00e4tta hos oss och gjort v\u00e4rdefulla insatser.\u00a0<i>Det \u00e4r inte alls s\u00e5 att hemska erfarenheter g\u00f6r flyktingarna farliga f\u00f6r oss!<\/i><br \/>\nDet \u00e4r sorgligt att detta skall beh\u00f6va s\u00e4gas \u00e4n en g\u00e5ng. Det finns ju faktiskt kunnigt folk att fr\u00e5ga. F\u00f6r \u00f6vrigt har vi en av staten fastst\u00e4lld skyldighet att ta emot ensamkommande flyktingbarn. Vi tar emot dem f\u00f6r att vi\u00a0<i>m\u00e5ste<\/i>\u00a0men ocks\u00e5 f\u00f6r att vi\u00a0<i>vill<\/i>! F\u00f6r de \u00e4r ju m\u00e4nniskor, m\u00e4nniskor precis som vi. Just precis som vi.<\/p>\n<p><img loading=\"lazy\" decoding=\"async\" src=\"http:\/\/ydrebo.se\/kd\/veckobrev2015\/park.JPG\" width=\"600\" height=\"459\" \/><br \/>\n<i>Vi har det ju s\u00e5 bra i v\u00e5r skyddade v\u00e4rld!<br \/>\n(Sommarbild fr\u00e5n en park i \u00d6sterbymo)<\/p>\n<p><\/i><i>Bengt Malm, ordf.<br \/>\n18 maj 2015<\/i><\/p>\n","protected":false},"excerpt":{"rendered":"<p>Varf\u00f6r skall vi d\u00e5 ta hit folk fr\u00e5n andra kulturer? De \u00e4r ju inte som vi. Hur skall de kunna anpassa sig? De kanske helt enkelt inte vill anpassa sig. P\u00e5 sista tiden har ett nytt argument mot flyktingar dykt upp. De d\u00e4r barnen som kommer hit ensamma har kanske varit med om ot\u00e4cka upplevelser. <a class=\"read-more-link\" href=\"https:\/\/wp.kristdemokraterna.se\/ydre\/2018-05-18-vi-har-det-ju-sa-bra-i-ydre\/\">L\u00e4s mer<\/a><\/p>\n","protected":false},"author":793,"featured_media":0,"parent":0,"menu_order":0,"comment_status":"closed","ping_status":"closed","template":"","meta":{"_acf_changed":false,"footnotes":""},"class_list":["post-1478","page","type-page","status-publish","hentry"],"acf":[],"yoast_head":"<!-- This site is optimized with the Yoast SEO plugin v27.5 - https:\/\/yoast.com\/product\/yoast-seo-wordpress\/ -->\n<title>2018-05-18 Vi har det ju s\u00e5 bra i Ydre! - Kristdemokraterna i Ydre<\/title>\n<meta name=\"robots\" content=\"index, follow, max-snippet:-1, max-image-preview:large, max-video-preview:-1\" \/>\n<link rel=\"canonical\" href=\"https:\/\/wp.kristdemokraterna.se\/ydre\/2018-05-18-vi-har-det-ju-sa-bra-i-ydre\/\" \/>\n<meta property=\"og:locale\" content=\"sv_SE\" \/>\n<meta property=\"og:type\" content=\"article\" \/>\n<meta property=\"og:title\" content=\"2018-05-18 Vi har det ju s\u00e5 bra i Ydre! - Kristdemokraterna i Ydre\" \/>\n<meta property=\"og:description\" content=\"Varf\u00f6r skall vi d\u00e5 ta hit folk fr\u00e5n andra kulturer? De \u00e4r ju inte som vi. Hur skall de kunna anpassa sig? De kanske helt enkelt inte vill anpassa sig. P\u00e5 sista tiden har ett nytt argument mot flyktingar dykt upp. De d\u00e4r barnen som kommer hit ensamma har kanske varit med om ot\u00e4cka upplevelser. L\u00e4s mer\" \/>\n<meta property=\"og:url\" content=\"https:\/\/wp.kristdemokraterna.se\/ydre\/2018-05-18-vi-har-det-ju-sa-bra-i-ydre\/\" \/>\n<meta property=\"og:site_name\" content=\"Kristdemokraterna i Ydre\" \/>\n<meta property=\"article:modified_time\" content=\"2018-08-11T14:57:45+00:00\" \/>\n<meta property=\"og:image\" content=\"http:\/\/ydrebo.se\/kd\/veckobrev2015\/park.JPG\" \/>\n<meta name=\"twitter:card\" content=\"summary_large_image\" \/>\n<meta name=\"twitter:label1\" content=\"Ber\u00e4knad l\u00e4stid\" \/>\n\t<meta name=\"twitter:data1\" content=\"1 minut\" \/>\n<script type=\"application\/ld+json\" class=\"yoast-schema-graph\">{\"@context\":\"https:\\\/\\\/schema.org\",\"@graph\":[{\"@type\":\"WebPage\",\"@id\":\"https:\\\/\\\/wp.kristdemokraterna.se\\\/ydre\\\/2018-05-18-vi-har-det-ju-sa-bra-i-ydre\\\/\",\"url\":\"https:\\\/\\\/wp.kristdemokraterna.se\\\/ydre\\\/2018-05-18-vi-har-det-ju-sa-bra-i-ydre\\\/\",\"name\":\"2018-05-18 Vi har det ju s\u00e5 bra i Ydre! - Kristdemokraterna i Ydre\",\"isPartOf\":{\"@id\":\"https:\\\/\\\/wp.kristdemokraterna.se\\\/ydre\\\/#website\"},\"primaryImageOfPage\":{\"@id\":\"https:\\\/\\\/wp.kristdemokraterna.se\\\/ydre\\\/2018-05-18-vi-har-det-ju-sa-bra-i-ydre\\\/#primaryimage\"},\"image\":{\"@id\":\"https:\\\/\\\/wp.kristdemokraterna.se\\\/ydre\\\/2018-05-18-vi-har-det-ju-sa-bra-i-ydre\\\/#primaryimage\"},\"thumbnailUrl\":\"http:\\\/\\\/ydrebo.se\\\/kd\\\/veckobrev2015\\\/park.JPG\",\"datePublished\":\"2018-08-11T14:57:08+00:00\",\"dateModified\":\"2018-08-11T14:57:45+00:00\",\"breadcrumb\":{\"@id\":\"https:\\\/\\\/wp.kristdemokraterna.se\\\/ydre\\\/2018-05-18-vi-har-det-ju-sa-bra-i-ydre\\\/#breadcrumb\"},\"inLanguage\":\"sv-SE\",\"potentialAction\":[{\"@type\":\"ReadAction\",\"target\":[\"https:\\\/\\\/wp.kristdemokraterna.se\\\/ydre\\\/2018-05-18-vi-har-det-ju-sa-bra-i-ydre\\\/\"]}]},{\"@type\":\"ImageObject\",\"inLanguage\":\"sv-SE\",\"@id\":\"https:\\\/\\\/wp.kristdemokraterna.se\\\/ydre\\\/2018-05-18-vi-har-det-ju-sa-bra-i-ydre\\\/#primaryimage\",\"url\":\"http:\\\/\\\/ydrebo.se\\\/kd\\\/veckobrev2015\\\/park.JPG\",\"contentUrl\":\"http:\\\/\\\/ydrebo.se\\\/kd\\\/veckobrev2015\\\/park.JPG\"},{\"@type\":\"BreadcrumbList\",\"@id\":\"https:\\\/\\\/wp.kristdemokraterna.se\\\/ydre\\\/2018-05-18-vi-har-det-ju-sa-bra-i-ydre\\\/#breadcrumb\",\"itemListElement\":[{\"@type\":\"ListItem\",\"position\":1,\"name\":\"Hem\",\"item\":\"https:\\\/\\\/wp.kristdemokraterna.se\\\/ydre\\\/\"},{\"@type\":\"ListItem\",\"position\":2,\"name\":\"2018-05-18 Vi har det ju s\u00e5 bra i Ydre!\"}]},{\"@type\":\"WebSite\",\"@id\":\"https:\\\/\\\/wp.kristdemokraterna.se\\\/ydre\\\/#website\",\"url\":\"https:\\\/\\\/wp.kristdemokraterna.se\\\/ydre\\\/\",\"name\":\"Kristdemokraterna i Ydre\",\"description\":\"En till Kristdemokraterna webbplats\",\"inLanguage\":\"sv-SE\"}]}<\/script>\n<!-- \/ Yoast SEO plugin. -->","yoast_head_json":{"title":"2018-05-18 Vi har det ju s\u00e5 bra i Ydre! - Kristdemokraterna i Ydre","robots":{"index":"index","follow":"follow","max-snippet":"max-snippet:-1","max-image-preview":"max-image-preview:large","max-video-preview":"max-video-preview:-1"},"canonical":"https:\/\/wp.kristdemokraterna.se\/ydre\/2018-05-18-vi-har-det-ju-sa-bra-i-ydre\/","og_locale":"sv_SE","og_type":"article","og_title":"2018-05-18 Vi har det ju s\u00e5 bra i Ydre! - Kristdemokraterna i Ydre","og_description":"Varf\u00f6r skall vi d\u00e5 ta hit folk fr\u00e5n andra kulturer? De \u00e4r ju inte som vi. Hur skall de kunna anpassa sig? De kanske helt enkelt inte vill anpassa sig. P\u00e5 sista tiden har ett nytt argument mot flyktingar dykt upp. De d\u00e4r barnen som kommer hit ensamma har kanske varit med om ot\u00e4cka upplevelser. L\u00e4s mer","og_url":"https:\/\/wp.kristdemokraterna.se\/ydre\/2018-05-18-vi-har-det-ju-sa-bra-i-ydre\/","og_site_name":"Kristdemokraterna i Ydre","article_modified_time":"2018-08-11T14:57:45+00:00","og_image":[{"url":"http:\/\/ydrebo.se\/kd\/veckobrev2015\/park.JPG","type":"","width":"","height":""}],"twitter_card":"summary_large_image","twitter_misc":{"Ber\u00e4knad l\u00e4stid":"1 minut"},"schema":{"@context":"https:\/\/schema.org","@graph":[{"@type":"WebPage","@id":"https:\/\/wp.kristdemokraterna.se\/ydre\/2018-05-18-vi-har-det-ju-sa-bra-i-ydre\/","url":"https:\/\/wp.kristdemokraterna.se\/ydre\/2018-05-18-vi-har-det-ju-sa-bra-i-ydre\/","name":"2018-05-18 Vi har det ju s\u00e5 bra i Ydre! - Kristdemokraterna i Ydre","isPartOf":{"@id":"https:\/\/wp.kristdemokraterna.se\/ydre\/#website"},"primaryImageOfPage":{"@id":"https:\/\/wp.kristdemokraterna.se\/ydre\/2018-05-18-vi-har-det-ju-sa-bra-i-ydre\/#primaryimage"},"image":{"@id":"https:\/\/wp.kristdemokraterna.se\/ydre\/2018-05-18-vi-har-det-ju-sa-bra-i-ydre\/#primaryimage"},"thumbnailUrl":"http:\/\/ydrebo.se\/kd\/veckobrev2015\/park.JPG","datePublished":"2018-08-11T14:57:08+00:00","dateModified":"2018-08-11T14:57:45+00:00","breadcrumb":{"@id":"https:\/\/wp.kristdemokraterna.se\/ydre\/2018-05-18-vi-har-det-ju-sa-bra-i-ydre\/#breadcrumb"},"inLanguage":"sv-SE","potentialAction":[{"@type":"ReadAction","target":["https:\/\/wp.kristdemokraterna.se\/ydre\/2018-05-18-vi-har-det-ju-sa-bra-i-ydre\/"]}]},{"@type":"ImageObject","inLanguage":"sv-SE","@id":"https:\/\/wp.kristdemokraterna.se\/ydre\/2018-05-18-vi-har-det-ju-sa-bra-i-ydre\/#primaryimage","url":"http:\/\/ydrebo.se\/kd\/veckobrev2015\/park.JPG","contentUrl":"http:\/\/ydrebo.se\/kd\/veckobrev2015\/park.JPG"},{"@type":"BreadcrumbList","@id":"https:\/\/wp.kristdemokraterna.se\/ydre\/2018-05-18-vi-har-det-ju-sa-bra-i-ydre\/#breadcrumb","itemListElement":[{"@type":"ListItem","position":1,"name":"Hem","item":"https:\/\/wp.kristdemokraterna.se\/ydre\/"},{"@type":"ListItem","position":2,"name":"2018-05-18 Vi har det ju s\u00e5 bra i Ydre!"}]},{"@type":"WebSite","@id":"https:\/\/wp.kristdemokraterna.se\/ydre\/#website","url":"https:\/\/wp.kristdemokraterna.se\/ydre\/","name":"Kristdemokraterna i Ydre","description":"En till Kristdemokraterna webbplats","inLanguage":"sv-SE"}]}},"_links":{"self":[{"href":"https:\/\/wp.kristdemokraterna.se\/ydre\/wp-json\/wp\/v2\/pages\/1478","targetHints":{"allow":["GET"]}}],"collection":[{"href":"https:\/\/wp.kristdemokraterna.se\/ydre\/wp-json\/wp\/v2\/pages"}],"about":[{"href":"https:\/\/wp.kristdemokraterna.se\/ydre\/wp-json\/wp\/v2\/types\/page"}],"author":[{"embeddable":true,"href":"https:\/\/wp.kristdemokraterna.se\/ydre\/wp-json\/wp\/v2\/users\/793"}],"replies":[{"embeddable":true,"href":"https:\/\/wp.kristdemokraterna.se\/ydre\/wp-json\/wp\/v2\/comments?post=1478"}],"version-history":[{"count":2,"href":"https:\/\/wp.kristdemokraterna.se\/ydre\/wp-json\/wp\/v2\/pages\/1478\/revisions"}],"predecessor-version":[{"id":1480,"href":"https:\/\/wp.kristdemokraterna.se\/ydre\/wp-json\/wp\/v2\/pages\/1478\/revisions\/1480"}],"wp:attachment":[{"href":"https:\/\/wp.kristdemokraterna.se\/ydre\/wp-json\/wp\/v2\/media?parent=1478"}],"curies":[{"name":"wp","href":"https:\/\/api.w.org\/{rel}","templated":true}]}}