{"id":1482,"date":"2018-08-11T17:00:43","date_gmt":"2018-08-11T15:00:43","guid":{"rendered":"http:\/\/wp.kristdemokraterna.se\/ydre\/?page_id=1482"},"modified":"2018-08-11T17:02:48","modified_gmt":"2018-08-11T15:02:48","slug":"2015-05-28-ydre-den-verkliga-glesbygden","status":"publish","type":"page","link":"https:\/\/wp.kristdemokraterna.se\/ydre\/2015-05-28-ydre-den-verkliga-glesbygden\/","title":{"rendered":"2015-05-28 Ydre &#8211; den verkliga glesbygden"},"content":{"rendered":"<p><img loading=\"lazy\" decoding=\"async\" src=\"http:\/\/ydrebo.se\/kd\/veckobrev2015\/kronika150528\/Ribbingshov.JPG\" width=\"600\" height=\"350\" \/><br \/>\nNu vet vi att det \u00e4r sant. H\u00f6ga myndigheter har best\u00e4mt sig. Om de f\u00e5r som de vill blir Ydre och de andra kommunerna i Sommenbygden utan glesbygdsst\u00f6d fr\u00e5n EU de n\u00e4rmaste \u00e5ren (det s.k. Leader-projektet). St\u00f6det \u00e4r avsett f\u00f6r f\u00f6rb\u00e4ttring av livet i glesbygderna. Men d\u00e5 m\u00e5ste det ju finnas m\u00e4nniskor d\u00e4r som kan anv\u00e4nda pengarna. Och det g\u00f6r det inte i Ydre. I alla fall \u00e4r vi f\u00f6r f\u00e5.<\/p>\n<p><img loading=\"lazy\" decoding=\"async\" src=\"http:\/\/ydrebo.se\/kd\/veckobrev2015\/kronika150528\/Norra_Vi.JPG\" width=\"600\" height=\"462\" \/><br \/>\nDet \u00e4r bara n\u00e5gra f\u00e5 omr\u00e5den i Sverige som \u00e4r\u00a0<i>f\u00f6r mycket<\/i>\u00a0glesbygd. Ett annat \u00e4r \u00d6land. Vad har Sommenbygden och \u00d6land gemensamt? Jo, de har stora obeboeliga omr\u00e5den. D\u00e4rf\u00f6r blir den totala folkt\u00e4theten s\u00e5 l\u00e5g.<\/p>\n<p><img loading=\"lazy\" decoding=\"async\" src=\"http:\/\/ydrebo.se\/kd\/veckobrev2015\/kronika150528\/Norra_Vi_hamn.jpg\" width=\"600\" height=\"463\" \/><br \/>\n\u00d6land har sina alvar. Sommenbygden har Sommen och otaliga andra stora och sm\u00e5 sj\u00f6ar. V\u00e4rst drabbat \u00e4r Ydre. Det \u00e4r ingen tvekan om att vi i Ydre ligger s\u00e4rskilt illa till. Fast, skulle det verkligen vara en nackdel med s\u00e5 stora ytor d\u00e4r ingen kan bo?<\/p>\n<p><img loading=\"lazy\" decoding=\"async\" src=\"http:\/\/ydrebo.se\/kd\/veckobrev2015\/kronika150528\/Norra_Vifjarden.JPG\" width=\"600\" height=\"463\" \/><br \/>\nStora Alvaret p\u00e5 \u00d6land ing\u00e5r i ett v\u00e4rldsarv och borde ses som en oskattbar tillg\u00e5ng. Sommen och dess str\u00e4nder \u00e4r inte ett v\u00e4rldsarv. Men den \u00e4r \u00e4nd\u00e5 av\u00a0<i>riksintresse<\/i>. Och ett riksintresse m\u00e5ste sk\u00f6tas ordentligt. Dvs det m\u00e5ste finnas m\u00e4nniskor h\u00e4r som\u00a0<i>kan<\/i>\u00a0sk\u00f6ta denna naturklenod. Det m\u00e5ste finnas tillr\u00e4ckligt m\u00e5nga m\u00e4nniskor h\u00e4r och de m\u00e5ste ha tillr\u00e4ckliga resurser.<\/p>\n<p><img loading=\"lazy\" decoding=\"async\" src=\"http:\/\/ydrebo.se\/kd\/veckobrev2015\/kronika150528\/Stora_Sundsjon.JPG\" width=\"600\" height=\"400\" \/><br \/>\nNu m\u00e5ste vi s\u00e5 gott vi kan ta hand om v\u00e5r natur b\u00e5de f\u00f6r v\u00e5r egen skull och f\u00f6r v\u00e5ra g\u00e4sters. Vi m\u00e5ste g\u00f6ra den k\u00e4nd och tillg\u00e4nglig. Vi m\u00e5ste v\u00e4lkomna fler att sl\u00e5 sig ner h\u00e4r. V\u00e5ra f\u00e4ders bygd har plats f\u00f6r m\u00e5nga fler varifr\u00e5n de \u00e4n kommer!<\/p>\n<p><img loading=\"lazy\" decoding=\"async\" src=\"http:\/\/ydrebo.se\/kd\/veckobrev2015\/kronika150528\/Torpasjon.JPG\" width=\"600\" height=\"450\" \/><\/p>\n<p><i>Bengt Malm, ordf.<br \/>\n28 maj 2015<\/i><\/p>\n","protected":false},"excerpt":{"rendered":"<p>Nu vet vi att det \u00e4r sant. H\u00f6ga myndigheter har best\u00e4mt sig. Om de f\u00e5r som de vill blir Ydre och de andra kommunerna i Sommenbygden utan glesbygdsst\u00f6d fr\u00e5n EU de n\u00e4rmaste \u00e5ren (det s.k. Leader-projektet). St\u00f6det \u00e4r avsett f\u00f6r f\u00f6rb\u00e4ttring av livet i glesbygderna. Men d\u00e5 m\u00e5ste det ju finnas m\u00e4nniskor d\u00e4r som kan <a class=\"read-more-link\" href=\"https:\/\/wp.kristdemokraterna.se\/ydre\/2015-05-28-ydre-den-verkliga-glesbygden\/\">L\u00e4s mer<\/a><\/p>\n","protected":false},"author":793,"featured_media":0,"parent":0,"menu_order":0,"comment_status":"closed","ping_status":"closed","template":"","meta":{"_acf_changed":false,"footnotes":""},"class_list":["post-1482","page","type-page","status-publish","hentry"],"acf":[],"yoast_head":"<!-- This site is optimized with the Yoast SEO plugin v27.5 - https:\/\/yoast.com\/product\/yoast-seo-wordpress\/ -->\n<title>2015-05-28 Ydre - den verkliga glesbygden - Kristdemokraterna i Ydre<\/title>\n<meta name=\"robots\" content=\"index, follow, max-snippet:-1, max-image-preview:large, max-video-preview:-1\" \/>\n<link rel=\"canonical\" href=\"https:\/\/wp.kristdemokraterna.se\/ydre\/2015-05-28-ydre-den-verkliga-glesbygden\/\" \/>\n<meta property=\"og:locale\" content=\"sv_SE\" \/>\n<meta property=\"og:type\" content=\"article\" \/>\n<meta property=\"og:title\" content=\"2015-05-28 Ydre - den verkliga glesbygden - Kristdemokraterna i Ydre\" \/>\n<meta property=\"og:description\" content=\"Nu vet vi att det \u00e4r sant. H\u00f6ga myndigheter har best\u00e4mt sig. Om de f\u00e5r som de vill blir Ydre och de andra kommunerna i Sommenbygden utan glesbygdsst\u00f6d fr\u00e5n EU de n\u00e4rmaste \u00e5ren (det s.k. Leader-projektet). St\u00f6det \u00e4r avsett f\u00f6r f\u00f6rb\u00e4ttring av livet i glesbygderna. Men d\u00e5 m\u00e5ste det ju finnas m\u00e4nniskor d\u00e4r som kan L\u00e4s mer\" \/>\n<meta property=\"og:url\" content=\"https:\/\/wp.kristdemokraterna.se\/ydre\/2015-05-28-ydre-den-verkliga-glesbygden\/\" \/>\n<meta property=\"og:site_name\" content=\"Kristdemokraterna i Ydre\" \/>\n<meta property=\"article:modified_time\" content=\"2018-08-11T15:02:48+00:00\" \/>\n<meta property=\"og:image\" content=\"http:\/\/ydrebo.se\/kd\/veckobrev2015\/kronika150528\/Ribbingshov.JPG\" \/>\n<meta name=\"twitter:card\" content=\"summary_large_image\" \/>\n<meta name=\"twitter:label1\" content=\"Ber\u00e4knad l\u00e4stid\" \/>\n\t<meta name=\"twitter:data1\" content=\"2 minuter\" \/>\n<script type=\"application\/ld+json\" class=\"yoast-schema-graph\">{\"@context\":\"https:\\\/\\\/schema.org\",\"@graph\":[{\"@type\":\"WebPage\",\"@id\":\"https:\\\/\\\/wp.kristdemokraterna.se\\\/ydre\\\/2015-05-28-ydre-den-verkliga-glesbygden\\\/\",\"url\":\"https:\\\/\\\/wp.kristdemokraterna.se\\\/ydre\\\/2015-05-28-ydre-den-verkliga-glesbygden\\\/\",\"name\":\"2015-05-28 Ydre - den verkliga glesbygden - Kristdemokraterna i Ydre\",\"isPartOf\":{\"@id\":\"https:\\\/\\\/wp.kristdemokraterna.se\\\/ydre\\\/#website\"},\"primaryImageOfPage\":{\"@id\":\"https:\\\/\\\/wp.kristdemokraterna.se\\\/ydre\\\/2015-05-28-ydre-den-verkliga-glesbygden\\\/#primaryimage\"},\"image\":{\"@id\":\"https:\\\/\\\/wp.kristdemokraterna.se\\\/ydre\\\/2015-05-28-ydre-den-verkliga-glesbygden\\\/#primaryimage\"},\"thumbnailUrl\":\"http:\\\/\\\/ydrebo.se\\\/kd\\\/veckobrev2015\\\/kronika150528\\\/Ribbingshov.JPG\",\"datePublished\":\"2018-08-11T15:00:43+00:00\",\"dateModified\":\"2018-08-11T15:02:48+00:00\",\"breadcrumb\":{\"@id\":\"https:\\\/\\\/wp.kristdemokraterna.se\\\/ydre\\\/2015-05-28-ydre-den-verkliga-glesbygden\\\/#breadcrumb\"},\"inLanguage\":\"sv-SE\",\"potentialAction\":[{\"@type\":\"ReadAction\",\"target\":[\"https:\\\/\\\/wp.kristdemokraterna.se\\\/ydre\\\/2015-05-28-ydre-den-verkliga-glesbygden\\\/\"]}]},{\"@type\":\"ImageObject\",\"inLanguage\":\"sv-SE\",\"@id\":\"https:\\\/\\\/wp.kristdemokraterna.se\\\/ydre\\\/2015-05-28-ydre-den-verkliga-glesbygden\\\/#primaryimage\",\"url\":\"http:\\\/\\\/ydrebo.se\\\/kd\\\/veckobrev2015\\\/kronika150528\\\/Ribbingshov.JPG\",\"contentUrl\":\"http:\\\/\\\/ydrebo.se\\\/kd\\\/veckobrev2015\\\/kronika150528\\\/Ribbingshov.JPG\"},{\"@type\":\"BreadcrumbList\",\"@id\":\"https:\\\/\\\/wp.kristdemokraterna.se\\\/ydre\\\/2015-05-28-ydre-den-verkliga-glesbygden\\\/#breadcrumb\",\"itemListElement\":[{\"@type\":\"ListItem\",\"position\":1,\"name\":\"Hem\",\"item\":\"https:\\\/\\\/wp.kristdemokraterna.se\\\/ydre\\\/\"},{\"@type\":\"ListItem\",\"position\":2,\"name\":\"2015-05-28 Ydre &#8211; den verkliga glesbygden\"}]},{\"@type\":\"WebSite\",\"@id\":\"https:\\\/\\\/wp.kristdemokraterna.se\\\/ydre\\\/#website\",\"url\":\"https:\\\/\\\/wp.kristdemokraterna.se\\\/ydre\\\/\",\"name\":\"Kristdemokraterna i Ydre\",\"description\":\"En till Kristdemokraterna webbplats\",\"inLanguage\":\"sv-SE\"}]}<\/script>\n<!-- \/ Yoast SEO plugin. -->","yoast_head_json":{"title":"2015-05-28 Ydre - den verkliga glesbygden - Kristdemokraterna i Ydre","robots":{"index":"index","follow":"follow","max-snippet":"max-snippet:-1","max-image-preview":"max-image-preview:large","max-video-preview":"max-video-preview:-1"},"canonical":"https:\/\/wp.kristdemokraterna.se\/ydre\/2015-05-28-ydre-den-verkliga-glesbygden\/","og_locale":"sv_SE","og_type":"article","og_title":"2015-05-28 Ydre - den verkliga glesbygden - Kristdemokraterna i Ydre","og_description":"Nu vet vi att det \u00e4r sant. H\u00f6ga myndigheter har best\u00e4mt sig. Om de f\u00e5r som de vill blir Ydre och de andra kommunerna i Sommenbygden utan glesbygdsst\u00f6d fr\u00e5n EU de n\u00e4rmaste \u00e5ren (det s.k. Leader-projektet). St\u00f6det \u00e4r avsett f\u00f6r f\u00f6rb\u00e4ttring av livet i glesbygderna. Men d\u00e5 m\u00e5ste det ju finnas m\u00e4nniskor d\u00e4r som kan L\u00e4s mer","og_url":"https:\/\/wp.kristdemokraterna.se\/ydre\/2015-05-28-ydre-den-verkliga-glesbygden\/","og_site_name":"Kristdemokraterna i Ydre","article_modified_time":"2018-08-11T15:02:48+00:00","og_image":[{"url":"http:\/\/ydrebo.se\/kd\/veckobrev2015\/kronika150528\/Ribbingshov.JPG","type":"","width":"","height":""}],"twitter_card":"summary_large_image","twitter_misc":{"Ber\u00e4knad l\u00e4stid":"2 minuter"},"schema":{"@context":"https:\/\/schema.org","@graph":[{"@type":"WebPage","@id":"https:\/\/wp.kristdemokraterna.se\/ydre\/2015-05-28-ydre-den-verkliga-glesbygden\/","url":"https:\/\/wp.kristdemokraterna.se\/ydre\/2015-05-28-ydre-den-verkliga-glesbygden\/","name":"2015-05-28 Ydre - den verkliga glesbygden - Kristdemokraterna i Ydre","isPartOf":{"@id":"https:\/\/wp.kristdemokraterna.se\/ydre\/#website"},"primaryImageOfPage":{"@id":"https:\/\/wp.kristdemokraterna.se\/ydre\/2015-05-28-ydre-den-verkliga-glesbygden\/#primaryimage"},"image":{"@id":"https:\/\/wp.kristdemokraterna.se\/ydre\/2015-05-28-ydre-den-verkliga-glesbygden\/#primaryimage"},"thumbnailUrl":"http:\/\/ydrebo.se\/kd\/veckobrev2015\/kronika150528\/Ribbingshov.JPG","datePublished":"2018-08-11T15:00:43+00:00","dateModified":"2018-08-11T15:02:48+00:00","breadcrumb":{"@id":"https:\/\/wp.kristdemokraterna.se\/ydre\/2015-05-28-ydre-den-verkliga-glesbygden\/#breadcrumb"},"inLanguage":"sv-SE","potentialAction":[{"@type":"ReadAction","target":["https:\/\/wp.kristdemokraterna.se\/ydre\/2015-05-28-ydre-den-verkliga-glesbygden\/"]}]},{"@type":"ImageObject","inLanguage":"sv-SE","@id":"https:\/\/wp.kristdemokraterna.se\/ydre\/2015-05-28-ydre-den-verkliga-glesbygden\/#primaryimage","url":"http:\/\/ydrebo.se\/kd\/veckobrev2015\/kronika150528\/Ribbingshov.JPG","contentUrl":"http:\/\/ydrebo.se\/kd\/veckobrev2015\/kronika150528\/Ribbingshov.JPG"},{"@type":"BreadcrumbList","@id":"https:\/\/wp.kristdemokraterna.se\/ydre\/2015-05-28-ydre-den-verkliga-glesbygden\/#breadcrumb","itemListElement":[{"@type":"ListItem","position":1,"name":"Hem","item":"https:\/\/wp.kristdemokraterna.se\/ydre\/"},{"@type":"ListItem","position":2,"name":"2015-05-28 Ydre &#8211; den verkliga glesbygden"}]},{"@type":"WebSite","@id":"https:\/\/wp.kristdemokraterna.se\/ydre\/#website","url":"https:\/\/wp.kristdemokraterna.se\/ydre\/","name":"Kristdemokraterna i Ydre","description":"En till Kristdemokraterna webbplats","inLanguage":"sv-SE"}]}},"_links":{"self":[{"href":"https:\/\/wp.kristdemokraterna.se\/ydre\/wp-json\/wp\/v2\/pages\/1482","targetHints":{"allow":["GET"]}}],"collection":[{"href":"https:\/\/wp.kristdemokraterna.se\/ydre\/wp-json\/wp\/v2\/pages"}],"about":[{"href":"https:\/\/wp.kristdemokraterna.se\/ydre\/wp-json\/wp\/v2\/types\/page"}],"author":[{"embeddable":true,"href":"https:\/\/wp.kristdemokraterna.se\/ydre\/wp-json\/wp\/v2\/users\/793"}],"replies":[{"embeddable":true,"href":"https:\/\/wp.kristdemokraterna.se\/ydre\/wp-json\/wp\/v2\/comments?post=1482"}],"version-history":[{"count":3,"href":"https:\/\/wp.kristdemokraterna.se\/ydre\/wp-json\/wp\/v2\/pages\/1482\/revisions"}],"predecessor-version":[{"id":1485,"href":"https:\/\/wp.kristdemokraterna.se\/ydre\/wp-json\/wp\/v2\/pages\/1482\/revisions\/1485"}],"wp:attachment":[{"href":"https:\/\/wp.kristdemokraterna.se\/ydre\/wp-json\/wp\/v2\/media?parent=1482"}],"curies":[{"name":"wp","href":"https:\/\/api.w.org\/{rel}","templated":true}]}}