{"id":1491,"date":"2018-08-11T17:10:22","date_gmt":"2018-08-11T15:10:22","guid":{"rendered":"http:\/\/wp.kristdemokraterna.se\/ydre\/?page_id=1491"},"modified":"2018-08-11T17:10:40","modified_gmt":"2018-08-11T15:10:40","slug":"2015-06-18-europas-waterloo","status":"publish","type":"page","link":"https:\/\/wp.kristdemokraterna.se\/ydre\/2015-06-18-europas-waterloo\/","title":{"rendered":"2015-06-18 Europas Waterloo"},"content":{"rendered":"<p>I dag \u00e4r det 200 \u00e5r sedan slaget vid Waterloo. Napoleon som blivit f\u00f6rdriven fr\u00e5n Frankrike och hela sitt v\u00e4ldiga imperium f\u00f6rs\u00f6kte komma igen men blev besegrad. Efter\u00e5t f\u00f6rs\u00f6kte segrarna ordna en best\u00e5ende fred i Europa utan att lyckas.<br \/>\nDe l\u00e4nder som den 18 juni 1815 stred vid Waterloo i Belgien \u00e4r i dag alla med i EU. Men en makt som 1815 var mycket engagerad i Europas angel\u00e4genheter st\u00e5r utanf\u00f6r. Det \u00e4r Ryssland. Och n\u00e4r vi nu firar 200-\u00e5rsminnet av slaget upplever vi inte fred i v\u00e5r v\u00e4rldsdel. Allt h\u00e5rdare ord v\u00e4xlas och en stor upprustning sker p\u00e5 andra sidan \u00d6stersj\u00f6n. Hur b\u00f6r Sverige handla?<\/p>\n<p><img loading=\"lazy\" decoding=\"async\" src=\"http:\/\/ydrebo.se\/kd\/veckobrev2015\/slott.JPG\" width=\"600\" height=\"450\" \/><br \/>\n<i>\u00d6rebro slott byggdes mer f\u00f6r krig \u00e4n f\u00f6r fred. S\u00e5 var det f\u00f6rr ocks\u00e5 hos oss.<\/p>\n<p><\/i>Det finns fler anledningar till bekymmer f\u00f6r Europa. Vi b\u00f6r inte f\u00f6rv\u00e4rra situationen med mer splittring. \u00c4nd\u00e5 m\u00e5ste vi protestera n\u00e4r det finns de som inte f\u00f6ljer EU:s intentioner. S\u00e4rskilt p\u00e5tagligt \u00e4r det i Ungerns fall.<br \/>\nEuropa st\u00e5r allts\u00e5 inf\u00f6r b\u00e5de yttre och inre utmaningar. Det kr\u00e4ver v\u00e5rt fortsatta engaemang. Vi kan inte i v\u00e5rt lilla h\u00f6rn av v\u00e4rlden l\u00e5tsas som om omv\u00e4rlden inte ang\u00e5r oss. Vi m\u00e5ste st\u00e5 fast f\u00f6r Europa. Vi m\u00e5ste st\u00e5 fast f\u00f6r friheten och m\u00e4nniskov\u00e4rdet.<\/p>\n<p><i>Bengt Malm, ordf.<br \/>\n18 juni 2015<\/i><\/p>\n","protected":false},"excerpt":{"rendered":"<p>I dag \u00e4r det 200 \u00e5r sedan slaget vid Waterloo. Napoleon som blivit f\u00f6rdriven fr\u00e5n Frankrike och hela sitt v\u00e4ldiga imperium f\u00f6rs\u00f6kte komma igen men blev besegrad. Efter\u00e5t f\u00f6rs\u00f6kte segrarna ordna en best\u00e5ende fred i Europa utan att lyckas. De l\u00e4nder som den 18 juni 1815 stred vid Waterloo i Belgien \u00e4r i dag alla <a class=\"read-more-link\" href=\"https:\/\/wp.kristdemokraterna.se\/ydre\/2015-06-18-europas-waterloo\/\">L\u00e4s mer<\/a><\/p>\n","protected":false},"author":793,"featured_media":0,"parent":0,"menu_order":0,"comment_status":"closed","ping_status":"closed","template":"","meta":{"_acf_changed":false,"footnotes":""},"class_list":["post-1491","page","type-page","status-publish","hentry"],"acf":[],"yoast_head":"<!-- This site is optimized with the Yoast SEO plugin v27.5 - https:\/\/yoast.com\/product\/yoast-seo-wordpress\/ -->\n<title>2015-06-18 Europas Waterloo - Kristdemokraterna i Ydre<\/title>\n<meta name=\"robots\" content=\"index, follow, max-snippet:-1, max-image-preview:large, max-video-preview:-1\" \/>\n<link rel=\"canonical\" href=\"https:\/\/wp.kristdemokraterna.se\/ydre\/2015-06-18-europas-waterloo\/\" \/>\n<meta property=\"og:locale\" content=\"sv_SE\" \/>\n<meta property=\"og:type\" content=\"article\" \/>\n<meta property=\"og:title\" content=\"2015-06-18 Europas Waterloo - Kristdemokraterna i Ydre\" \/>\n<meta property=\"og:description\" content=\"I dag \u00e4r det 200 \u00e5r sedan slaget vid Waterloo. Napoleon som blivit f\u00f6rdriven fr\u00e5n Frankrike och hela sitt v\u00e4ldiga imperium f\u00f6rs\u00f6kte komma igen men blev besegrad. Efter\u00e5t f\u00f6rs\u00f6kte segrarna ordna en best\u00e5ende fred i Europa utan att lyckas. De l\u00e4nder som den 18 juni 1815 stred vid Waterloo i Belgien \u00e4r i dag alla L\u00e4s mer\" \/>\n<meta property=\"og:url\" content=\"https:\/\/wp.kristdemokraterna.se\/ydre\/2015-06-18-europas-waterloo\/\" \/>\n<meta property=\"og:site_name\" content=\"Kristdemokraterna i Ydre\" \/>\n<meta property=\"article:modified_time\" content=\"2018-08-11T15:10:40+00:00\" \/>\n<meta property=\"og:image\" content=\"http:\/\/ydrebo.se\/kd\/veckobrev2015\/slott.JPG\" \/>\n<meta name=\"twitter:card\" content=\"summary_large_image\" \/>\n<meta name=\"twitter:label1\" content=\"Ber\u00e4knad l\u00e4stid\" \/>\n\t<meta name=\"twitter:data1\" content=\"1 minut\" \/>\n<script type=\"application\/ld+json\" class=\"yoast-schema-graph\">{\"@context\":\"https:\\\/\\\/schema.org\",\"@graph\":[{\"@type\":\"WebPage\",\"@id\":\"https:\\\/\\\/wp.kristdemokraterna.se\\\/ydre\\\/2015-06-18-europas-waterloo\\\/\",\"url\":\"https:\\\/\\\/wp.kristdemokraterna.se\\\/ydre\\\/2015-06-18-europas-waterloo\\\/\",\"name\":\"2015-06-18 Europas Waterloo - Kristdemokraterna i Ydre\",\"isPartOf\":{\"@id\":\"https:\\\/\\\/wp.kristdemokraterna.se\\\/ydre\\\/#website\"},\"primaryImageOfPage\":{\"@id\":\"https:\\\/\\\/wp.kristdemokraterna.se\\\/ydre\\\/2015-06-18-europas-waterloo\\\/#primaryimage\"},\"image\":{\"@id\":\"https:\\\/\\\/wp.kristdemokraterna.se\\\/ydre\\\/2015-06-18-europas-waterloo\\\/#primaryimage\"},\"thumbnailUrl\":\"http:\\\/\\\/ydrebo.se\\\/kd\\\/veckobrev2015\\\/slott.JPG\",\"datePublished\":\"2018-08-11T15:10:22+00:00\",\"dateModified\":\"2018-08-11T15:10:40+00:00\",\"breadcrumb\":{\"@id\":\"https:\\\/\\\/wp.kristdemokraterna.se\\\/ydre\\\/2015-06-18-europas-waterloo\\\/#breadcrumb\"},\"inLanguage\":\"sv-SE\",\"potentialAction\":[{\"@type\":\"ReadAction\",\"target\":[\"https:\\\/\\\/wp.kristdemokraterna.se\\\/ydre\\\/2015-06-18-europas-waterloo\\\/\"]}]},{\"@type\":\"ImageObject\",\"inLanguage\":\"sv-SE\",\"@id\":\"https:\\\/\\\/wp.kristdemokraterna.se\\\/ydre\\\/2015-06-18-europas-waterloo\\\/#primaryimage\",\"url\":\"http:\\\/\\\/ydrebo.se\\\/kd\\\/veckobrev2015\\\/slott.JPG\",\"contentUrl\":\"http:\\\/\\\/ydrebo.se\\\/kd\\\/veckobrev2015\\\/slott.JPG\"},{\"@type\":\"BreadcrumbList\",\"@id\":\"https:\\\/\\\/wp.kristdemokraterna.se\\\/ydre\\\/2015-06-18-europas-waterloo\\\/#breadcrumb\",\"itemListElement\":[{\"@type\":\"ListItem\",\"position\":1,\"name\":\"Hem\",\"item\":\"https:\\\/\\\/wp.kristdemokraterna.se\\\/ydre\\\/\"},{\"@type\":\"ListItem\",\"position\":2,\"name\":\"2015-06-18 Europas Waterloo\"}]},{\"@type\":\"WebSite\",\"@id\":\"https:\\\/\\\/wp.kristdemokraterna.se\\\/ydre\\\/#website\",\"url\":\"https:\\\/\\\/wp.kristdemokraterna.se\\\/ydre\\\/\",\"name\":\"Kristdemokraterna i Ydre\",\"description\":\"En till Kristdemokraterna webbplats\",\"inLanguage\":\"sv-SE\"}]}<\/script>\n<!-- \/ Yoast SEO plugin. -->","yoast_head_json":{"title":"2015-06-18 Europas Waterloo - Kristdemokraterna i Ydre","robots":{"index":"index","follow":"follow","max-snippet":"max-snippet:-1","max-image-preview":"max-image-preview:large","max-video-preview":"max-video-preview:-1"},"canonical":"https:\/\/wp.kristdemokraterna.se\/ydre\/2015-06-18-europas-waterloo\/","og_locale":"sv_SE","og_type":"article","og_title":"2015-06-18 Europas Waterloo - Kristdemokraterna i Ydre","og_description":"I dag \u00e4r det 200 \u00e5r sedan slaget vid Waterloo. Napoleon som blivit f\u00f6rdriven fr\u00e5n Frankrike och hela sitt v\u00e4ldiga imperium f\u00f6rs\u00f6kte komma igen men blev besegrad. Efter\u00e5t f\u00f6rs\u00f6kte segrarna ordna en best\u00e5ende fred i Europa utan att lyckas. De l\u00e4nder som den 18 juni 1815 stred vid Waterloo i Belgien \u00e4r i dag alla L\u00e4s mer","og_url":"https:\/\/wp.kristdemokraterna.se\/ydre\/2015-06-18-europas-waterloo\/","og_site_name":"Kristdemokraterna i Ydre","article_modified_time":"2018-08-11T15:10:40+00:00","og_image":[{"url":"http:\/\/ydrebo.se\/kd\/veckobrev2015\/slott.JPG","type":"","width":"","height":""}],"twitter_card":"summary_large_image","twitter_misc":{"Ber\u00e4knad l\u00e4stid":"1 minut"},"schema":{"@context":"https:\/\/schema.org","@graph":[{"@type":"WebPage","@id":"https:\/\/wp.kristdemokraterna.se\/ydre\/2015-06-18-europas-waterloo\/","url":"https:\/\/wp.kristdemokraterna.se\/ydre\/2015-06-18-europas-waterloo\/","name":"2015-06-18 Europas Waterloo - Kristdemokraterna i Ydre","isPartOf":{"@id":"https:\/\/wp.kristdemokraterna.se\/ydre\/#website"},"primaryImageOfPage":{"@id":"https:\/\/wp.kristdemokraterna.se\/ydre\/2015-06-18-europas-waterloo\/#primaryimage"},"image":{"@id":"https:\/\/wp.kristdemokraterna.se\/ydre\/2015-06-18-europas-waterloo\/#primaryimage"},"thumbnailUrl":"http:\/\/ydrebo.se\/kd\/veckobrev2015\/slott.JPG","datePublished":"2018-08-11T15:10:22+00:00","dateModified":"2018-08-11T15:10:40+00:00","breadcrumb":{"@id":"https:\/\/wp.kristdemokraterna.se\/ydre\/2015-06-18-europas-waterloo\/#breadcrumb"},"inLanguage":"sv-SE","potentialAction":[{"@type":"ReadAction","target":["https:\/\/wp.kristdemokraterna.se\/ydre\/2015-06-18-europas-waterloo\/"]}]},{"@type":"ImageObject","inLanguage":"sv-SE","@id":"https:\/\/wp.kristdemokraterna.se\/ydre\/2015-06-18-europas-waterloo\/#primaryimage","url":"http:\/\/ydrebo.se\/kd\/veckobrev2015\/slott.JPG","contentUrl":"http:\/\/ydrebo.se\/kd\/veckobrev2015\/slott.JPG"},{"@type":"BreadcrumbList","@id":"https:\/\/wp.kristdemokraterna.se\/ydre\/2015-06-18-europas-waterloo\/#breadcrumb","itemListElement":[{"@type":"ListItem","position":1,"name":"Hem","item":"https:\/\/wp.kristdemokraterna.se\/ydre\/"},{"@type":"ListItem","position":2,"name":"2015-06-18 Europas Waterloo"}]},{"@type":"WebSite","@id":"https:\/\/wp.kristdemokraterna.se\/ydre\/#website","url":"https:\/\/wp.kristdemokraterna.se\/ydre\/","name":"Kristdemokraterna i Ydre","description":"En till Kristdemokraterna webbplats","inLanguage":"sv-SE"}]}},"_links":{"self":[{"href":"https:\/\/wp.kristdemokraterna.se\/ydre\/wp-json\/wp\/v2\/pages\/1491","targetHints":{"allow":["GET"]}}],"collection":[{"href":"https:\/\/wp.kristdemokraterna.se\/ydre\/wp-json\/wp\/v2\/pages"}],"about":[{"href":"https:\/\/wp.kristdemokraterna.se\/ydre\/wp-json\/wp\/v2\/types\/page"}],"author":[{"embeddable":true,"href":"https:\/\/wp.kristdemokraterna.se\/ydre\/wp-json\/wp\/v2\/users\/793"}],"replies":[{"embeddable":true,"href":"https:\/\/wp.kristdemokraterna.se\/ydre\/wp-json\/wp\/v2\/comments?post=1491"}],"version-history":[{"count":2,"href":"https:\/\/wp.kristdemokraterna.se\/ydre\/wp-json\/wp\/v2\/pages\/1491\/revisions"}],"predecessor-version":[{"id":1493,"href":"https:\/\/wp.kristdemokraterna.se\/ydre\/wp-json\/wp\/v2\/pages\/1491\/revisions\/1493"}],"wp:attachment":[{"href":"https:\/\/wp.kristdemokraterna.se\/ydre\/wp-json\/wp\/v2\/media?parent=1491"}],"curies":[{"name":"wp","href":"https:\/\/api.w.org\/{rel}","templated":true}]}}