{"id":1504,"date":"2018-08-11T17:35:22","date_gmt":"2018-08-11T15:35:22","guid":{"rendered":"http:\/\/wp.kristdemokraterna.se\/ydre\/?page_id=1504"},"modified":"2018-08-11T17:36:53","modified_gmt":"2018-08-11T15:36:53","slug":"2015-07-08-i-ydre-finns-kulturen","status":"publish","type":"page","link":"https:\/\/wp.kristdemokraterna.se\/ydre\/2015-07-08-i-ydre-finns-kulturen\/","title":{"rendered":"2015-07-08 I Ydre finns kulturen"},"content":{"rendered":"<p><img loading=\"lazy\" decoding=\"async\" src=\"http:\/\/ydrebo.se\/kd\/veckobrev\/kronika140801\/stack.JPG\" width=\"500\" height=\"500\" \/><br \/>\nI dag har jag sett h\u00f6 s\u00e4ttas upp p\u00e5 l\u00e5ngh\u00e4ssjor. Det \u00e4r en del av den gamla bondekulturen (bilden ovan visar ett annat exempel).<\/p>\n<p><img loading=\"lazy\" decoding=\"async\" src=\"http:\/\/ydrebo.se\/kd\/veckobrev2015\/kronika150528\/Torpasjon.JPG\" width=\"600\" height=\"450\" \/><br \/>\nM\u00e5nga som s\u00e5 h\u00e4r \u00e5rs bes\u00f6ker Ydre g\u00f6r det f\u00f6r naturens skull. Men vi ydrebor brukar s\u00e4ga att Ydre ocks\u00e5 \u00e4r en kulturbygd. Det var v\u00e5ra f\u00f6rf\u00e4der som skapade denna kultur redan n\u00e4r Link\u00f6ping och Stockholm fortfarande l\u00e5g p\u00e5 havets botten. Det finns enormt m\u00e5nga fornminnen.<\/p>\n<p><img loading=\"lazy\" decoding=\"async\" src=\"http:\/\/ydrebo.se\/kd\/veckobrev2015\/kronika150708\/smedstorps_dubbelgard3.JPG\" width=\"600\" height=\"450\" \/><br \/>\n<i>Smedstorp (Foto: Barbro Malm)<\/p>\n<p><\/i>Riktigt s\u00e5 gamla byggnader har vi inte. Men vi har \u00e4nd\u00e5 m\u00e5nga kulturhus. De finns runt om i bygden p\u00e5 g\u00e5rdar, p\u00e5 hembygdsg\u00e5rdar, i byar och samh\u00e4llen. Flera \u00e4r officiellt skyddade kulturminnen.<\/p>\n<p><img loading=\"lazy\" decoding=\"async\" src=\"http:\/\/ydrebo.se\/kd\/veckobrev2015\/kronika150708\/asby_prastgard.JPG\" width=\"600\" height=\"461\" \/><br \/>\n<i>Asby pr\u00e4stg\u00e5rd<\/p>\n<p><\/i>Det \u00e4r en upplevelse att vara med om en visning av Smedstorp, S\u00f6dra Br\u00e5ta, R\u00e5\u00e5s kvarn eller \u00d6sterfors smedja.<\/p>\n<p><img loading=\"lazy\" decoding=\"async\" src=\"http:\/\/ydrebo.se\/kd\/veckobrev2015\/kronika150708\/torpa_kyrka.JPG\" width=\"600\" height=\"450\" \/><br \/>\n<i>Torpa kyrka<\/p>\n<p><\/i>Under amerikaveckan som snart kommer blir det visningar p\u00e5 flera st\u00e4llen i Ydre. Kanske kommer en del av v\u00e5ra sl\u00e4ktingar i USA hit f\u00f6r att se varifr\u00e5n deras f\u00f6rf\u00e4der kom.<\/p>\n<p><img loading=\"lazy\" decoding=\"async\" src=\"http:\/\/ydrebo.se\/kd\/veckobrev2015\/kronika150708\/ydregarden.JPG\" width=\"600\" height=\"450\" \/><br \/>\n<i>S\u00e5 h\u00e4r kan man bo n\u00e4r man bes\u00f6ker Ydre (det finns andra m\u00f6jligheter ocks\u00e5)<\/p>\n<p><\/i>Vi hoppas att m\u00e5nga kommer att bes\u00f6ka v\u00e5ra sev\u00e4rdheter. Kanske kommer n\u00e5gra att vilja stanna h\u00e4r d\u00e4r kulturen finns. Vem vet?<\/p>\n<p><i>Bengt Malm, ordf.<br \/>\n8 juli 2015<\/i><\/p>\n<p><i><img loading=\"lazy\" decoding=\"async\" src=\"http:\/\/ydrebo.se\/kd\/veckobrev2015\/kronika150708\/raas_kvarn9b.JPG\" width=\"600\" height=\"450\" \/><br \/>\n<\/i><i>R\u00e5\u00e5s kvarn (Foto: Barbro Malm)<\/i><\/p>\n","protected":false},"excerpt":{"rendered":"<p>I dag har jag sett h\u00f6 s\u00e4ttas upp p\u00e5 l\u00e5ngh\u00e4ssjor. Det \u00e4r en del av den gamla bondekulturen (bilden ovan visar ett annat exempel). M\u00e5nga som s\u00e5 h\u00e4r \u00e5rs bes\u00f6ker Ydre g\u00f6r det f\u00f6r naturens skull. Men vi ydrebor brukar s\u00e4ga att Ydre ocks\u00e5 \u00e4r en kulturbygd. Det var v\u00e5ra f\u00f6rf\u00e4der som skapade denna kultur <a class=\"read-more-link\" href=\"https:\/\/wp.kristdemokraterna.se\/ydre\/2015-07-08-i-ydre-finns-kulturen\/\">L\u00e4s mer<\/a><\/p>\n","protected":false},"author":793,"featured_media":0,"parent":0,"menu_order":0,"comment_status":"closed","ping_status":"closed","template":"","meta":{"_acf_changed":false,"footnotes":""},"class_list":["post-1504","page","type-page","status-publish","hentry"],"acf":[],"yoast_head":"<!-- This site is optimized with the Yoast SEO plugin v27.5 - https:\/\/yoast.com\/product\/yoast-seo-wordpress\/ -->\n<title>2015-07-08 I Ydre finns kulturen - Kristdemokraterna i Ydre<\/title>\n<meta name=\"robots\" content=\"index, follow, max-snippet:-1, max-image-preview:large, max-video-preview:-1\" \/>\n<link rel=\"canonical\" href=\"https:\/\/wp.kristdemokraterna.se\/ydre\/2015-07-08-i-ydre-finns-kulturen\/\" \/>\n<meta property=\"og:locale\" content=\"sv_SE\" \/>\n<meta property=\"og:type\" content=\"article\" \/>\n<meta property=\"og:title\" content=\"2015-07-08 I Ydre finns kulturen - Kristdemokraterna i Ydre\" \/>\n<meta property=\"og:description\" content=\"I dag har jag sett h\u00f6 s\u00e4ttas upp p\u00e5 l\u00e5ngh\u00e4ssjor. Det \u00e4r en del av den gamla bondekulturen (bilden ovan visar ett annat exempel). M\u00e5nga som s\u00e5 h\u00e4r \u00e5rs bes\u00f6ker Ydre g\u00f6r det f\u00f6r naturens skull. Men vi ydrebor brukar s\u00e4ga att Ydre ocks\u00e5 \u00e4r en kulturbygd. Det var v\u00e5ra f\u00f6rf\u00e4der som skapade denna kultur L\u00e4s mer\" \/>\n<meta property=\"og:url\" content=\"https:\/\/wp.kristdemokraterna.se\/ydre\/2015-07-08-i-ydre-finns-kulturen\/\" \/>\n<meta property=\"og:site_name\" content=\"Kristdemokraterna i Ydre\" \/>\n<meta property=\"article:modified_time\" content=\"2018-08-11T15:36:53+00:00\" \/>\n<meta property=\"og:image\" content=\"http:\/\/ydrebo.se\/kd\/veckobrev\/kronika140801\/stack.JPG\" \/>\n<meta name=\"twitter:card\" content=\"summary_large_image\" \/>\n<meta name=\"twitter:label1\" content=\"Ber\u00e4knad l\u00e4stid\" \/>\n\t<meta name=\"twitter:data1\" content=\"1 minut\" \/>\n<script type=\"application\/ld+json\" class=\"yoast-schema-graph\">{\"@context\":\"https:\\\/\\\/schema.org\",\"@graph\":[{\"@type\":\"WebPage\",\"@id\":\"https:\\\/\\\/wp.kristdemokraterna.se\\\/ydre\\\/2015-07-08-i-ydre-finns-kulturen\\\/\",\"url\":\"https:\\\/\\\/wp.kristdemokraterna.se\\\/ydre\\\/2015-07-08-i-ydre-finns-kulturen\\\/\",\"name\":\"2015-07-08 I Ydre finns kulturen - Kristdemokraterna i Ydre\",\"isPartOf\":{\"@id\":\"https:\\\/\\\/wp.kristdemokraterna.se\\\/ydre\\\/#website\"},\"primaryImageOfPage\":{\"@id\":\"https:\\\/\\\/wp.kristdemokraterna.se\\\/ydre\\\/2015-07-08-i-ydre-finns-kulturen\\\/#primaryimage\"},\"image\":{\"@id\":\"https:\\\/\\\/wp.kristdemokraterna.se\\\/ydre\\\/2015-07-08-i-ydre-finns-kulturen\\\/#primaryimage\"},\"thumbnailUrl\":\"http:\\\/\\\/ydrebo.se\\\/kd\\\/veckobrev\\\/kronika140801\\\/stack.JPG\",\"datePublished\":\"2018-08-11T15:35:22+00:00\",\"dateModified\":\"2018-08-11T15:36:53+00:00\",\"breadcrumb\":{\"@id\":\"https:\\\/\\\/wp.kristdemokraterna.se\\\/ydre\\\/2015-07-08-i-ydre-finns-kulturen\\\/#breadcrumb\"},\"inLanguage\":\"sv-SE\",\"potentialAction\":[{\"@type\":\"ReadAction\",\"target\":[\"https:\\\/\\\/wp.kristdemokraterna.se\\\/ydre\\\/2015-07-08-i-ydre-finns-kulturen\\\/\"]}]},{\"@type\":\"ImageObject\",\"inLanguage\":\"sv-SE\",\"@id\":\"https:\\\/\\\/wp.kristdemokraterna.se\\\/ydre\\\/2015-07-08-i-ydre-finns-kulturen\\\/#primaryimage\",\"url\":\"http:\\\/\\\/ydrebo.se\\\/kd\\\/veckobrev\\\/kronika140801\\\/stack.JPG\",\"contentUrl\":\"http:\\\/\\\/ydrebo.se\\\/kd\\\/veckobrev\\\/kronika140801\\\/stack.JPG\"},{\"@type\":\"BreadcrumbList\",\"@id\":\"https:\\\/\\\/wp.kristdemokraterna.se\\\/ydre\\\/2015-07-08-i-ydre-finns-kulturen\\\/#breadcrumb\",\"itemListElement\":[{\"@type\":\"ListItem\",\"position\":1,\"name\":\"Hem\",\"item\":\"https:\\\/\\\/wp.kristdemokraterna.se\\\/ydre\\\/\"},{\"@type\":\"ListItem\",\"position\":2,\"name\":\"2015-07-08 I Ydre finns kulturen\"}]},{\"@type\":\"WebSite\",\"@id\":\"https:\\\/\\\/wp.kristdemokraterna.se\\\/ydre\\\/#website\",\"url\":\"https:\\\/\\\/wp.kristdemokraterna.se\\\/ydre\\\/\",\"name\":\"Kristdemokraterna i Ydre\",\"description\":\"En till Kristdemokraterna webbplats\",\"inLanguage\":\"sv-SE\"}]}<\/script>\n<!-- \/ Yoast SEO plugin. -->","yoast_head_json":{"title":"2015-07-08 I Ydre finns kulturen - Kristdemokraterna i Ydre","robots":{"index":"index","follow":"follow","max-snippet":"max-snippet:-1","max-image-preview":"max-image-preview:large","max-video-preview":"max-video-preview:-1"},"canonical":"https:\/\/wp.kristdemokraterna.se\/ydre\/2015-07-08-i-ydre-finns-kulturen\/","og_locale":"sv_SE","og_type":"article","og_title":"2015-07-08 I Ydre finns kulturen - Kristdemokraterna i Ydre","og_description":"I dag har jag sett h\u00f6 s\u00e4ttas upp p\u00e5 l\u00e5ngh\u00e4ssjor. Det \u00e4r en del av den gamla bondekulturen (bilden ovan visar ett annat exempel). M\u00e5nga som s\u00e5 h\u00e4r \u00e5rs bes\u00f6ker Ydre g\u00f6r det f\u00f6r naturens skull. Men vi ydrebor brukar s\u00e4ga att Ydre ocks\u00e5 \u00e4r en kulturbygd. Det var v\u00e5ra f\u00f6rf\u00e4der som skapade denna kultur L\u00e4s mer","og_url":"https:\/\/wp.kristdemokraterna.se\/ydre\/2015-07-08-i-ydre-finns-kulturen\/","og_site_name":"Kristdemokraterna i Ydre","article_modified_time":"2018-08-11T15:36:53+00:00","og_image":[{"url":"http:\/\/ydrebo.se\/kd\/veckobrev\/kronika140801\/stack.JPG","type":"","width":"","height":""}],"twitter_card":"summary_large_image","twitter_misc":{"Ber\u00e4knad l\u00e4stid":"1 minut"},"schema":{"@context":"https:\/\/schema.org","@graph":[{"@type":"WebPage","@id":"https:\/\/wp.kristdemokraterna.se\/ydre\/2015-07-08-i-ydre-finns-kulturen\/","url":"https:\/\/wp.kristdemokraterna.se\/ydre\/2015-07-08-i-ydre-finns-kulturen\/","name":"2015-07-08 I Ydre finns kulturen - Kristdemokraterna i Ydre","isPartOf":{"@id":"https:\/\/wp.kristdemokraterna.se\/ydre\/#website"},"primaryImageOfPage":{"@id":"https:\/\/wp.kristdemokraterna.se\/ydre\/2015-07-08-i-ydre-finns-kulturen\/#primaryimage"},"image":{"@id":"https:\/\/wp.kristdemokraterna.se\/ydre\/2015-07-08-i-ydre-finns-kulturen\/#primaryimage"},"thumbnailUrl":"http:\/\/ydrebo.se\/kd\/veckobrev\/kronika140801\/stack.JPG","datePublished":"2018-08-11T15:35:22+00:00","dateModified":"2018-08-11T15:36:53+00:00","breadcrumb":{"@id":"https:\/\/wp.kristdemokraterna.se\/ydre\/2015-07-08-i-ydre-finns-kulturen\/#breadcrumb"},"inLanguage":"sv-SE","potentialAction":[{"@type":"ReadAction","target":["https:\/\/wp.kristdemokraterna.se\/ydre\/2015-07-08-i-ydre-finns-kulturen\/"]}]},{"@type":"ImageObject","inLanguage":"sv-SE","@id":"https:\/\/wp.kristdemokraterna.se\/ydre\/2015-07-08-i-ydre-finns-kulturen\/#primaryimage","url":"http:\/\/ydrebo.se\/kd\/veckobrev\/kronika140801\/stack.JPG","contentUrl":"http:\/\/ydrebo.se\/kd\/veckobrev\/kronika140801\/stack.JPG"},{"@type":"BreadcrumbList","@id":"https:\/\/wp.kristdemokraterna.se\/ydre\/2015-07-08-i-ydre-finns-kulturen\/#breadcrumb","itemListElement":[{"@type":"ListItem","position":1,"name":"Hem","item":"https:\/\/wp.kristdemokraterna.se\/ydre\/"},{"@type":"ListItem","position":2,"name":"2015-07-08 I Ydre finns kulturen"}]},{"@type":"WebSite","@id":"https:\/\/wp.kristdemokraterna.se\/ydre\/#website","url":"https:\/\/wp.kristdemokraterna.se\/ydre\/","name":"Kristdemokraterna i Ydre","description":"En till Kristdemokraterna webbplats","inLanguage":"sv-SE"}]}},"_links":{"self":[{"href":"https:\/\/wp.kristdemokraterna.se\/ydre\/wp-json\/wp\/v2\/pages\/1504","targetHints":{"allow":["GET"]}}],"collection":[{"href":"https:\/\/wp.kristdemokraterna.se\/ydre\/wp-json\/wp\/v2\/pages"}],"about":[{"href":"https:\/\/wp.kristdemokraterna.se\/ydre\/wp-json\/wp\/v2\/types\/page"}],"author":[{"embeddable":true,"href":"https:\/\/wp.kristdemokraterna.se\/ydre\/wp-json\/wp\/v2\/users\/793"}],"replies":[{"embeddable":true,"href":"https:\/\/wp.kristdemokraterna.se\/ydre\/wp-json\/wp\/v2\/comments?post=1504"}],"version-history":[{"count":3,"href":"https:\/\/wp.kristdemokraterna.se\/ydre\/wp-json\/wp\/v2\/pages\/1504\/revisions"}],"predecessor-version":[{"id":1507,"href":"https:\/\/wp.kristdemokraterna.se\/ydre\/wp-json\/wp\/v2\/pages\/1504\/revisions\/1507"}],"wp:attachment":[{"href":"https:\/\/wp.kristdemokraterna.se\/ydre\/wp-json\/wp\/v2\/media?parent=1504"}],"curies":[{"name":"wp","href":"https:\/\/api.w.org\/{rel}","templated":true}]}}