{"id":1522,"date":"2018-08-11T17:53:09","date_gmt":"2018-08-11T15:53:09","guid":{"rendered":"http:\/\/wp.kristdemokraterna.se\/ydre\/?page_id=1522"},"modified":"2018-08-11T17:53:22","modified_gmt":"2018-08-11T15:53:22","slug":"2015-08-06-gron-gubbe-eller-ett-kusligt-70-arsminne","status":"publish","type":"page","link":"https:\/\/wp.kristdemokraterna.se\/ydre\/2015-08-06-gron-gubbe-eller-ett-kusligt-70-arsminne\/","title":{"rendered":"2015-08-06 Gr\u00f6n gubbe eller Ett kusligt 70-\u00e5rsminne"},"content":{"rendered":"<p>Vi tycker nog att Ydre kommun \u00e4r liten. Men den \u00e4r enorm j\u00e4mf\u00f6rt med en del kommuner i landskapet \u00c5land d\u00e4r den minsta har cirka 100 inv\u00e5nare.<br \/>\nHur kommer det sig att det \u00e4r s\u00e5 \u00e5lderdomligt p\u00e5 \u00c5land? Det har med storpolitik att g\u00f6ra. Efter att i hundratals \u00e5r ha tillh\u00f6rt Sverige kom \u00c5land liksom resten av Finland till Ryssland genom ett krig 1808-09. N\u00e4r det gamla ryska riket f\u00f6ll samman 1917 f\u00f6rklarade sig Finland sj\u00e4lvst\u00e4ndigt. Men 96% av \u00e5l\u00e4nningarna ville till Sverige. Tvisten mellan Sverige och Finland f\u00f6ljdes med stort intresse av flera andra l\u00e4nder.<br \/>\nNationernas f\u00f6rbund best\u00e4mde att \u00c5land skulle tillh\u00f6ra Finland men ha stor inre sj\u00e4lstyrelse. Det \u00e4r d\u00e4rf\u00f6r \u00e5l\u00e4nningarna kan organisera sina kommuner p\u00e5 det h\u00e4r viset.<br \/>\nMen det best\u00e4mdes ocks\u00e5 att \u00c5land skall vara neutralt. D\u00e4r skall inte finnas trupper eller milit\u00e4ra anl\u00e4ggningar. Hur skall \u00f6arna d\u00e5 kunna f\u00f6rsvaras? P\u00e5 1930-talet f\u00f6rklarade Sovjetunionen en g\u00e5ng att den g\u00e4rna st\u00e4llde upp med f\u00f6rsvarsanl\u00e4ggningar&#8230;<br \/>\nEnligt den finl\u00e4ndska regeringen och m\u00e5nga politiker p\u00e5 \u00c5land finns det numera ett hot mot landskapet. T\u00e4nk om &#8221;gr\u00f6na gubbar&#8221; fr\u00e5n ett ok\u00e4nt land dyker upp d\u00e4r och tar \u00f6ver! Andra menar att inte heller Gotland har n\u00e5got s\u00e4rskilt bra f\u00f6rsvar mot de gr\u00f6na gubbarna. Och just i dag n\u00e4r Polen har f\u00e5tt en ny president b\u00f6rjar han med att i sitt lands parlament tala om den allt os\u00e4krare situationen i \u00f6stra Europa. \u00c4ven i Sverige talas det om att vi beh\u00f6ver ett starkare f\u00f6rsvar.<br \/>\nDet p\u00e5g\u00e5r flera v\u00e4pnade konflikter i v\u00e4rlden. Men en s\u00e5dan h\u00e4r dag &#8211; 70 \u00e5r efter atombomben i Hiroshima &#8211; p\u00e5minns vi om ett helt annat hot mot m\u00e4nskligheten. Hittills har just hotet om v\u00e4rldsunderg\u00e5ng hindrat k\u00e4rnvapenmakterna fr\u00e5n att anv\u00e4nda sina domedagsvapen. Hur l\u00e4nge h\u00e5ller terrorbalansen?<\/p>\n<p><img loading=\"lazy\" decoding=\"async\" src=\"http:\/\/ydrebo.se\/kd\/veckobrev2015\/bulsjoan2.JPG\" width=\"600\" height=\"460\" \/><br \/>\n<i>Beh\u00f6ver vi h\u00e4r i Ydre bry oss om v\u00e4rldsfreden?<\/p>\n<p><\/i><i>Bengt Malm, ordf.<br \/>\n6 augusti 2015<\/i><\/p>\n","protected":false},"excerpt":{"rendered":"<p>Vi tycker nog att Ydre kommun \u00e4r liten. Men den \u00e4r enorm j\u00e4mf\u00f6rt med en del kommuner i landskapet \u00c5land d\u00e4r den minsta har cirka 100 inv\u00e5nare. Hur kommer det sig att det \u00e4r s\u00e5 \u00e5lderdomligt p\u00e5 \u00c5land? Det har med storpolitik att g\u00f6ra. Efter att i hundratals \u00e5r ha tillh\u00f6rt Sverige kom \u00c5land liksom <a class=\"read-more-link\" href=\"https:\/\/wp.kristdemokraterna.se\/ydre\/2015-08-06-gron-gubbe-eller-ett-kusligt-70-arsminne\/\">L\u00e4s mer<\/a><\/p>\n","protected":false},"author":793,"featured_media":0,"parent":0,"menu_order":0,"comment_status":"closed","ping_status":"closed","template":"","meta":{"_acf_changed":false,"footnotes":""},"class_list":["post-1522","page","type-page","status-publish","hentry"],"acf":[],"yoast_head":"<!-- This site is optimized with the Yoast SEO plugin v27.5 - https:\/\/yoast.com\/product\/yoast-seo-wordpress\/ -->\n<title>2015-08-06 Gr\u00f6n gubbe eller Ett kusligt 70-\u00e5rsminne - Kristdemokraterna i Ydre<\/title>\n<meta name=\"robots\" content=\"index, follow, max-snippet:-1, max-image-preview:large, max-video-preview:-1\" \/>\n<link rel=\"canonical\" href=\"https:\/\/wp.kristdemokraterna.se\/ydre\/2015-08-06-gron-gubbe-eller-ett-kusligt-70-arsminne\/\" \/>\n<meta property=\"og:locale\" content=\"sv_SE\" \/>\n<meta property=\"og:type\" content=\"article\" \/>\n<meta property=\"og:title\" content=\"2015-08-06 Gr\u00f6n gubbe eller Ett kusligt 70-\u00e5rsminne - Kristdemokraterna i Ydre\" \/>\n<meta property=\"og:description\" content=\"Vi tycker nog att Ydre kommun \u00e4r liten. Men den \u00e4r enorm j\u00e4mf\u00f6rt med en del kommuner i landskapet \u00c5land d\u00e4r den minsta har cirka 100 inv\u00e5nare. Hur kommer det sig att det \u00e4r s\u00e5 \u00e5lderdomligt p\u00e5 \u00c5land? Det har med storpolitik att g\u00f6ra. Efter att i hundratals \u00e5r ha tillh\u00f6rt Sverige kom \u00c5land liksom L\u00e4s mer\" \/>\n<meta property=\"og:url\" content=\"https:\/\/wp.kristdemokraterna.se\/ydre\/2015-08-06-gron-gubbe-eller-ett-kusligt-70-arsminne\/\" \/>\n<meta property=\"og:site_name\" content=\"Kristdemokraterna i Ydre\" \/>\n<meta property=\"article:modified_time\" content=\"2018-08-11T15:53:22+00:00\" \/>\n<meta property=\"og:image\" content=\"http:\/\/ydrebo.se\/kd\/veckobrev2015\/bulsjoan2.JPG\" \/>\n<meta name=\"twitter:card\" content=\"summary_large_image\" \/>\n<meta name=\"twitter:label1\" content=\"Ber\u00e4knad l\u00e4stid\" \/>\n\t<meta name=\"twitter:data1\" content=\"2 minuter\" \/>\n<script type=\"application\/ld+json\" class=\"yoast-schema-graph\">{\"@context\":\"https:\\\/\\\/schema.org\",\"@graph\":[{\"@type\":\"WebPage\",\"@id\":\"https:\\\/\\\/wp.kristdemokraterna.se\\\/ydre\\\/2015-08-06-gron-gubbe-eller-ett-kusligt-70-arsminne\\\/\",\"url\":\"https:\\\/\\\/wp.kristdemokraterna.se\\\/ydre\\\/2015-08-06-gron-gubbe-eller-ett-kusligt-70-arsminne\\\/\",\"name\":\"2015-08-06 Gr\u00f6n gubbe eller Ett kusligt 70-\u00e5rsminne - Kristdemokraterna i Ydre\",\"isPartOf\":{\"@id\":\"https:\\\/\\\/wp.kristdemokraterna.se\\\/ydre\\\/#website\"},\"primaryImageOfPage\":{\"@id\":\"https:\\\/\\\/wp.kristdemokraterna.se\\\/ydre\\\/2015-08-06-gron-gubbe-eller-ett-kusligt-70-arsminne\\\/#primaryimage\"},\"image\":{\"@id\":\"https:\\\/\\\/wp.kristdemokraterna.se\\\/ydre\\\/2015-08-06-gron-gubbe-eller-ett-kusligt-70-arsminne\\\/#primaryimage\"},\"thumbnailUrl\":\"http:\\\/\\\/ydrebo.se\\\/kd\\\/veckobrev2015\\\/bulsjoan2.JPG\",\"datePublished\":\"2018-08-11T15:53:09+00:00\",\"dateModified\":\"2018-08-11T15:53:22+00:00\",\"breadcrumb\":{\"@id\":\"https:\\\/\\\/wp.kristdemokraterna.se\\\/ydre\\\/2015-08-06-gron-gubbe-eller-ett-kusligt-70-arsminne\\\/#breadcrumb\"},\"inLanguage\":\"sv-SE\",\"potentialAction\":[{\"@type\":\"ReadAction\",\"target\":[\"https:\\\/\\\/wp.kristdemokraterna.se\\\/ydre\\\/2015-08-06-gron-gubbe-eller-ett-kusligt-70-arsminne\\\/\"]}]},{\"@type\":\"ImageObject\",\"inLanguage\":\"sv-SE\",\"@id\":\"https:\\\/\\\/wp.kristdemokraterna.se\\\/ydre\\\/2015-08-06-gron-gubbe-eller-ett-kusligt-70-arsminne\\\/#primaryimage\",\"url\":\"http:\\\/\\\/ydrebo.se\\\/kd\\\/veckobrev2015\\\/bulsjoan2.JPG\",\"contentUrl\":\"http:\\\/\\\/ydrebo.se\\\/kd\\\/veckobrev2015\\\/bulsjoan2.JPG\"},{\"@type\":\"BreadcrumbList\",\"@id\":\"https:\\\/\\\/wp.kristdemokraterna.se\\\/ydre\\\/2015-08-06-gron-gubbe-eller-ett-kusligt-70-arsminne\\\/#breadcrumb\",\"itemListElement\":[{\"@type\":\"ListItem\",\"position\":1,\"name\":\"Hem\",\"item\":\"https:\\\/\\\/wp.kristdemokraterna.se\\\/ydre\\\/\"},{\"@type\":\"ListItem\",\"position\":2,\"name\":\"2015-08-06 Gr\u00f6n gubbe eller Ett kusligt 70-\u00e5rsminne\"}]},{\"@type\":\"WebSite\",\"@id\":\"https:\\\/\\\/wp.kristdemokraterna.se\\\/ydre\\\/#website\",\"url\":\"https:\\\/\\\/wp.kristdemokraterna.se\\\/ydre\\\/\",\"name\":\"Kristdemokraterna i Ydre\",\"description\":\"En till Kristdemokraterna webbplats\",\"inLanguage\":\"sv-SE\"}]}<\/script>\n<!-- \/ Yoast SEO plugin. -->","yoast_head_json":{"title":"2015-08-06 Gr\u00f6n gubbe eller Ett kusligt 70-\u00e5rsminne - Kristdemokraterna i Ydre","robots":{"index":"index","follow":"follow","max-snippet":"max-snippet:-1","max-image-preview":"max-image-preview:large","max-video-preview":"max-video-preview:-1"},"canonical":"https:\/\/wp.kristdemokraterna.se\/ydre\/2015-08-06-gron-gubbe-eller-ett-kusligt-70-arsminne\/","og_locale":"sv_SE","og_type":"article","og_title":"2015-08-06 Gr\u00f6n gubbe eller Ett kusligt 70-\u00e5rsminne - Kristdemokraterna i Ydre","og_description":"Vi tycker nog att Ydre kommun \u00e4r liten. Men den \u00e4r enorm j\u00e4mf\u00f6rt med en del kommuner i landskapet \u00c5land d\u00e4r den minsta har cirka 100 inv\u00e5nare. Hur kommer det sig att det \u00e4r s\u00e5 \u00e5lderdomligt p\u00e5 \u00c5land? Det har med storpolitik att g\u00f6ra. Efter att i hundratals \u00e5r ha tillh\u00f6rt Sverige kom \u00c5land liksom L\u00e4s mer","og_url":"https:\/\/wp.kristdemokraterna.se\/ydre\/2015-08-06-gron-gubbe-eller-ett-kusligt-70-arsminne\/","og_site_name":"Kristdemokraterna i Ydre","article_modified_time":"2018-08-11T15:53:22+00:00","og_image":[{"url":"http:\/\/ydrebo.se\/kd\/veckobrev2015\/bulsjoan2.JPG","type":"","width":"","height":""}],"twitter_card":"summary_large_image","twitter_misc":{"Ber\u00e4knad l\u00e4stid":"2 minuter"},"schema":{"@context":"https:\/\/schema.org","@graph":[{"@type":"WebPage","@id":"https:\/\/wp.kristdemokraterna.se\/ydre\/2015-08-06-gron-gubbe-eller-ett-kusligt-70-arsminne\/","url":"https:\/\/wp.kristdemokraterna.se\/ydre\/2015-08-06-gron-gubbe-eller-ett-kusligt-70-arsminne\/","name":"2015-08-06 Gr\u00f6n gubbe eller Ett kusligt 70-\u00e5rsminne - Kristdemokraterna i Ydre","isPartOf":{"@id":"https:\/\/wp.kristdemokraterna.se\/ydre\/#website"},"primaryImageOfPage":{"@id":"https:\/\/wp.kristdemokraterna.se\/ydre\/2015-08-06-gron-gubbe-eller-ett-kusligt-70-arsminne\/#primaryimage"},"image":{"@id":"https:\/\/wp.kristdemokraterna.se\/ydre\/2015-08-06-gron-gubbe-eller-ett-kusligt-70-arsminne\/#primaryimage"},"thumbnailUrl":"http:\/\/ydrebo.se\/kd\/veckobrev2015\/bulsjoan2.JPG","datePublished":"2018-08-11T15:53:09+00:00","dateModified":"2018-08-11T15:53:22+00:00","breadcrumb":{"@id":"https:\/\/wp.kristdemokraterna.se\/ydre\/2015-08-06-gron-gubbe-eller-ett-kusligt-70-arsminne\/#breadcrumb"},"inLanguage":"sv-SE","potentialAction":[{"@type":"ReadAction","target":["https:\/\/wp.kristdemokraterna.se\/ydre\/2015-08-06-gron-gubbe-eller-ett-kusligt-70-arsminne\/"]}]},{"@type":"ImageObject","inLanguage":"sv-SE","@id":"https:\/\/wp.kristdemokraterna.se\/ydre\/2015-08-06-gron-gubbe-eller-ett-kusligt-70-arsminne\/#primaryimage","url":"http:\/\/ydrebo.se\/kd\/veckobrev2015\/bulsjoan2.JPG","contentUrl":"http:\/\/ydrebo.se\/kd\/veckobrev2015\/bulsjoan2.JPG"},{"@type":"BreadcrumbList","@id":"https:\/\/wp.kristdemokraterna.se\/ydre\/2015-08-06-gron-gubbe-eller-ett-kusligt-70-arsminne\/#breadcrumb","itemListElement":[{"@type":"ListItem","position":1,"name":"Hem","item":"https:\/\/wp.kristdemokraterna.se\/ydre\/"},{"@type":"ListItem","position":2,"name":"2015-08-06 Gr\u00f6n gubbe eller Ett kusligt 70-\u00e5rsminne"}]},{"@type":"WebSite","@id":"https:\/\/wp.kristdemokraterna.se\/ydre\/#website","url":"https:\/\/wp.kristdemokraterna.se\/ydre\/","name":"Kristdemokraterna i Ydre","description":"En till Kristdemokraterna webbplats","inLanguage":"sv-SE"}]}},"_links":{"self":[{"href":"https:\/\/wp.kristdemokraterna.se\/ydre\/wp-json\/wp\/v2\/pages\/1522","targetHints":{"allow":["GET"]}}],"collection":[{"href":"https:\/\/wp.kristdemokraterna.se\/ydre\/wp-json\/wp\/v2\/pages"}],"about":[{"href":"https:\/\/wp.kristdemokraterna.se\/ydre\/wp-json\/wp\/v2\/types\/page"}],"author":[{"embeddable":true,"href":"https:\/\/wp.kristdemokraterna.se\/ydre\/wp-json\/wp\/v2\/users\/793"}],"replies":[{"embeddable":true,"href":"https:\/\/wp.kristdemokraterna.se\/ydre\/wp-json\/wp\/v2\/comments?post=1522"}],"version-history":[{"count":2,"href":"https:\/\/wp.kristdemokraterna.se\/ydre\/wp-json\/wp\/v2\/pages\/1522\/revisions"}],"predecessor-version":[{"id":1524,"href":"https:\/\/wp.kristdemokraterna.se\/ydre\/wp-json\/wp\/v2\/pages\/1522\/revisions\/1524"}],"wp:attachment":[{"href":"https:\/\/wp.kristdemokraterna.se\/ydre\/wp-json\/wp\/v2\/media?parent=1522"}],"curies":[{"name":"wp","href":"https:\/\/api.w.org\/{rel}","templated":true}]}}