{"id":1532,"date":"2018-08-11T18:03:28","date_gmt":"2018-08-11T16:03:28","guid":{"rendered":"http:\/\/wp.kristdemokraterna.se\/ydre\/?page_id=1532"},"modified":"2018-08-11T18:04:20","modified_gmt":"2018-08-11T16:04:20","slug":"2015-08-17-var-beredskap-ar-god","status":"publish","type":"page","link":"https:\/\/wp.kristdemokraterna.se\/ydre\/2015-08-17-var-beredskap-ar-god\/","title":{"rendered":"2015-08-17 V\u00e5r beredskap \u00e4r god (?)"},"content":{"rendered":"<p>Sveriges tr\u00e4st\u00e4der \u00e4r till stor del borta. De har i de flesta fall brunnit upp. N\u00e4stan alla de \u00e5terst\u00e5ende har rivits. P\u00e5 n\u00e5gra st\u00e4llen (som i \u00d6rebro och Link\u00f6ping) har man \u00e5ngrat sig och byggt upp kvarter med gamla hus som flyttats. Som g\u00e5rdagenbs stora brand i Eksj\u00f6 visar \u00e4r det inte helt problemfritt. Tr\u00e4staden d\u00e4r var bevarad i gammalt skick och har nu f\u00e5tt en mycket stor lucka.<\/p>\n<p><img loading=\"lazy\" decoding=\"async\" src=\"http:\/\/ydrebo.se\/kd\/veckobrev2015\/Wadkoping.JPG\" width=\"600\" height=\"450\" \/><br \/>\n<i>Vackert men brandfarligt (Wadk\u00f6ping i \u00d6rebro).<\/p>\n<p><\/i>Numera f\u00e5r man inte bygga som i Eksj\u00f6 tr\u00e4stad. Sj\u00e4lv har jag varit med om en mycket st\u00f6rre brand utomlands. Gr\u00e4nderna var smala. Det fanns inga vattenledningar utan vatten m\u00e5ste b\u00e4ras hinkvis. Ett bra brandf\u00f6rsvar \u00e4r naturligtvis n\u00f6dv\u00e4ndigt.<br \/>\nMen olyckor av olika slag b\u00f6r framf\u00f6r allt f\u00f6rebyggas. Barn b\u00f6r l\u00e4ra sig simma. Det \u00e4r bra om det finns hj\u00e4rtstartare p\u00e5 m\u00e5nga st\u00e4llen osv. Det beh\u00f6vs regler f\u00f6r byggnader, v\u00e4gar, sj\u00f6fart, flyg och mycket annat.<\/p>\n<p><img loading=\"lazy\" decoding=\"async\" src=\"http:\/\/ydrebo.se\/kd\/veckobrev2015\/Smogen.JPG\" width=\"600\" height=\"450\" \/><br \/>\n<i>Ocks\u00e5 vackert men brandfarligt (Sm\u00f6gen).<\/p>\n<p><\/i>Och s\u00e5 beh\u00f6vs det personer som har jour i olika sammanhang. Ydre kommer att ansluta sig till H\u00f6glandets socialjour. F\u00f6r det beh\u00f6vs jour inom socialtj\u00e4nsten. Det g\u00f6r det ocks\u00e5 inom sjukv\u00e5rden. Folk som blir sjuka m\u00e5ste f\u00e5 hj\u00e4lp snabbt. Efter vad jag h\u00f6rt beh\u00f6ver det bli b\u00e4ttre i Ydre i det fallet.<br \/>\nF\u00f6r \u00e4ven om vi tycker att v\u00e5r beredskap \u00e4r god m\u00e5ste vi se efter om den kan bli b\u00e4ttre.<\/p>\n<p><i>Bengt Malm, ordf.<br \/>\n17 augusti 2015<\/i><\/p>\n<p><img loading=\"lazy\" decoding=\"async\" src=\"http:\/\/ydrebo.se\/kd\/veckobrev2015\/brandstation.JPG\" width=\"600\" height=\"450\" \/><br \/>\n<i>Vi m\u00e5ste ha beredskap (sk\u00e4rg\u00e5rds\u00f6n \u00c5stol i Bohusl\u00e4n)<\/i><\/p>\n","protected":false},"excerpt":{"rendered":"<p>Sveriges tr\u00e4st\u00e4der \u00e4r till stor del borta. De har i de flesta fall brunnit upp. N\u00e4stan alla de \u00e5terst\u00e5ende har rivits. P\u00e5 n\u00e5gra st\u00e4llen (som i \u00d6rebro och Link\u00f6ping) har man \u00e5ngrat sig och byggt upp kvarter med gamla hus som flyttats. Som g\u00e5rdagenbs stora brand i Eksj\u00f6 visar \u00e4r det inte helt problemfritt. Tr\u00e4staden <a class=\"read-more-link\" href=\"https:\/\/wp.kristdemokraterna.se\/ydre\/2015-08-17-var-beredskap-ar-god\/\">L\u00e4s mer<\/a><\/p>\n","protected":false},"author":793,"featured_media":0,"parent":0,"menu_order":0,"comment_status":"closed","ping_status":"closed","template":"","meta":{"_acf_changed":false,"footnotes":""},"class_list":["post-1532","page","type-page","status-publish","hentry"],"acf":[],"yoast_head":"<!-- This site is optimized with the Yoast SEO plugin v27.5 - https:\/\/yoast.com\/product\/yoast-seo-wordpress\/ -->\n<title>2015-08-17 V\u00e5r beredskap \u00e4r god (?) - Kristdemokraterna i Ydre<\/title>\n<meta name=\"robots\" content=\"index, follow, max-snippet:-1, max-image-preview:large, max-video-preview:-1\" \/>\n<link rel=\"canonical\" href=\"https:\/\/wp.kristdemokraterna.se\/ydre\/2015-08-17-var-beredskap-ar-god\/\" \/>\n<meta property=\"og:locale\" content=\"sv_SE\" \/>\n<meta property=\"og:type\" content=\"article\" \/>\n<meta property=\"og:title\" content=\"2015-08-17 V\u00e5r beredskap \u00e4r god (?) - Kristdemokraterna i Ydre\" \/>\n<meta property=\"og:description\" content=\"Sveriges tr\u00e4st\u00e4der \u00e4r till stor del borta. De har i de flesta fall brunnit upp. N\u00e4stan alla de \u00e5terst\u00e5ende har rivits. P\u00e5 n\u00e5gra st\u00e4llen (som i \u00d6rebro och Link\u00f6ping) har man \u00e5ngrat sig och byggt upp kvarter med gamla hus som flyttats. Som g\u00e5rdagenbs stora brand i Eksj\u00f6 visar \u00e4r det inte helt problemfritt. Tr\u00e4staden L\u00e4s mer\" \/>\n<meta property=\"og:url\" content=\"https:\/\/wp.kristdemokraterna.se\/ydre\/2015-08-17-var-beredskap-ar-god\/\" \/>\n<meta property=\"og:site_name\" content=\"Kristdemokraterna i Ydre\" \/>\n<meta property=\"article:modified_time\" content=\"2018-08-11T16:04:20+00:00\" \/>\n<meta property=\"og:image\" content=\"http:\/\/ydrebo.se\/kd\/veckobrev2015\/Wadkoping.JPG\" \/>\n<meta name=\"twitter:card\" content=\"summary_large_image\" \/>\n<meta name=\"twitter:label1\" content=\"Ber\u00e4knad l\u00e4stid\" \/>\n\t<meta name=\"twitter:data1\" content=\"1 minut\" \/>\n<script type=\"application\/ld+json\" class=\"yoast-schema-graph\">{\"@context\":\"https:\\\/\\\/schema.org\",\"@graph\":[{\"@type\":\"WebPage\",\"@id\":\"https:\\\/\\\/wp.kristdemokraterna.se\\\/ydre\\\/2015-08-17-var-beredskap-ar-god\\\/\",\"url\":\"https:\\\/\\\/wp.kristdemokraterna.se\\\/ydre\\\/2015-08-17-var-beredskap-ar-god\\\/\",\"name\":\"2015-08-17 V\u00e5r beredskap \u00e4r god (?) - Kristdemokraterna i Ydre\",\"isPartOf\":{\"@id\":\"https:\\\/\\\/wp.kristdemokraterna.se\\\/ydre\\\/#website\"},\"primaryImageOfPage\":{\"@id\":\"https:\\\/\\\/wp.kristdemokraterna.se\\\/ydre\\\/2015-08-17-var-beredskap-ar-god\\\/#primaryimage\"},\"image\":{\"@id\":\"https:\\\/\\\/wp.kristdemokraterna.se\\\/ydre\\\/2015-08-17-var-beredskap-ar-god\\\/#primaryimage\"},\"thumbnailUrl\":\"http:\\\/\\\/ydrebo.se\\\/kd\\\/veckobrev2015\\\/Wadkoping.JPG\",\"datePublished\":\"2018-08-11T16:03:28+00:00\",\"dateModified\":\"2018-08-11T16:04:20+00:00\",\"breadcrumb\":{\"@id\":\"https:\\\/\\\/wp.kristdemokraterna.se\\\/ydre\\\/2015-08-17-var-beredskap-ar-god\\\/#breadcrumb\"},\"inLanguage\":\"sv-SE\",\"potentialAction\":[{\"@type\":\"ReadAction\",\"target\":[\"https:\\\/\\\/wp.kristdemokraterna.se\\\/ydre\\\/2015-08-17-var-beredskap-ar-god\\\/\"]}]},{\"@type\":\"ImageObject\",\"inLanguage\":\"sv-SE\",\"@id\":\"https:\\\/\\\/wp.kristdemokraterna.se\\\/ydre\\\/2015-08-17-var-beredskap-ar-god\\\/#primaryimage\",\"url\":\"http:\\\/\\\/ydrebo.se\\\/kd\\\/veckobrev2015\\\/Wadkoping.JPG\",\"contentUrl\":\"http:\\\/\\\/ydrebo.se\\\/kd\\\/veckobrev2015\\\/Wadkoping.JPG\"},{\"@type\":\"BreadcrumbList\",\"@id\":\"https:\\\/\\\/wp.kristdemokraterna.se\\\/ydre\\\/2015-08-17-var-beredskap-ar-god\\\/#breadcrumb\",\"itemListElement\":[{\"@type\":\"ListItem\",\"position\":1,\"name\":\"Hem\",\"item\":\"https:\\\/\\\/wp.kristdemokraterna.se\\\/ydre\\\/\"},{\"@type\":\"ListItem\",\"position\":2,\"name\":\"2015-08-17 V\u00e5r beredskap \u00e4r god (?)\"}]},{\"@type\":\"WebSite\",\"@id\":\"https:\\\/\\\/wp.kristdemokraterna.se\\\/ydre\\\/#website\",\"url\":\"https:\\\/\\\/wp.kristdemokraterna.se\\\/ydre\\\/\",\"name\":\"Kristdemokraterna i Ydre\",\"description\":\"En till Kristdemokraterna webbplats\",\"inLanguage\":\"sv-SE\"}]}<\/script>\n<!-- \/ Yoast SEO plugin. -->","yoast_head_json":{"title":"2015-08-17 V\u00e5r beredskap \u00e4r god (?) - Kristdemokraterna i Ydre","robots":{"index":"index","follow":"follow","max-snippet":"max-snippet:-1","max-image-preview":"max-image-preview:large","max-video-preview":"max-video-preview:-1"},"canonical":"https:\/\/wp.kristdemokraterna.se\/ydre\/2015-08-17-var-beredskap-ar-god\/","og_locale":"sv_SE","og_type":"article","og_title":"2015-08-17 V\u00e5r beredskap \u00e4r god (?) - Kristdemokraterna i Ydre","og_description":"Sveriges tr\u00e4st\u00e4der \u00e4r till stor del borta. De har i de flesta fall brunnit upp. N\u00e4stan alla de \u00e5terst\u00e5ende har rivits. P\u00e5 n\u00e5gra st\u00e4llen (som i \u00d6rebro och Link\u00f6ping) har man \u00e5ngrat sig och byggt upp kvarter med gamla hus som flyttats. Som g\u00e5rdagenbs stora brand i Eksj\u00f6 visar \u00e4r det inte helt problemfritt. Tr\u00e4staden L\u00e4s mer","og_url":"https:\/\/wp.kristdemokraterna.se\/ydre\/2015-08-17-var-beredskap-ar-god\/","og_site_name":"Kristdemokraterna i Ydre","article_modified_time":"2018-08-11T16:04:20+00:00","og_image":[{"url":"http:\/\/ydrebo.se\/kd\/veckobrev2015\/Wadkoping.JPG","type":"","width":"","height":""}],"twitter_card":"summary_large_image","twitter_misc":{"Ber\u00e4knad l\u00e4stid":"1 minut"},"schema":{"@context":"https:\/\/schema.org","@graph":[{"@type":"WebPage","@id":"https:\/\/wp.kristdemokraterna.se\/ydre\/2015-08-17-var-beredskap-ar-god\/","url":"https:\/\/wp.kristdemokraterna.se\/ydre\/2015-08-17-var-beredskap-ar-god\/","name":"2015-08-17 V\u00e5r beredskap \u00e4r god (?) - Kristdemokraterna i Ydre","isPartOf":{"@id":"https:\/\/wp.kristdemokraterna.se\/ydre\/#website"},"primaryImageOfPage":{"@id":"https:\/\/wp.kristdemokraterna.se\/ydre\/2015-08-17-var-beredskap-ar-god\/#primaryimage"},"image":{"@id":"https:\/\/wp.kristdemokraterna.se\/ydre\/2015-08-17-var-beredskap-ar-god\/#primaryimage"},"thumbnailUrl":"http:\/\/ydrebo.se\/kd\/veckobrev2015\/Wadkoping.JPG","datePublished":"2018-08-11T16:03:28+00:00","dateModified":"2018-08-11T16:04:20+00:00","breadcrumb":{"@id":"https:\/\/wp.kristdemokraterna.se\/ydre\/2015-08-17-var-beredskap-ar-god\/#breadcrumb"},"inLanguage":"sv-SE","potentialAction":[{"@type":"ReadAction","target":["https:\/\/wp.kristdemokraterna.se\/ydre\/2015-08-17-var-beredskap-ar-god\/"]}]},{"@type":"ImageObject","inLanguage":"sv-SE","@id":"https:\/\/wp.kristdemokraterna.se\/ydre\/2015-08-17-var-beredskap-ar-god\/#primaryimage","url":"http:\/\/ydrebo.se\/kd\/veckobrev2015\/Wadkoping.JPG","contentUrl":"http:\/\/ydrebo.se\/kd\/veckobrev2015\/Wadkoping.JPG"},{"@type":"BreadcrumbList","@id":"https:\/\/wp.kristdemokraterna.se\/ydre\/2015-08-17-var-beredskap-ar-god\/#breadcrumb","itemListElement":[{"@type":"ListItem","position":1,"name":"Hem","item":"https:\/\/wp.kristdemokraterna.se\/ydre\/"},{"@type":"ListItem","position":2,"name":"2015-08-17 V\u00e5r beredskap \u00e4r god (?)"}]},{"@type":"WebSite","@id":"https:\/\/wp.kristdemokraterna.se\/ydre\/#website","url":"https:\/\/wp.kristdemokraterna.se\/ydre\/","name":"Kristdemokraterna i Ydre","description":"En till Kristdemokraterna webbplats","inLanguage":"sv-SE"}]}},"_links":{"self":[{"href":"https:\/\/wp.kristdemokraterna.se\/ydre\/wp-json\/wp\/v2\/pages\/1532","targetHints":{"allow":["GET"]}}],"collection":[{"href":"https:\/\/wp.kristdemokraterna.se\/ydre\/wp-json\/wp\/v2\/pages"}],"about":[{"href":"https:\/\/wp.kristdemokraterna.se\/ydre\/wp-json\/wp\/v2\/types\/page"}],"author":[{"embeddable":true,"href":"https:\/\/wp.kristdemokraterna.se\/ydre\/wp-json\/wp\/v2\/users\/793"}],"replies":[{"embeddable":true,"href":"https:\/\/wp.kristdemokraterna.se\/ydre\/wp-json\/wp\/v2\/comments?post=1532"}],"version-history":[{"count":2,"href":"https:\/\/wp.kristdemokraterna.se\/ydre\/wp-json\/wp\/v2\/pages\/1532\/revisions"}],"predecessor-version":[{"id":1534,"href":"https:\/\/wp.kristdemokraterna.se\/ydre\/wp-json\/wp\/v2\/pages\/1532\/revisions\/1534"}],"wp:attachment":[{"href":"https:\/\/wp.kristdemokraterna.se\/ydre\/wp-json\/wp\/v2\/media?parent=1532"}],"curies":[{"name":"wp","href":"https:\/\/api.w.org\/{rel}","templated":true}]}}