{"id":1823,"date":"2024-04-27T15:16:42","date_gmt":"2024-04-27T13:16:42","guid":{"rendered":"https:\/\/wp.kristdemokraterna.se\/ydre\/?page_id=1823"},"modified":"2024-04-28T22:12:20","modified_gmt":"2024-04-28T20:12:20","slug":"traff-med-partiavdelningsordforande-och-gruppledare-for-kd-i-ostergotland-den-15-februari-i-regionhuset-i-linkoping","status":"publish","type":"page","link":"https:\/\/wp.kristdemokraterna.se\/ydre\/i-var-kommun\/har-ar-2024-ars-handelser\/traff-med-partiavdelningsordforande-och-gruppledare-for-kd-i-ostergotland-den-15-februari-i-regionhuset-i-linkoping\/","title":{"rendered":"Tr\u00e4ff med partiavdelningsordf\u00f6rande och gruppledare f\u00f6r KD i \u00d6sterg\u00f6tland den 15 februari i Regionhuset i Link\u00f6ping!"},"content":{"rendered":"<p><a href=\"http:\/\/wp.kristdemokraterna.se\/ydre\/files\/2024\/04\/en-1-scaled.jpg\"><img loading=\"lazy\" decoding=\"async\" class=\"alignnone size-medium wp-image-1824\" src=\"http:\/\/wp.kristdemokraterna.se\/ydre\/files\/2024\/04\/en-1-225x300.jpg\" alt=\"\" width=\"225\" height=\"300\" srcset=\"https:\/\/wp.kristdemokraterna.se\/ydre\/files\/2024\/04\/en-1-225x300.jpg 225w, https:\/\/wp.kristdemokraterna.se\/ydre\/files\/2024\/04\/en-1-768x1024.jpg 768w, https:\/\/wp.kristdemokraterna.se\/ydre\/files\/2024\/04\/en-1-1152x1536.jpg 1152w, https:\/\/wp.kristdemokraterna.se\/ydre\/files\/2024\/04\/en-1-1536x2048.jpg 1536w, https:\/\/wp.kristdemokraterna.se\/ydre\/files\/2024\/04\/en-1-150x200.jpg 150w, https:\/\/wp.kristdemokraterna.se\/ydre\/files\/2024\/04\/en-1-370x493.jpg 370w, https:\/\/wp.kristdemokraterna.se\/ydre\/files\/2024\/04\/en-1-770x1027.jpg 770w, https:\/\/wp.kristdemokraterna.se\/ydre\/files\/2024\/04\/en-1-450x600.jpg 450w, https:\/\/wp.kristdemokraterna.se\/ydre\/files\/2024\/04\/en-1-280x373.jpg 280w, https:\/\/wp.kristdemokraterna.se\/ydre\/files\/2024\/04\/en-1-340x453.jpg 340w, https:\/\/wp.kristdemokraterna.se\/ydre\/files\/2024\/04\/en-1-42x56.jpg 42w, https:\/\/wp.kristdemokraterna.se\/ydre\/files\/2024\/04\/en-1-scaled.jpg 1920w\" sizes=\"auto, (max-width: 225px) 100vw, 225px\" \/><\/a><br \/>\nHans Eklind riksdagsledamot fr\u00e5n \u00d6rebro kommun<br \/>\nber\u00e4ttar om arbetet med Samh\u00e4llsbyggarkommitt\u00e9n<br \/>\nf\u00f6r Kristdemokraterna och vilka fr\u00e5gor de har hand om.<\/p>\n<p><a href=\"http:\/\/wp.kristdemokraterna.se\/ydre\/files\/2024\/04\/tre-scaled.jpg\"><img loading=\"lazy\" decoding=\"async\" class=\"alignnone size-medium wp-image-1825\" src=\"http:\/\/wp.kristdemokraterna.se\/ydre\/files\/2024\/04\/tre-225x300.jpg\" alt=\"\" width=\"225\" height=\"300\" srcset=\"https:\/\/wp.kristdemokraterna.se\/ydre\/files\/2024\/04\/tre-225x300.jpg 225w, https:\/\/wp.kristdemokraterna.se\/ydre\/files\/2024\/04\/tre-768x1024.jpg 768w, https:\/\/wp.kristdemokraterna.se\/ydre\/files\/2024\/04\/tre-1152x1536.jpg 1152w, https:\/\/wp.kristdemokraterna.se\/ydre\/files\/2024\/04\/tre-1536x2048.jpg 1536w, https:\/\/wp.kristdemokraterna.se\/ydre\/files\/2024\/04\/tre-150x200.jpg 150w, https:\/\/wp.kristdemokraterna.se\/ydre\/files\/2024\/04\/tre-370x493.jpg 370w, https:\/\/wp.kristdemokraterna.se\/ydre\/files\/2024\/04\/tre-770x1027.jpg 770w, https:\/\/wp.kristdemokraterna.se\/ydre\/files\/2024\/04\/tre-450x600.jpg 450w, https:\/\/wp.kristdemokraterna.se\/ydre\/files\/2024\/04\/tre-280x373.jpg 280w, https:\/\/wp.kristdemokraterna.se\/ydre\/files\/2024\/04\/tre-340x453.jpg 340w, https:\/\/wp.kristdemokraterna.se\/ydre\/files\/2024\/04\/tre-42x56.jpg 42w, https:\/\/wp.kristdemokraterna.se\/ydre\/files\/2024\/04\/tre-scaled.jpg 1920w\" sizes=\"auto, (max-width: 225px) 100vw, 225px\" \/><\/a><br \/>\nHans Eklind riksdagsledamot fr\u00e5n \u00d6rebro kommun,<br \/>\nMagnus Oscarsson riksdagsledamot fr\u00e5n \u00d6desh\u00f6gs kommun,<br \/>\nEva-Britt Sj\u00f6berg kommunalr\u00e5d f\u00f6r Norrk\u00f6pings kommun,<br \/>\nTomas Tekmen kommunalr\u00e5d f\u00f6r Norrk\u00f6pings kommun,<br \/>\nvid tr\u00e4ffen f\u00f6r partiavdelningsordf\u00f6rande och gruppledare<br \/>\ni Regionhuset i Link\u00f6ping.<\/p>\n<p><a href=\"http:\/\/wp.kristdemokraterna.se\/ydre\/files\/2024\/04\/two-scaled.jpg\"><img loading=\"lazy\" decoding=\"async\" class=\"alignnone size-medium wp-image-1826\" src=\"http:\/\/wp.kristdemokraterna.se\/ydre\/files\/2024\/04\/two-225x300.jpg\" alt=\"\" width=\"225\" height=\"300\" srcset=\"https:\/\/wp.kristdemokraterna.se\/ydre\/files\/2024\/04\/two-225x300.jpg 225w, https:\/\/wp.kristdemokraterna.se\/ydre\/files\/2024\/04\/two-768x1024.jpg 768w, https:\/\/wp.kristdemokraterna.se\/ydre\/files\/2024\/04\/two-1152x1536.jpg 1152w, https:\/\/wp.kristdemokraterna.se\/ydre\/files\/2024\/04\/two-1536x2048.jpg 1536w, https:\/\/wp.kristdemokraterna.se\/ydre\/files\/2024\/04\/two-150x200.jpg 150w, https:\/\/wp.kristdemokraterna.se\/ydre\/files\/2024\/04\/two-370x493.jpg 370w, https:\/\/wp.kristdemokraterna.se\/ydre\/files\/2024\/04\/two-770x1027.jpg 770w, https:\/\/wp.kristdemokraterna.se\/ydre\/files\/2024\/04\/two-450x600.jpg 450w, https:\/\/wp.kristdemokraterna.se\/ydre\/files\/2024\/04\/two-280x373.jpg 280w, https:\/\/wp.kristdemokraterna.se\/ydre\/files\/2024\/04\/two-340x453.jpg 340w, https:\/\/wp.kristdemokraterna.se\/ydre\/files\/2024\/04\/two-42x56.jpg 42w, https:\/\/wp.kristdemokraterna.se\/ydre\/files\/2024\/04\/two-scaled.jpg 1920w\" sizes=\"auto, (max-width: 225px) 100vw, 225px\" \/><\/a><br \/>\nPer Larsson regionr\u00e5d f\u00f6r region \u00d6sterg\u00f6tland,<br \/>\nMax Dahlgren vice ordf\u00f6rande f\u00f6r KDU \u00d6sterg\u00f6tland,<br \/>\nAnders Eksmo ordf\u00f6rande f\u00f6r kommunfullm\u00e4ktige i S\u00f6derk\u00f6pings kommun<br \/>\nMagnus Sj\u00f6berg partiavdelningsordf\u00f6rande f\u00f6r KD i Mj\u00f6lby,<br \/>\nNils-Ingvar Graan, fritidspolitiker fr\u00e5n Motala kommun,<br \/>\nJoel Edoff, ledamot och gruppledare i \u00c5tvidaberg kommun,<br \/>\nVid sammantr\u00e4desbordet p\u00e5 tr\u00e4ffen f\u00f6r lokalavdelningsordf\u00f6rande<br \/>\noch gruppledare f\u00f6r KD i \u00d6sterg\u00f6tland i Regionhuset i Link\u00f6ping.<\/p>\n<p>&nbsp;<\/p>\n<p>Jag Linda Masman fick den 15 februari m\u00f6jlighet att \u00e5ka p\u00e5 en tr\u00e4ff f\u00f6r<br \/>\npartiavdelningsordf\u00f6rande och gruppledare f\u00f6r KD i \u00d6sterg\u00f6tland som ordf\u00f6rande<br \/>\nf\u00f6r KD i Ydre. Det var mycket sp\u00e4nnande och roligt tycker jag d\u00e5 jag fick m\u00f6jlighet att<br \/>\ntr\u00e4ffa de flesta ordf\u00f6rande i de andra lokalavdelningarna i \u00d6sterg\u00f6tland.<\/p>\n<p>P\u00e5 tr\u00e4ffen kom Hans Eklind som \u00e4r riksdagsledamot ifr\u00e5n \u00d6rebro kommun och<br \/>\nordf\u00f6rande f\u00f6r Samh\u00e4llsbyggarkommitt\u00e9n inom Kristdemokraterna.<br \/>\nHan ber\u00e4ttade om sitt arbete i riksdagen och vad Samh\u00e4llsbyggarkommitt\u00e9n jobbar med<br \/>\noch vilka fr\u00e5gor de driver inom bostadsbyggnad, energifr\u00e5gor, vatten och avlopp samt<br \/>\ninfrastrukturfr\u00e5gor. Vi blev sedan indelade i mindre grupper och fick i dem samtala<br \/>\nom vilka fr\u00e5gor vi tyckte var viktigast att skicka med Hans Eklind att jobba vidare med.<br \/>\nEn v\u00e4ldigt givande kv\u00e4ll f\u00f6r alla parter tycker jag.<\/p>\n","protected":false},"excerpt":{"rendered":"<p>Hans Eklind riksdagsledamot fr\u00e5n \u00d6rebro kommun ber\u00e4ttar om arbetet med Samh\u00e4llsbyggarkommitt\u00e9n f\u00f6r Kristdemokraterna och vilka fr\u00e5gor de har hand om. Hans Eklind riksdagsledamot fr\u00e5n \u00d6rebro kommun, Magnus Oscarsson riksdagsledamot fr\u00e5n \u00d6desh\u00f6gs kommun, Eva-Britt Sj\u00f6berg kommunalr\u00e5d f\u00f6r Norrk\u00f6pings kommun, Tomas Tekmen kommunalr\u00e5d f\u00f6r Norrk\u00f6pings kommun, vid tr\u00e4ffen f\u00f6r partiavdelningsordf\u00f6rande och gruppledare i Regionhuset i Link\u00f6ping. Per <a class=\"read-more-link\" href=\"https:\/\/wp.kristdemokraterna.se\/ydre\/i-var-kommun\/har-ar-2024-ars-handelser\/traff-med-partiavdelningsordforande-och-gruppledare-for-kd-i-ostergotland-den-15-februari-i-regionhuset-i-linkoping\/\">L\u00e4s mer<\/a><\/p>\n","protected":false},"author":793,"featured_media":0,"parent":1809,"menu_order":0,"comment_status":"closed","ping_status":"closed","template":"","meta":{"_acf_changed":false,"footnotes":""},"class_list":["post-1823","page","type-page","status-publish","hentry"],"acf":[],"yoast_head":"<!-- This site is optimized with the Yoast SEO plugin v27.3 - https:\/\/yoast.com\/product\/yoast-seo-wordpress\/ -->\n<title>Tr\u00e4ff med partiavdelningsordf\u00f6rande och gruppledare f\u00f6r KD i \u00d6sterg\u00f6tland den 15 februari i Regionhuset i Link\u00f6ping! - Kristdemokraterna i Ydre<\/title>\n<meta name=\"robots\" content=\"index, follow, max-snippet:-1, max-image-preview:large, max-video-preview:-1\" \/>\n<link rel=\"canonical\" href=\"https:\/\/wp.kristdemokraterna.se\/ydre\/i-var-kommun\/har-ar-2024-ars-handelser\/traff-med-partiavdelningsordforande-och-gruppledare-for-kd-i-ostergotland-den-15-februari-i-regionhuset-i-linkoping\/\" \/>\n<meta property=\"og:locale\" content=\"sv_SE\" \/>\n<meta property=\"og:type\" content=\"article\" \/>\n<meta property=\"og:title\" content=\"Tr\u00e4ff med partiavdelningsordf\u00f6rande och gruppledare f\u00f6r KD i \u00d6sterg\u00f6tland den 15 februari i Regionhuset i Link\u00f6ping! - Kristdemokraterna i Ydre\" \/>\n<meta property=\"og:description\" content=\"Hans Eklind riksdagsledamot fr\u00e5n \u00d6rebro kommun ber\u00e4ttar om arbetet med Samh\u00e4llsbyggarkommitt\u00e9n f\u00f6r Kristdemokraterna och vilka fr\u00e5gor de har hand om. Hans Eklind riksdagsledamot fr\u00e5n \u00d6rebro kommun, Magnus Oscarsson riksdagsledamot fr\u00e5n \u00d6desh\u00f6gs kommun, Eva-Britt Sj\u00f6berg kommunalr\u00e5d f\u00f6r Norrk\u00f6pings kommun, Tomas Tekmen kommunalr\u00e5d f\u00f6r Norrk\u00f6pings kommun, vid tr\u00e4ffen f\u00f6r partiavdelningsordf\u00f6rande och gruppledare i Regionhuset i Link\u00f6ping. Per L\u00e4s mer\" \/>\n<meta property=\"og:url\" content=\"https:\/\/wp.kristdemokraterna.se\/ydre\/i-var-kommun\/har-ar-2024-ars-handelser\/traff-med-partiavdelningsordforande-och-gruppledare-for-kd-i-ostergotland-den-15-februari-i-regionhuset-i-linkoping\/\" \/>\n<meta property=\"og:site_name\" content=\"Kristdemokraterna i Ydre\" \/>\n<meta property=\"article:modified_time\" content=\"2024-04-28T20:12:20+00:00\" \/>\n<meta property=\"og:image\" content=\"http:\/\/wp.kristdemokraterna.se\/ydre\/files\/2024\/04\/en-1-225x300.jpg\" \/>\n<meta name=\"twitter:card\" content=\"summary_large_image\" \/>\n<meta name=\"twitter:label1\" content=\"Ber\u00e4knad l\u00e4stid\" \/>\n\t<meta name=\"twitter:data1\" content=\"2 minuter\" \/>\n<script type=\"application\/ld+json\" class=\"yoast-schema-graph\">{\"@context\":\"https:\\\/\\\/schema.org\",\"@graph\":[{\"@type\":\"WebPage\",\"@id\":\"https:\\\/\\\/wp.kristdemokraterna.se\\\/ydre\\\/i-var-kommun\\\/har-ar-2024-ars-handelser\\\/traff-med-partiavdelningsordforande-och-gruppledare-for-kd-i-ostergotland-den-15-februari-i-regionhuset-i-linkoping\\\/\",\"url\":\"https:\\\/\\\/wp.kristdemokraterna.se\\\/ydre\\\/i-var-kommun\\\/har-ar-2024-ars-handelser\\\/traff-med-partiavdelningsordforande-och-gruppledare-for-kd-i-ostergotland-den-15-februari-i-regionhuset-i-linkoping\\\/\",\"name\":\"Tr\u00e4ff med partiavdelningsordf\u00f6rande och gruppledare f\u00f6r KD i \u00d6sterg\u00f6tland den 15 februari i Regionhuset i Link\u00f6ping! - Kristdemokraterna i Ydre\",\"isPartOf\":{\"@id\":\"https:\\\/\\\/wp.kristdemokraterna.se\\\/ydre\\\/#website\"},\"primaryImageOfPage\":{\"@id\":\"https:\\\/\\\/wp.kristdemokraterna.se\\\/ydre\\\/i-var-kommun\\\/har-ar-2024-ars-handelser\\\/traff-med-partiavdelningsordforande-och-gruppledare-for-kd-i-ostergotland-den-15-februari-i-regionhuset-i-linkoping\\\/#primaryimage\"},\"image\":{\"@id\":\"https:\\\/\\\/wp.kristdemokraterna.se\\\/ydre\\\/i-var-kommun\\\/har-ar-2024-ars-handelser\\\/traff-med-partiavdelningsordforande-och-gruppledare-for-kd-i-ostergotland-den-15-februari-i-regionhuset-i-linkoping\\\/#primaryimage\"},\"thumbnailUrl\":\"http:\\\/\\\/wp.kristdemokraterna.se\\\/ydre\\\/files\\\/2024\\\/04\\\/en-1-225x300.jpg\",\"datePublished\":\"2024-04-27T13:16:42+00:00\",\"dateModified\":\"2024-04-28T20:12:20+00:00\",\"breadcrumb\":{\"@id\":\"https:\\\/\\\/wp.kristdemokraterna.se\\\/ydre\\\/i-var-kommun\\\/har-ar-2024-ars-handelser\\\/traff-med-partiavdelningsordforande-och-gruppledare-for-kd-i-ostergotland-den-15-februari-i-regionhuset-i-linkoping\\\/#breadcrumb\"},\"inLanguage\":\"sv-SE\",\"potentialAction\":[{\"@type\":\"ReadAction\",\"target\":[\"https:\\\/\\\/wp.kristdemokraterna.se\\\/ydre\\\/i-var-kommun\\\/har-ar-2024-ars-handelser\\\/traff-med-partiavdelningsordforande-och-gruppledare-for-kd-i-ostergotland-den-15-februari-i-regionhuset-i-linkoping\\\/\"]}]},{\"@type\":\"ImageObject\",\"inLanguage\":\"sv-SE\",\"@id\":\"https:\\\/\\\/wp.kristdemokraterna.se\\\/ydre\\\/i-var-kommun\\\/har-ar-2024-ars-handelser\\\/traff-med-partiavdelningsordforande-och-gruppledare-for-kd-i-ostergotland-den-15-februari-i-regionhuset-i-linkoping\\\/#primaryimage\",\"url\":\"http:\\\/\\\/wp.kristdemokraterna.se\\\/ydre\\\/files\\\/2024\\\/04\\\/en-1-225x300.jpg\",\"contentUrl\":\"http:\\\/\\\/wp.kristdemokraterna.se\\\/ydre\\\/files\\\/2024\\\/04\\\/en-1-225x300.jpg\"},{\"@type\":\"BreadcrumbList\",\"@id\":\"https:\\\/\\\/wp.kristdemokraterna.se\\\/ydre\\\/i-var-kommun\\\/har-ar-2024-ars-handelser\\\/traff-med-partiavdelningsordforande-och-gruppledare-for-kd-i-ostergotland-den-15-februari-i-regionhuset-i-linkoping\\\/#breadcrumb\",\"itemListElement\":[{\"@type\":\"ListItem\",\"position\":1,\"name\":\"Hem\",\"item\":\"https:\\\/\\\/wp.kristdemokraterna.se\\\/ydre\\\/\"},{\"@type\":\"ListItem\",\"position\":2,\"name\":\"Vad vill vi i v\u00e5r kommun\",\"item\":\"https:\\\/\\\/wp.kristdemokraterna.se\\\/ydre\\\/i-var-kommun\\\/\"},{\"@type\":\"ListItem\",\"position\":3,\"name\":\"H\u00e4r \u00e4r 2024 \u00e5rs h\u00e4ndelser\",\"item\":\"https:\\\/\\\/wp.kristdemokraterna.se\\\/ydre\\\/i-var-kommun\\\/har-ar-2024-ars-handelser\\\/\"},{\"@type\":\"ListItem\",\"position\":4,\"name\":\"Tr\u00e4ff med partiavdelningsordf\u00f6rande och gruppledare f\u00f6r KD i \u00d6sterg\u00f6tland den 15 februari i Regionhuset i Link\u00f6ping!\"}]},{\"@type\":\"WebSite\",\"@id\":\"https:\\\/\\\/wp.kristdemokraterna.se\\\/ydre\\\/#website\",\"url\":\"https:\\\/\\\/wp.kristdemokraterna.se\\\/ydre\\\/\",\"name\":\"Kristdemokraterna i Ydre\",\"description\":\"En till Kristdemokraterna webbplats\",\"inLanguage\":\"sv-SE\"}]}<\/script>\n<!-- \/ Yoast SEO plugin. -->","yoast_head_json":{"title":"Tr\u00e4ff med partiavdelningsordf\u00f6rande och gruppledare f\u00f6r KD i \u00d6sterg\u00f6tland den 15 februari i Regionhuset i Link\u00f6ping! - Kristdemokraterna i Ydre","robots":{"index":"index","follow":"follow","max-snippet":"max-snippet:-1","max-image-preview":"max-image-preview:large","max-video-preview":"max-video-preview:-1"},"canonical":"https:\/\/wp.kristdemokraterna.se\/ydre\/i-var-kommun\/har-ar-2024-ars-handelser\/traff-med-partiavdelningsordforande-och-gruppledare-for-kd-i-ostergotland-den-15-februari-i-regionhuset-i-linkoping\/","og_locale":"sv_SE","og_type":"article","og_title":"Tr\u00e4ff med partiavdelningsordf\u00f6rande och gruppledare f\u00f6r KD i \u00d6sterg\u00f6tland den 15 februari i Regionhuset i Link\u00f6ping! - Kristdemokraterna i Ydre","og_description":"Hans Eklind riksdagsledamot fr\u00e5n \u00d6rebro kommun ber\u00e4ttar om arbetet med Samh\u00e4llsbyggarkommitt\u00e9n f\u00f6r Kristdemokraterna och vilka fr\u00e5gor de har hand om. Hans Eklind riksdagsledamot fr\u00e5n \u00d6rebro kommun, Magnus Oscarsson riksdagsledamot fr\u00e5n \u00d6desh\u00f6gs kommun, Eva-Britt Sj\u00f6berg kommunalr\u00e5d f\u00f6r Norrk\u00f6pings kommun, Tomas Tekmen kommunalr\u00e5d f\u00f6r Norrk\u00f6pings kommun, vid tr\u00e4ffen f\u00f6r partiavdelningsordf\u00f6rande och gruppledare i Regionhuset i Link\u00f6ping. Per L\u00e4s mer","og_url":"https:\/\/wp.kristdemokraterna.se\/ydre\/i-var-kommun\/har-ar-2024-ars-handelser\/traff-med-partiavdelningsordforande-och-gruppledare-for-kd-i-ostergotland-den-15-februari-i-regionhuset-i-linkoping\/","og_site_name":"Kristdemokraterna i Ydre","article_modified_time":"2024-04-28T20:12:20+00:00","og_image":[{"url":"http:\/\/wp.kristdemokraterna.se\/ydre\/files\/2024\/04\/en-1-225x300.jpg","type":"","width":"","height":""}],"twitter_card":"summary_large_image","twitter_misc":{"Ber\u00e4knad l\u00e4stid":"2 minuter"},"schema":{"@context":"https:\/\/schema.org","@graph":[{"@type":"WebPage","@id":"https:\/\/wp.kristdemokraterna.se\/ydre\/i-var-kommun\/har-ar-2024-ars-handelser\/traff-med-partiavdelningsordforande-och-gruppledare-for-kd-i-ostergotland-den-15-februari-i-regionhuset-i-linkoping\/","url":"https:\/\/wp.kristdemokraterna.se\/ydre\/i-var-kommun\/har-ar-2024-ars-handelser\/traff-med-partiavdelningsordforande-och-gruppledare-for-kd-i-ostergotland-den-15-februari-i-regionhuset-i-linkoping\/","name":"Tr\u00e4ff med partiavdelningsordf\u00f6rande och gruppledare f\u00f6r KD i \u00d6sterg\u00f6tland den 15 februari i Regionhuset i Link\u00f6ping! - Kristdemokraterna i Ydre","isPartOf":{"@id":"https:\/\/wp.kristdemokraterna.se\/ydre\/#website"},"primaryImageOfPage":{"@id":"https:\/\/wp.kristdemokraterna.se\/ydre\/i-var-kommun\/har-ar-2024-ars-handelser\/traff-med-partiavdelningsordforande-och-gruppledare-for-kd-i-ostergotland-den-15-februari-i-regionhuset-i-linkoping\/#primaryimage"},"image":{"@id":"https:\/\/wp.kristdemokraterna.se\/ydre\/i-var-kommun\/har-ar-2024-ars-handelser\/traff-med-partiavdelningsordforande-och-gruppledare-for-kd-i-ostergotland-den-15-februari-i-regionhuset-i-linkoping\/#primaryimage"},"thumbnailUrl":"http:\/\/wp.kristdemokraterna.se\/ydre\/files\/2024\/04\/en-1-225x300.jpg","datePublished":"2024-04-27T13:16:42+00:00","dateModified":"2024-04-28T20:12:20+00:00","breadcrumb":{"@id":"https:\/\/wp.kristdemokraterna.se\/ydre\/i-var-kommun\/har-ar-2024-ars-handelser\/traff-med-partiavdelningsordforande-och-gruppledare-for-kd-i-ostergotland-den-15-februari-i-regionhuset-i-linkoping\/#breadcrumb"},"inLanguage":"sv-SE","potentialAction":[{"@type":"ReadAction","target":["https:\/\/wp.kristdemokraterna.se\/ydre\/i-var-kommun\/har-ar-2024-ars-handelser\/traff-med-partiavdelningsordforande-och-gruppledare-for-kd-i-ostergotland-den-15-februari-i-regionhuset-i-linkoping\/"]}]},{"@type":"ImageObject","inLanguage":"sv-SE","@id":"https:\/\/wp.kristdemokraterna.se\/ydre\/i-var-kommun\/har-ar-2024-ars-handelser\/traff-med-partiavdelningsordforande-och-gruppledare-for-kd-i-ostergotland-den-15-februari-i-regionhuset-i-linkoping\/#primaryimage","url":"http:\/\/wp.kristdemokraterna.se\/ydre\/files\/2024\/04\/en-1-225x300.jpg","contentUrl":"http:\/\/wp.kristdemokraterna.se\/ydre\/files\/2024\/04\/en-1-225x300.jpg"},{"@type":"BreadcrumbList","@id":"https:\/\/wp.kristdemokraterna.se\/ydre\/i-var-kommun\/har-ar-2024-ars-handelser\/traff-med-partiavdelningsordforande-och-gruppledare-for-kd-i-ostergotland-den-15-februari-i-regionhuset-i-linkoping\/#breadcrumb","itemListElement":[{"@type":"ListItem","position":1,"name":"Hem","item":"https:\/\/wp.kristdemokraterna.se\/ydre\/"},{"@type":"ListItem","position":2,"name":"Vad vill vi i v\u00e5r kommun","item":"https:\/\/wp.kristdemokraterna.se\/ydre\/i-var-kommun\/"},{"@type":"ListItem","position":3,"name":"H\u00e4r \u00e4r 2024 \u00e5rs h\u00e4ndelser","item":"https:\/\/wp.kristdemokraterna.se\/ydre\/i-var-kommun\/har-ar-2024-ars-handelser\/"},{"@type":"ListItem","position":4,"name":"Tr\u00e4ff med partiavdelningsordf\u00f6rande och gruppledare f\u00f6r KD i \u00d6sterg\u00f6tland den 15 februari i Regionhuset i Link\u00f6ping!"}]},{"@type":"WebSite","@id":"https:\/\/wp.kristdemokraterna.se\/ydre\/#website","url":"https:\/\/wp.kristdemokraterna.se\/ydre\/","name":"Kristdemokraterna i Ydre","description":"En till Kristdemokraterna webbplats","inLanguage":"sv-SE"}]}},"_links":{"self":[{"href":"https:\/\/wp.kristdemokraterna.se\/ydre\/wp-json\/wp\/v2\/pages\/1823","targetHints":{"allow":["GET"]}}],"collection":[{"href":"https:\/\/wp.kristdemokraterna.se\/ydre\/wp-json\/wp\/v2\/pages"}],"about":[{"href":"https:\/\/wp.kristdemokraterna.se\/ydre\/wp-json\/wp\/v2\/types\/page"}],"author":[{"embeddable":true,"href":"https:\/\/wp.kristdemokraterna.se\/ydre\/wp-json\/wp\/v2\/users\/793"}],"replies":[{"embeddable":true,"href":"https:\/\/wp.kristdemokraterna.se\/ydre\/wp-json\/wp\/v2\/comments?post=1823"}],"version-history":[{"count":4,"href":"https:\/\/wp.kristdemokraterna.se\/ydre\/wp-json\/wp\/v2\/pages\/1823\/revisions"}],"predecessor-version":[{"id":1830,"href":"https:\/\/wp.kristdemokraterna.se\/ydre\/wp-json\/wp\/v2\/pages\/1823\/revisions\/1830"}],"up":[{"embeddable":true,"href":"https:\/\/wp.kristdemokraterna.se\/ydre\/wp-json\/wp\/v2\/pages\/1809"}],"wp:attachment":[{"href":"https:\/\/wp.kristdemokraterna.se\/ydre\/wp-json\/wp\/v2\/media?parent=1823"}],"curies":[{"name":"wp","href":"https:\/\/api.w.org\/{rel}","templated":true}]}}