{"id":1871,"date":"2024-10-16T18:09:14","date_gmt":"2024-10-16T16:09:14","guid":{"rendered":"https:\/\/wp.kristdemokraterna.se\/ydre\/?page_id=1871"},"modified":"2024-10-16T18:47:35","modified_gmt":"2024-10-16T16:47:35","slug":"nytt-2023-02-24-studiebesok-hos-humle-i-gula-skolan-i-osterbymo-och-arsmote-for-kristdemokraterna-i-ydre","status":"publish","type":"page","link":"https:\/\/wp.kristdemokraterna.se\/ydre\/i-var-kommun\/handelser-ar-2023\/nytt-2023-02-24-studiebesok-hos-humle-i-gula-skolan-i-osterbymo-och-arsmote-for-kristdemokraterna-i-ydre\/","title":{"rendered":"2023-02-24 Studiebes\u00f6k hos Humle i Gula skolan i \u00d6sterbymo och \u00e5rsm\u00f6te f\u00f6r Kristdemokraterna i Ydre!"},"content":{"rendered":"<p><a href=\"http:\/\/wp.kristdemokraterna.se\/ydre\/files\/2023\/07\/tobias.jpg\"><img loading=\"lazy\" decoding=\"async\" class=\"alignnone size-medium wp-image-1724\" src=\"http:\/\/wp.kristdemokraterna.se\/ydre\/files\/2023\/07\/tobias-173x300.jpg\" alt=\"\" width=\"173\" height=\"300\" srcset=\"https:\/\/wp.kristdemokraterna.se\/ydre\/files\/2023\/07\/tobias-173x300.jpg 173w, https:\/\/wp.kristdemokraterna.se\/ydre\/files\/2023\/07\/tobias-589x1024.jpg 589w, https:\/\/wp.kristdemokraterna.se\/ydre\/files\/2023\/07\/tobias-115x200.jpg 115w, https:\/\/wp.kristdemokraterna.se\/ydre\/files\/2023\/07\/tobias-370x643.jpg 370w, https:\/\/wp.kristdemokraterna.se\/ydre\/files\/2023\/07\/tobias-450x782.jpg 450w, https:\/\/wp.kristdemokraterna.se\/ydre\/files\/2023\/07\/tobias-231x402.jpg 231w, https:\/\/wp.kristdemokraterna.se\/ydre\/files\/2023\/07\/tobias-340x591.jpg 340w, https:\/\/wp.kristdemokraterna.se\/ydre\/files\/2023\/07\/tobias-32x56.jpg 32w, https:\/\/wp.kristdemokraterna.se\/ydre\/files\/2023\/07\/tobias.jpg 621w\" sizes=\"auto, (max-width: 173px) 100vw, 173px\" \/><\/a><a href=\"http:\/\/wp.kristdemokraterna.se\/ydre\/files\/2023\/07\/elvira.jpg\"><img loading=\"lazy\" decoding=\"async\" class=\"alignnone size-medium wp-image-1725\" src=\"http:\/\/wp.kristdemokraterna.se\/ydre\/files\/2023\/07\/elvira-195x300.jpg\" alt=\"\" width=\"195\" height=\"300\" srcset=\"https:\/\/wp.kristdemokraterna.se\/ydre\/files\/2023\/07\/elvira-195x300.jpg 195w, https:\/\/wp.kristdemokraterna.se\/ydre\/files\/2023\/07\/elvira-130x200.jpg 130w, https:\/\/wp.kristdemokraterna.se\/ydre\/files\/2023\/07\/elvira-370x568.jpg 370w, https:\/\/wp.kristdemokraterna.se\/ydre\/files\/2023\/07\/elvira-450x691.jpg 450w, https:\/\/wp.kristdemokraterna.se\/ydre\/files\/2023\/07\/elvira-262x402.jpg 262w, https:\/\/wp.kristdemokraterna.se\/ydre\/files\/2023\/07\/elvira-340x522.jpg 340w, https:\/\/wp.kristdemokraterna.se\/ydre\/files\/2023\/07\/elvira-36x56.jpg 36w, https:\/\/wp.kristdemokraterna.se\/ydre\/files\/2023\/07\/elvira.jpg 619w\" sizes=\"auto, (max-width: 195px) 100vw, 195px\" \/><\/a><\/p>\n<p>Text och foto: Johan Hedenberg<br \/>\nFr\u00e5n Tran\u00e5s Tidning 2023-03-07<\/p>\n<p><a href=\"http:\/\/wp.kristdemokraterna.se\/ydre\/files\/2023\/07\/styrelsen-2.jpg\"><img loading=\"lazy\" decoding=\"async\" class=\"alignnone size-medium wp-image-1731\" src=\"http:\/\/wp.kristdemokraterna.se\/ydre\/files\/2023\/07\/styrelsen-2-300x163.jpg\" alt=\"\" width=\"300\" height=\"163\" srcset=\"https:\/\/wp.kristdemokraterna.se\/ydre\/files\/2023\/07\/styrelsen-2-300x163.jpg 300w, https:\/\/wp.kristdemokraterna.se\/ydre\/files\/2023\/07\/styrelsen-2-1024x556.jpg 1024w, https:\/\/wp.kristdemokraterna.se\/ydre\/files\/2023\/07\/styrelsen-2-768x417.jpg 768w, https:\/\/wp.kristdemokraterna.se\/ydre\/files\/2023\/07\/styrelsen-2-1536x834.jpg 1536w, https:\/\/wp.kristdemokraterna.se\/ydre\/files\/2023\/07\/styrelsen-2-370x201.jpg 370w, https:\/\/wp.kristdemokraterna.se\/ydre\/files\/2023\/07\/styrelsen-2-770x418.jpg 770w, https:\/\/wp.kristdemokraterna.se\/ydre\/files\/2023\/07\/styrelsen-2-450x244.jpg 450w, https:\/\/wp.kristdemokraterna.se\/ydre\/files\/2023\/07\/styrelsen-2-280x152.jpg 280w, https:\/\/wp.kristdemokraterna.se\/ydre\/files\/2023\/07\/styrelsen-2-340x185.jpg 340w, https:\/\/wp.kristdemokraterna.se\/ydre\/files\/2023\/07\/styrelsen-2-200x109.jpg 200w, https:\/\/wp.kristdemokraterna.se\/ydre\/files\/2023\/07\/styrelsen-2-103x56.jpg 103w, https:\/\/wp.kristdemokraterna.se\/ydre\/files\/2023\/07\/styrelsen-2.jpg 1861w\" sizes=\"auto, (max-width: 300px) 100vw, 300px\" \/><\/a><\/p>\n<p>Nya KD-styrelsen i Ydre ser fram emot att<br \/>\nmed kraft driva sin politik under 2023.<br \/>\nFr\u00e5n v\u00e4nster Bengt Malm, Linda Masman,<br \/>\nPeter Gustavsson, Johny Martinsson och<br \/>\nAgneta Bj\u00f6rling.<br \/>\nText och foto: Johan Hedenberg<br \/>\nFr\u00e5n Tran\u00e5s Tidning 2023-03-07<\/p>\n<p><a href=\"http:\/\/wp.kristdemokraterna.se\/ydre\/files\/2023\/07\/gula-skolan-2.jpg\"><img loading=\"lazy\" decoding=\"async\" class=\"alignnone size-medium wp-image-1730\" src=\"http:\/\/wp.kristdemokraterna.se\/ydre\/files\/2023\/07\/gula-skolan-2-300x171.jpg\" alt=\"\" width=\"300\" height=\"171\" srcset=\"https:\/\/wp.kristdemokraterna.se\/ydre\/files\/2023\/07\/gula-skolan-2-300x171.jpg 300w, https:\/\/wp.kristdemokraterna.se\/ydre\/files\/2023\/07\/gula-skolan-2-1024x584.jpg 1024w, https:\/\/wp.kristdemokraterna.se\/ydre\/files\/2023\/07\/gula-skolan-2-768x438.jpg 768w, https:\/\/wp.kristdemokraterna.se\/ydre\/files\/2023\/07\/gula-skolan-2-351x200.jpg 351w, https:\/\/wp.kristdemokraterna.se\/ydre\/files\/2023\/07\/gula-skolan-2-370x211.jpg 370w, https:\/\/wp.kristdemokraterna.se\/ydre\/files\/2023\/07\/gula-skolan-2-770x439.jpg 770w, https:\/\/wp.kristdemokraterna.se\/ydre\/files\/2023\/07\/gula-skolan-2-450x257.jpg 450w, https:\/\/wp.kristdemokraterna.se\/ydre\/files\/2023\/07\/gula-skolan-2-280x160.jpg 280w, https:\/\/wp.kristdemokraterna.se\/ydre\/files\/2023\/07\/gula-skolan-2-340x194.jpg 340w, https:\/\/wp.kristdemokraterna.se\/ydre\/files\/2023\/07\/gula-skolan-2-200x114.jpg 200w, https:\/\/wp.kristdemokraterna.se\/ydre\/files\/2023\/07\/gula-skolan-2-98x56.jpg 98w, https:\/\/wp.kristdemokraterna.se\/ydre\/files\/2023\/07\/gula-skolan-2.jpg 1431w\" sizes=\"auto, (max-width: 300px) 100vw, 300px\" \/><\/a><\/p>\n<p>Gula skolan p\u00e5 Kisav\u00e4gen 8 i \u00d6sterbymo,<br \/>\n\u00e4gs nu av Elina Forsell och Tobias Helmin<br \/>\nsom driver Humle fr\u00e5n Kalvsved.<br \/>\nEn del av rummen i huset st\u00e5r redo f\u00f6r uthyrning.<br \/>\nFoto: Anna-Karin Karlsson<br \/>\nText och foto fr\u00e5n Corren<\/p>\n<p>&nbsp;<\/p>\n<p>Den 24 februari 2023 fick Kristdemokraterna i Ydre m\u00f6jlighet att komma p\u00e5 studiebes\u00f6k till<br \/>\nGula skolan i \u00d6sterbymo d\u00e4r Humle fr\u00e5n Kalvsved har sin verksamhet och tillverkning av naturv\u00e5rdsprodukter.<br \/>\nD\u00e4r visade del\u00e4garen Tobias Helmin oss runt i lokalerna och f\u00f6rel\u00e4ste om vad Humle \u00e4r f\u00f6r n\u00e5got och visade tillverkningen av deras tv\u00e5lar.<br \/>\nVi fick d\u00e5 veta att de odlar Humle vid deras g\u00e5rd i Kalvsved. Sedan fick vi m\u00f6jlighet att k\u00f6pa deras produkter.<\/p>\n<p>Efter f\u00f6revisningen fick vi k\u00f6pa \u00e4ppelpaj och gr\u00e4dde med kaffe och te till som de hade gjort i ordning \u00e5t oss.<\/p>\n<p>F\u00f6rhandlingarna tog vid efter fikat som \u00e4gde rum i en stor och fin sal p\u00e5 andra v\u00e5ningen.<br \/>\nDet leddes av Elvira Wibeck som \u00e4r partiombudsman f\u00f6r KD i \u00d6sterg\u00f6tland och som valdes till ordf\u00f6rande f\u00f6r \u00e5rsm\u00f6tet.<\/p>\n<p>Under \u00e5rsm\u00f6tet valdes en ny styrelse och omval av ombud till partidistrikts\u00e5rsm\u00f6te och Framtidsbildarnas \u00e5rsm\u00f6te.<br \/>\nSedan valdes serveringskommitt\u00e9 och kampanjledare och revisorer samt IT-ansvarig och medlemsregisteransvarig och kass\u00f6r f\u00f6r partiavdelningen.<br \/>\nOrdf\u00f6rande och sekreterare valdes till styrelsen f\u00f6r partiavdelningen ocks\u00e5.<br \/>\nVi valde \u00e4ven en valberedning inf\u00f6r n\u00e4sta ordinarie \u00e5rsm\u00f6te.<\/p>\n<p>Under \u00e5rsm\u00f6tet pratade vi om att skriva motioner till kommunfullm\u00e4ktige om trafiks\u00e4kerheten i \u00d6sterbymo och om skyddsrum som inte finns idag.<\/p>\n<p>D\u00e4refter fick vi information om fadderbarnet av kass\u00f6ren.<\/p>\n<p>Sedan under \u00f6vriga fr\u00e5gor fick vi information fr\u00e5n distriktet och riks av Elvira Wibeck.<\/p>\n<p>Sedan avslutades m\u00f6tet.<\/p>\n<p>&nbsp;<\/p>\n","protected":false},"excerpt":{"rendered":"<p>Text och foto: Johan Hedenberg Fr\u00e5n Tran\u00e5s Tidning 2023-03-07 Nya KD-styrelsen i Ydre ser fram emot att med kraft driva sin politik under 2023. Fr\u00e5n v\u00e4nster Bengt Malm, Linda Masman, Peter Gustavsson, Johny Martinsson och Agneta Bj\u00f6rling. Text och foto: Johan Hedenberg Fr\u00e5n Tran\u00e5s Tidning 2023-03-07 Gula skolan p\u00e5 Kisav\u00e4gen 8 i \u00d6sterbymo, \u00e4gs nu <a class=\"read-more-link\" href=\"https:\/\/wp.kristdemokraterna.se\/ydre\/i-var-kommun\/handelser-ar-2023\/nytt-2023-02-24-studiebesok-hos-humle-i-gula-skolan-i-osterbymo-och-arsmote-for-kristdemokraterna-i-ydre\/\">L\u00e4s mer<\/a><\/p>\n","protected":false},"author":793,"featured_media":0,"parent":1677,"menu_order":0,"comment_status":"closed","ping_status":"closed","template":"","meta":{"_acf_changed":false,"footnotes":""},"class_list":["post-1871","page","type-page","status-publish","hentry"],"acf":[],"yoast_head":"<!-- This site is optimized with the Yoast SEO plugin v27.3 - https:\/\/yoast.com\/product\/yoast-seo-wordpress\/ -->\n<title>2023-02-24 Studiebes\u00f6k hos Humle i Gula skolan i \u00d6sterbymo och \u00e5rsm\u00f6te f\u00f6r Kristdemokraterna i Ydre! - Kristdemokraterna i Ydre<\/title>\n<meta name=\"robots\" content=\"index, follow, max-snippet:-1, max-image-preview:large, max-video-preview:-1\" \/>\n<link rel=\"canonical\" href=\"https:\/\/wp.kristdemokraterna.se\/ydre\/i-var-kommun\/handelser-ar-2023\/nytt-2023-02-24-studiebesok-hos-humle-i-gula-skolan-i-osterbymo-och-arsmote-for-kristdemokraterna-i-ydre\/\" \/>\n<meta property=\"og:locale\" content=\"sv_SE\" \/>\n<meta property=\"og:type\" content=\"article\" \/>\n<meta property=\"og:title\" content=\"2023-02-24 Studiebes\u00f6k hos Humle i Gula skolan i \u00d6sterbymo och \u00e5rsm\u00f6te f\u00f6r Kristdemokraterna i Ydre! - Kristdemokraterna i Ydre\" \/>\n<meta property=\"og:description\" content=\"Text och foto: Johan Hedenberg Fr\u00e5n Tran\u00e5s Tidning 2023-03-07 Nya KD-styrelsen i Ydre ser fram emot att med kraft driva sin politik under 2023. Fr\u00e5n v\u00e4nster Bengt Malm, Linda Masman, Peter Gustavsson, Johny Martinsson och Agneta Bj\u00f6rling. Text och foto: Johan Hedenberg Fr\u00e5n Tran\u00e5s Tidning 2023-03-07 Gula skolan p\u00e5 Kisav\u00e4gen 8 i \u00d6sterbymo, \u00e4gs nu L\u00e4s mer\" \/>\n<meta property=\"og:url\" content=\"https:\/\/wp.kristdemokraterna.se\/ydre\/i-var-kommun\/handelser-ar-2023\/nytt-2023-02-24-studiebesok-hos-humle-i-gula-skolan-i-osterbymo-och-arsmote-for-kristdemokraterna-i-ydre\/\" \/>\n<meta property=\"og:site_name\" content=\"Kristdemokraterna i Ydre\" \/>\n<meta property=\"article:modified_time\" content=\"2024-10-16T16:47:35+00:00\" \/>\n<meta property=\"og:image\" content=\"http:\/\/wp.kristdemokraterna.se\/ydre\/files\/2023\/07\/tobias-173x300.jpg\" \/>\n<meta name=\"twitter:card\" content=\"summary_large_image\" \/>\n<meta name=\"twitter:label1\" content=\"Ber\u00e4knad l\u00e4stid\" \/>\n\t<meta name=\"twitter:data1\" content=\"3 minuter\" \/>\n<script type=\"application\/ld+json\" class=\"yoast-schema-graph\">{\"@context\":\"https:\\\/\\\/schema.org\",\"@graph\":[{\"@type\":\"WebPage\",\"@id\":\"https:\\\/\\\/wp.kristdemokraterna.se\\\/ydre\\\/i-var-kommun\\\/handelser-ar-2023\\\/nytt-2023-02-24-studiebesok-hos-humle-i-gula-skolan-i-osterbymo-och-arsmote-for-kristdemokraterna-i-ydre\\\/\",\"url\":\"https:\\\/\\\/wp.kristdemokraterna.se\\\/ydre\\\/i-var-kommun\\\/handelser-ar-2023\\\/nytt-2023-02-24-studiebesok-hos-humle-i-gula-skolan-i-osterbymo-och-arsmote-for-kristdemokraterna-i-ydre\\\/\",\"name\":\"2023-02-24 Studiebes\u00f6k hos Humle i Gula skolan i \u00d6sterbymo och \u00e5rsm\u00f6te f\u00f6r Kristdemokraterna i Ydre! - Kristdemokraterna i Ydre\",\"isPartOf\":{\"@id\":\"https:\\\/\\\/wp.kristdemokraterna.se\\\/ydre\\\/#website\"},\"primaryImageOfPage\":{\"@id\":\"https:\\\/\\\/wp.kristdemokraterna.se\\\/ydre\\\/i-var-kommun\\\/handelser-ar-2023\\\/nytt-2023-02-24-studiebesok-hos-humle-i-gula-skolan-i-osterbymo-och-arsmote-for-kristdemokraterna-i-ydre\\\/#primaryimage\"},\"image\":{\"@id\":\"https:\\\/\\\/wp.kristdemokraterna.se\\\/ydre\\\/i-var-kommun\\\/handelser-ar-2023\\\/nytt-2023-02-24-studiebesok-hos-humle-i-gula-skolan-i-osterbymo-och-arsmote-for-kristdemokraterna-i-ydre\\\/#primaryimage\"},\"thumbnailUrl\":\"http:\\\/\\\/wp.kristdemokraterna.se\\\/ydre\\\/files\\\/2023\\\/07\\\/tobias-173x300.jpg\",\"datePublished\":\"2024-10-16T16:09:14+00:00\",\"dateModified\":\"2024-10-16T16:47:35+00:00\",\"breadcrumb\":{\"@id\":\"https:\\\/\\\/wp.kristdemokraterna.se\\\/ydre\\\/i-var-kommun\\\/handelser-ar-2023\\\/nytt-2023-02-24-studiebesok-hos-humle-i-gula-skolan-i-osterbymo-och-arsmote-for-kristdemokraterna-i-ydre\\\/#breadcrumb\"},\"inLanguage\":\"sv-SE\",\"potentialAction\":[{\"@type\":\"ReadAction\",\"target\":[\"https:\\\/\\\/wp.kristdemokraterna.se\\\/ydre\\\/i-var-kommun\\\/handelser-ar-2023\\\/nytt-2023-02-24-studiebesok-hos-humle-i-gula-skolan-i-osterbymo-och-arsmote-for-kristdemokraterna-i-ydre\\\/\"]}]},{\"@type\":\"ImageObject\",\"inLanguage\":\"sv-SE\",\"@id\":\"https:\\\/\\\/wp.kristdemokraterna.se\\\/ydre\\\/i-var-kommun\\\/handelser-ar-2023\\\/nytt-2023-02-24-studiebesok-hos-humle-i-gula-skolan-i-osterbymo-och-arsmote-for-kristdemokraterna-i-ydre\\\/#primaryimage\",\"url\":\"http:\\\/\\\/wp.kristdemokraterna.se\\\/ydre\\\/files\\\/2023\\\/07\\\/tobias-173x300.jpg\",\"contentUrl\":\"http:\\\/\\\/wp.kristdemokraterna.se\\\/ydre\\\/files\\\/2023\\\/07\\\/tobias-173x300.jpg\"},{\"@type\":\"BreadcrumbList\",\"@id\":\"https:\\\/\\\/wp.kristdemokraterna.se\\\/ydre\\\/i-var-kommun\\\/handelser-ar-2023\\\/nytt-2023-02-24-studiebesok-hos-humle-i-gula-skolan-i-osterbymo-och-arsmote-for-kristdemokraterna-i-ydre\\\/#breadcrumb\",\"itemListElement\":[{\"@type\":\"ListItem\",\"position\":1,\"name\":\"Hem\",\"item\":\"https:\\\/\\\/wp.kristdemokraterna.se\\\/ydre\\\/\"},{\"@type\":\"ListItem\",\"position\":2,\"name\":\"Vad vill vi i v\u00e5r kommun\",\"item\":\"https:\\\/\\\/wp.kristdemokraterna.se\\\/ydre\\\/i-var-kommun\\\/\"},{\"@type\":\"ListItem\",\"position\":3,\"name\":\"H\u00e4r \u00e4r 2023 \u00e5rs h\u00e4ndelser\",\"item\":\"https:\\\/\\\/wp.kristdemokraterna.se\\\/ydre\\\/i-var-kommun\\\/handelser-ar-2023\\\/\"},{\"@type\":\"ListItem\",\"position\":4,\"name\":\"2023-02-24 Studiebes\u00f6k hos Humle i Gula skolan i \u00d6sterbymo och \u00e5rsm\u00f6te f\u00f6r Kristdemokraterna i Ydre!\"}]},{\"@type\":\"WebSite\",\"@id\":\"https:\\\/\\\/wp.kristdemokraterna.se\\\/ydre\\\/#website\",\"url\":\"https:\\\/\\\/wp.kristdemokraterna.se\\\/ydre\\\/\",\"name\":\"Kristdemokraterna i Ydre\",\"description\":\"En till Kristdemokraterna webbplats\",\"inLanguage\":\"sv-SE\"}]}<\/script>\n<!-- \/ Yoast SEO plugin. -->","yoast_head_json":{"title":"2023-02-24 Studiebes\u00f6k hos Humle i Gula skolan i \u00d6sterbymo och \u00e5rsm\u00f6te f\u00f6r Kristdemokraterna i Ydre! - Kristdemokraterna i Ydre","robots":{"index":"index","follow":"follow","max-snippet":"max-snippet:-1","max-image-preview":"max-image-preview:large","max-video-preview":"max-video-preview:-1"},"canonical":"https:\/\/wp.kristdemokraterna.se\/ydre\/i-var-kommun\/handelser-ar-2023\/nytt-2023-02-24-studiebesok-hos-humle-i-gula-skolan-i-osterbymo-och-arsmote-for-kristdemokraterna-i-ydre\/","og_locale":"sv_SE","og_type":"article","og_title":"2023-02-24 Studiebes\u00f6k hos Humle i Gula skolan i \u00d6sterbymo och \u00e5rsm\u00f6te f\u00f6r Kristdemokraterna i Ydre! - Kristdemokraterna i Ydre","og_description":"Text och foto: Johan Hedenberg Fr\u00e5n Tran\u00e5s Tidning 2023-03-07 Nya KD-styrelsen i Ydre ser fram emot att med kraft driva sin politik under 2023. Fr\u00e5n v\u00e4nster Bengt Malm, Linda Masman, Peter Gustavsson, Johny Martinsson och Agneta Bj\u00f6rling. Text och foto: Johan Hedenberg Fr\u00e5n Tran\u00e5s Tidning 2023-03-07 Gula skolan p\u00e5 Kisav\u00e4gen 8 i \u00d6sterbymo, \u00e4gs nu L\u00e4s mer","og_url":"https:\/\/wp.kristdemokraterna.se\/ydre\/i-var-kommun\/handelser-ar-2023\/nytt-2023-02-24-studiebesok-hos-humle-i-gula-skolan-i-osterbymo-och-arsmote-for-kristdemokraterna-i-ydre\/","og_site_name":"Kristdemokraterna i Ydre","article_modified_time":"2024-10-16T16:47:35+00:00","og_image":[{"url":"http:\/\/wp.kristdemokraterna.se\/ydre\/files\/2023\/07\/tobias-173x300.jpg","type":"","width":"","height":""}],"twitter_card":"summary_large_image","twitter_misc":{"Ber\u00e4knad l\u00e4stid":"3 minuter"},"schema":{"@context":"https:\/\/schema.org","@graph":[{"@type":"WebPage","@id":"https:\/\/wp.kristdemokraterna.se\/ydre\/i-var-kommun\/handelser-ar-2023\/nytt-2023-02-24-studiebesok-hos-humle-i-gula-skolan-i-osterbymo-och-arsmote-for-kristdemokraterna-i-ydre\/","url":"https:\/\/wp.kristdemokraterna.se\/ydre\/i-var-kommun\/handelser-ar-2023\/nytt-2023-02-24-studiebesok-hos-humle-i-gula-skolan-i-osterbymo-och-arsmote-for-kristdemokraterna-i-ydre\/","name":"2023-02-24 Studiebes\u00f6k hos Humle i Gula skolan i \u00d6sterbymo och \u00e5rsm\u00f6te f\u00f6r Kristdemokraterna i Ydre! - Kristdemokraterna i Ydre","isPartOf":{"@id":"https:\/\/wp.kristdemokraterna.se\/ydre\/#website"},"primaryImageOfPage":{"@id":"https:\/\/wp.kristdemokraterna.se\/ydre\/i-var-kommun\/handelser-ar-2023\/nytt-2023-02-24-studiebesok-hos-humle-i-gula-skolan-i-osterbymo-och-arsmote-for-kristdemokraterna-i-ydre\/#primaryimage"},"image":{"@id":"https:\/\/wp.kristdemokraterna.se\/ydre\/i-var-kommun\/handelser-ar-2023\/nytt-2023-02-24-studiebesok-hos-humle-i-gula-skolan-i-osterbymo-och-arsmote-for-kristdemokraterna-i-ydre\/#primaryimage"},"thumbnailUrl":"http:\/\/wp.kristdemokraterna.se\/ydre\/files\/2023\/07\/tobias-173x300.jpg","datePublished":"2024-10-16T16:09:14+00:00","dateModified":"2024-10-16T16:47:35+00:00","breadcrumb":{"@id":"https:\/\/wp.kristdemokraterna.se\/ydre\/i-var-kommun\/handelser-ar-2023\/nytt-2023-02-24-studiebesok-hos-humle-i-gula-skolan-i-osterbymo-och-arsmote-for-kristdemokraterna-i-ydre\/#breadcrumb"},"inLanguage":"sv-SE","potentialAction":[{"@type":"ReadAction","target":["https:\/\/wp.kristdemokraterna.se\/ydre\/i-var-kommun\/handelser-ar-2023\/nytt-2023-02-24-studiebesok-hos-humle-i-gula-skolan-i-osterbymo-och-arsmote-for-kristdemokraterna-i-ydre\/"]}]},{"@type":"ImageObject","inLanguage":"sv-SE","@id":"https:\/\/wp.kristdemokraterna.se\/ydre\/i-var-kommun\/handelser-ar-2023\/nytt-2023-02-24-studiebesok-hos-humle-i-gula-skolan-i-osterbymo-och-arsmote-for-kristdemokraterna-i-ydre\/#primaryimage","url":"http:\/\/wp.kristdemokraterna.se\/ydre\/files\/2023\/07\/tobias-173x300.jpg","contentUrl":"http:\/\/wp.kristdemokraterna.se\/ydre\/files\/2023\/07\/tobias-173x300.jpg"},{"@type":"BreadcrumbList","@id":"https:\/\/wp.kristdemokraterna.se\/ydre\/i-var-kommun\/handelser-ar-2023\/nytt-2023-02-24-studiebesok-hos-humle-i-gula-skolan-i-osterbymo-och-arsmote-for-kristdemokraterna-i-ydre\/#breadcrumb","itemListElement":[{"@type":"ListItem","position":1,"name":"Hem","item":"https:\/\/wp.kristdemokraterna.se\/ydre\/"},{"@type":"ListItem","position":2,"name":"Vad vill vi i v\u00e5r kommun","item":"https:\/\/wp.kristdemokraterna.se\/ydre\/i-var-kommun\/"},{"@type":"ListItem","position":3,"name":"H\u00e4r \u00e4r 2023 \u00e5rs h\u00e4ndelser","item":"https:\/\/wp.kristdemokraterna.se\/ydre\/i-var-kommun\/handelser-ar-2023\/"},{"@type":"ListItem","position":4,"name":"2023-02-24 Studiebes\u00f6k hos Humle i Gula skolan i \u00d6sterbymo och \u00e5rsm\u00f6te f\u00f6r Kristdemokraterna i Ydre!"}]},{"@type":"WebSite","@id":"https:\/\/wp.kristdemokraterna.se\/ydre\/#website","url":"https:\/\/wp.kristdemokraterna.se\/ydre\/","name":"Kristdemokraterna i Ydre","description":"En till Kristdemokraterna webbplats","inLanguage":"sv-SE"}]}},"_links":{"self":[{"href":"https:\/\/wp.kristdemokraterna.se\/ydre\/wp-json\/wp\/v2\/pages\/1871","targetHints":{"allow":["GET"]}}],"collection":[{"href":"https:\/\/wp.kristdemokraterna.se\/ydre\/wp-json\/wp\/v2\/pages"}],"about":[{"href":"https:\/\/wp.kristdemokraterna.se\/ydre\/wp-json\/wp\/v2\/types\/page"}],"author":[{"embeddable":true,"href":"https:\/\/wp.kristdemokraterna.se\/ydre\/wp-json\/wp\/v2\/users\/793"}],"replies":[{"embeddable":true,"href":"https:\/\/wp.kristdemokraterna.se\/ydre\/wp-json\/wp\/v2\/comments?post=1871"}],"version-history":[{"count":2,"href":"https:\/\/wp.kristdemokraterna.se\/ydre\/wp-json\/wp\/v2\/pages\/1871\/revisions"}],"predecessor-version":[{"id":1883,"href":"https:\/\/wp.kristdemokraterna.se\/ydre\/wp-json\/wp\/v2\/pages\/1871\/revisions\/1883"}],"up":[{"embeddable":true,"href":"https:\/\/wp.kristdemokraterna.se\/ydre\/wp-json\/wp\/v2\/pages\/1677"}],"wp:attachment":[{"href":"https:\/\/wp.kristdemokraterna.se\/ydre\/wp-json\/wp\/v2\/media?parent=1871"}],"curies":[{"name":"wp","href":"https:\/\/api.w.org\/{rel}","templated":true}]}}