{"id":1875,"date":"2024-10-16T18:22:53","date_gmt":"2024-10-16T16:22:53","guid":{"rendered":"https:\/\/wp.kristdemokraterna.se\/ydre\/?page_id=1875"},"modified":"2024-10-16T18:49:12","modified_gmt":"2024-10-16T16:49:12","slug":"nytt-2023-05-30-kd-traff-med-regionsradet-och-forste-vice-ordforande-i-halso-och-sjukvardsnamnden-i-region-ostergotland-annicki-oscarsson","status":"publish","type":"page","link":"https:\/\/wp.kristdemokraterna.se\/ydre\/i-var-kommun\/handelser-ar-2023\/nytt-2023-05-30-kd-traff-med-regionsradet-och-forste-vice-ordforande-i-halso-och-sjukvardsnamnden-i-region-ostergotland-annicki-oscarsson\/","title":{"rendered":"2023-05-30 KD-tr\u00e4ff med regionsr\u00e5det och f\u00f6rste vice ordf\u00f6rande i H\u00e4lso- och Sjukv\u00e5rdsn\u00e4mnden i region \u00d6sterg\u00f6tland Annicki Oscarsson!"},"content":{"rendered":"<p>KD-tr\u00e4ffen var p\u00e5 tisdagen den 30 maj 2023 klockan 18:30 i R\u00e4ddningstj\u00e4nstens lokaler i \u00d6sterbymo.<\/p>\n<p><a href=\"http:\/\/wp.kristdemokraterna.se\/ydre\/files\/2023\/07\/annicki.jpg\"><img loading=\"lazy\" decoding=\"async\" class=\"alignnone size-medium wp-image-1697\" src=\"http:\/\/wp.kristdemokraterna.se\/ydre\/files\/2023\/07\/annicki-225x300.jpg\" alt=\"\" width=\"225\" height=\"300\" srcset=\"https:\/\/wp.kristdemokraterna.se\/ydre\/files\/2023\/07\/annicki-225x300.jpg 225w, https:\/\/wp.kristdemokraterna.se\/ydre\/files\/2023\/07\/annicki-768x1024.jpg 768w, https:\/\/wp.kristdemokraterna.se\/ydre\/files\/2023\/07\/annicki-1152x1536.jpg 1152w, https:\/\/wp.kristdemokraterna.se\/ydre\/files\/2023\/07\/annicki-150x200.jpg 150w, https:\/\/wp.kristdemokraterna.se\/ydre\/files\/2023\/07\/annicki-370x493.jpg 370w, https:\/\/wp.kristdemokraterna.se\/ydre\/files\/2023\/07\/annicki-770x1027.jpg 770w, https:\/\/wp.kristdemokraterna.se\/ydre\/files\/2023\/07\/annicki-450x600.jpg 450w, https:\/\/wp.kristdemokraterna.se\/ydre\/files\/2023\/07\/annicki-280x373.jpg 280w, https:\/\/wp.kristdemokraterna.se\/ydre\/files\/2023\/07\/annicki-340x453.jpg 340w, https:\/\/wp.kristdemokraterna.se\/ydre\/files\/2023\/07\/annicki-42x56.jpg 42w, https:\/\/wp.kristdemokraterna.se\/ydre\/files\/2023\/07\/annicki.jpg 1512w\" sizes=\"auto, (max-width: 225px) 100vw, 225px\" \/><\/a><a href=\"http:\/\/wp.kristdemokraterna.se\/ydre\/files\/2023\/07\/annicki-linda.jpg\"><img loading=\"lazy\" decoding=\"async\" class=\"alignnone size-medium wp-image-1698\" src=\"http:\/\/wp.kristdemokraterna.se\/ydre\/files\/2023\/07\/annicki-linda-225x300.jpg\" alt=\"\" width=\"225\" height=\"300\" srcset=\"https:\/\/wp.kristdemokraterna.se\/ydre\/files\/2023\/07\/annicki-linda-225x300.jpg 225w, https:\/\/wp.kristdemokraterna.se\/ydre\/files\/2023\/07\/annicki-linda-768x1024.jpg 768w, https:\/\/wp.kristdemokraterna.se\/ydre\/files\/2023\/07\/annicki-linda-1152x1536.jpg 1152w, https:\/\/wp.kristdemokraterna.se\/ydre\/files\/2023\/07\/annicki-linda-150x200.jpg 150w, https:\/\/wp.kristdemokraterna.se\/ydre\/files\/2023\/07\/annicki-linda-370x493.jpg 370w, https:\/\/wp.kristdemokraterna.se\/ydre\/files\/2023\/07\/annicki-linda-770x1027.jpg 770w, https:\/\/wp.kristdemokraterna.se\/ydre\/files\/2023\/07\/annicki-linda-450x600.jpg 450w, https:\/\/wp.kristdemokraterna.se\/ydre\/files\/2023\/07\/annicki-linda-280x373.jpg 280w, https:\/\/wp.kristdemokraterna.se\/ydre\/files\/2023\/07\/annicki-linda-340x453.jpg 340w, https:\/\/wp.kristdemokraterna.se\/ydre\/files\/2023\/07\/annicki-linda-42x56.jpg 42w, https:\/\/wp.kristdemokraterna.se\/ydre\/files\/2023\/07\/annicki-linda.jpg 1512w\" sizes=\"auto, (max-width: 225px) 100vw, 225px\" \/><\/a><\/p>\n<p>Bild till v\u00e4nster: regionsr\u00e5d i region \u00d6sterg\u00f6tland Annicki Oscarsson.<br \/>\nBild till h\u00f6ger: Annicki och ordf\u00f6rande f\u00f6r KD i Ydre Linda Masman.<\/p>\n<p><a href=\"http:\/\/wp.kristdemokraterna.se\/ydre\/files\/2023\/07\/rtj.jpg\"><img loading=\"lazy\" decoding=\"async\" class=\"alignnone size-medium wp-image-1696\" src=\"http:\/\/wp.kristdemokraterna.se\/ydre\/files\/2023\/07\/rtj-300x285.jpg\" alt=\"\" width=\"300\" height=\"285\" srcset=\"https:\/\/wp.kristdemokraterna.se\/ydre\/files\/2023\/07\/rtj-300x285.jpg 300w, https:\/\/wp.kristdemokraterna.se\/ydre\/files\/2023\/07\/rtj-1024x974.jpg 1024w, https:\/\/wp.kristdemokraterna.se\/ydre\/files\/2023\/07\/rtj-768x731.jpg 768w, https:\/\/wp.kristdemokraterna.se\/ydre\/files\/2023\/07\/rtj-210x200.jpg 210w, https:\/\/wp.kristdemokraterna.se\/ydre\/files\/2023\/07\/rtj-370x352.jpg 370w, https:\/\/wp.kristdemokraterna.se\/ydre\/files\/2023\/07\/rtj-770x733.jpg 770w, https:\/\/wp.kristdemokraterna.se\/ydre\/files\/2023\/07\/rtj-450x428.jpg 450w, https:\/\/wp.kristdemokraterna.se\/ydre\/files\/2023\/07\/rtj-280x266.jpg 280w, https:\/\/wp.kristdemokraterna.se\/ydre\/files\/2023\/07\/rtj-340x323.jpg 340w, https:\/\/wp.kristdemokraterna.se\/ydre\/files\/2023\/07\/rtj-200x190.jpg 200w, https:\/\/wp.kristdemokraterna.se\/ydre\/files\/2023\/07\/rtj-59x56.jpg 59w, https:\/\/wp.kristdemokraterna.se\/ydre\/files\/2023\/07\/rtj.jpg 1089w\" sizes=\"auto, (max-width: 300px) 100vw, 300px\" \/><\/a><a href=\"http:\/\/wp.kristdemokraterna.se\/ydre\/files\/2023\/07\/huset.jpg\"><img loading=\"lazy\" decoding=\"async\" class=\"alignnone size-medium wp-image-1695\" src=\"http:\/\/wp.kristdemokraterna.se\/ydre\/files\/2023\/07\/huset-300x225.jpg\" alt=\"\" width=\"300\" height=\"225\" srcset=\"https:\/\/wp.kristdemokraterna.se\/ydre\/files\/2023\/07\/huset-300x225.jpg 300w, https:\/\/wp.kristdemokraterna.se\/ydre\/files\/2023\/07\/huset-1024x768.jpg 1024w, https:\/\/wp.kristdemokraterna.se\/ydre\/files\/2023\/07\/huset-768x576.jpg 768w, https:\/\/wp.kristdemokraterna.se\/ydre\/files\/2023\/07\/huset-1536x1152.jpg 1536w, https:\/\/wp.kristdemokraterna.se\/ydre\/files\/2023\/07\/huset-267x200.jpg 267w, https:\/\/wp.kristdemokraterna.se\/ydre\/files\/2023\/07\/huset-370x278.jpg 370w, https:\/\/wp.kristdemokraterna.se\/ydre\/files\/2023\/07\/huset-770x578.jpg 770w, https:\/\/wp.kristdemokraterna.se\/ydre\/files\/2023\/07\/huset-450x338.jpg 450w, https:\/\/wp.kristdemokraterna.se\/ydre\/files\/2023\/07\/huset-280x210.jpg 280w, https:\/\/wp.kristdemokraterna.se\/ydre\/files\/2023\/07\/huset-340x255.jpg 340w, https:\/\/wp.kristdemokraterna.se\/ydre\/files\/2023\/07\/huset-200x150.jpg 200w, https:\/\/wp.kristdemokraterna.se\/ydre\/files\/2023\/07\/huset-75x56.jpg 75w, https:\/\/wp.kristdemokraterna.se\/ydre\/files\/2023\/07\/huset.jpg 2016w\" sizes=\"auto, (max-width: 300px) 100vw, 300px\" \/><\/a><\/p>\n<p>Bild till v\u00e4nster: logga f\u00f6r R\u00e4ddningstj\u00e4nsten i Ydre.<br \/>\nBild till h\u00f6ger: R\u00e4ddningstj\u00e4nstens lokaler i \u00d6sterbymo.<\/p>\n<p>Annicki Oscarsson kom till oss fr\u00e5n Regionhuset i Link\u00f6ping.<br \/>\nHon ber\u00e4ttade f\u00f6r oss om hennes v\u00e4g till politiken och om hennes arbete<br \/>\nsom politiker och kommunalr\u00e5d i \u00d6desh\u00f6gs kommun innan hon blev regionsr\u00e5d.<\/p>\n<p>Hon \u00e4r ett av tv\u00e5 regionsr\u00e5d f\u00f6r KD i region \u00d6sterg\u00f6tland.<br \/>\nDet ena regionsr\u00e5det \u00e4r Per Larsson och han \u00e4r gruppledare f\u00f6r KD i region \u00d6sterg\u00f6tland<br \/>\noch Annicki sj\u00e4lv \u00e4r det andra regionsr\u00e5det och hon \u00e4r f\u00f6rste vice ordf\u00f6rande i<br \/>\nH\u00e4lso- och Sjukv\u00e5rdsn\u00e4mnden. Annicki \u00e4r ocks\u00e5 ordf\u00f6rande i Samr\u00e5det f\u00f6r<br \/>\nv\u00e5rd och omsorg i\u00a0 region \u00d6sterg\u00f6tland (SVO).<\/p>\n<p>Annicki ber\u00e4ttade om H\u00e4lso- och Sjukv\u00e5rdsn\u00e4mndens uppgift som \u00e4r att f\u00e5nga upp<br \/>\ninv\u00e5narna i region \u00d6sterg\u00f6tlands behov inom h\u00e4lso- och sjukv\u00e5rd och tandv\u00e5rd med mera.<br \/>\nDeras budget \u00e4r p\u00e5 14,5 miljarder kronor varav 10 miljarder kronor g\u00e5r till specialiserad v\u00e5rd.<\/p>\n<p>Annicki ber\u00e4ttade ocks\u00e5 om Samr\u00e5det f\u00f6r v\u00e5rd och omsorg som \u00e4r mellan<br \/>\n\u00d6sterg\u00f6tlands l\u00e4ns kommuner och region \u00d6sterg\u00f6tland.<br \/>\nHon ber\u00e4ttade att Ydres kommunstyrelseordf\u00f6rande (KSO) Elisabet Hagstr\u00f6m \u00e4r med d\u00e4r f\u00f6r<br \/>\nYdre kommuns r\u00e4kning.<br \/>\nDeras uppgift \u00e4r att vara till f\u00f6r v\u00e5ra medborgare och medarbetare i kommunerna och regionen.<\/p>\n<p>Annicki talade ocks\u00e5 om vad som var p\u00e5 g\u00e5ng i region \u00d6sterg\u00f6tland.<br \/>\nDe vill ge inv\u00e5narna bra h\u00e4lso- och sjukv\u00e5rd.<br \/>\nErbjuda h\u00f6gspecialiserad v\u00e5rd.<br \/>\nArbetat fram en ansvarsfull tre\u00e5rsbudget med fokus p\u00e5 k\u00e4rnverksamheten.<br \/>\nHar ett ekonomiskt anstr\u00e4ngt l\u00e4ge: ligger minus 756 miljoner kronor \u00e5r 2024.<br \/>\nMen vill jobba f\u00f6r en h\u00e5llbar ekonomi \u00f6ver tid.<br \/>\nPrioriteringar kr\u00e4vs i samtliga verksamheter i region \u00d6sterg\u00f6tland.<br \/>\nVill g\u00f6ra krafttag f\u00f6r att minska beroendet av hyrverksamhet.<br \/>\nVill \u00e4ven jobba f\u00f6r att utveckla kollektivtrafiken.<\/p>\n<p>Efter Annickis f\u00f6redrag s\u00e5 hade vi gofika med gott kaffebr\u00f6d och sm\u00f6rg\u00e5sar samt te och kaffe och dricka.<br \/>\nEfter fikat hade vi fr\u00e5gestund d\u00e5 medlemmarna fick m\u00f6jlighet att st\u00e4lla fr\u00e5gor till Annicki och<br \/>\nAnnicki fick m\u00f6jlighet att l\u00e4ra k\u00e4nna KD Ydre lite b\u00e4ttre samt vad vi vill g\u00f6ra f\u00f6r KD och Ydre kommun.<\/p>\n","protected":false},"excerpt":{"rendered":"<p>KD-tr\u00e4ffen var p\u00e5 tisdagen den 30 maj 2023 klockan 18:30 i R\u00e4ddningstj\u00e4nstens lokaler i \u00d6sterbymo. Bild till v\u00e4nster: regionsr\u00e5d i region \u00d6sterg\u00f6tland Annicki Oscarsson. Bild till h\u00f6ger: Annicki och ordf\u00f6rande f\u00f6r KD i Ydre Linda Masman. Bild till v\u00e4nster: logga f\u00f6r R\u00e4ddningstj\u00e4nsten i Ydre. Bild till h\u00f6ger: R\u00e4ddningstj\u00e4nstens lokaler i \u00d6sterbymo. Annicki Oscarsson kom till <a class=\"read-more-link\" href=\"https:\/\/wp.kristdemokraterna.se\/ydre\/i-var-kommun\/handelser-ar-2023\/nytt-2023-05-30-kd-traff-med-regionsradet-och-forste-vice-ordforande-i-halso-och-sjukvardsnamnden-i-region-ostergotland-annicki-oscarsson\/\">L\u00e4s mer<\/a><\/p>\n","protected":false},"author":793,"featured_media":0,"parent":1677,"menu_order":0,"comment_status":"closed","ping_status":"closed","template":"","meta":{"_acf_changed":false,"footnotes":""},"class_list":["post-1875","page","type-page","status-publish","hentry"],"acf":[],"yoast_head":"<!-- This site is optimized with the Yoast SEO plugin v27.3 - https:\/\/yoast.com\/product\/yoast-seo-wordpress\/ -->\n<title>2023-05-30 KD-tr\u00e4ff med regionsr\u00e5det och f\u00f6rste vice ordf\u00f6rande i H\u00e4lso- och Sjukv\u00e5rdsn\u00e4mnden i region \u00d6sterg\u00f6tland Annicki Oscarsson! - Kristdemokraterna i Ydre<\/title>\n<meta name=\"robots\" content=\"index, follow, max-snippet:-1, max-image-preview:large, max-video-preview:-1\" \/>\n<link rel=\"canonical\" href=\"https:\/\/wp.kristdemokraterna.se\/ydre\/i-var-kommun\/handelser-ar-2023\/nytt-2023-05-30-kd-traff-med-regionsradet-och-forste-vice-ordforande-i-halso-och-sjukvardsnamnden-i-region-ostergotland-annicki-oscarsson\/\" \/>\n<meta property=\"og:locale\" content=\"sv_SE\" \/>\n<meta property=\"og:type\" content=\"article\" \/>\n<meta property=\"og:title\" content=\"2023-05-30 KD-tr\u00e4ff med regionsr\u00e5det och f\u00f6rste vice ordf\u00f6rande i H\u00e4lso- och Sjukv\u00e5rdsn\u00e4mnden i region \u00d6sterg\u00f6tland Annicki Oscarsson! - Kristdemokraterna i Ydre\" \/>\n<meta property=\"og:description\" content=\"KD-tr\u00e4ffen var p\u00e5 tisdagen den 30 maj 2023 klockan 18:30 i R\u00e4ddningstj\u00e4nstens lokaler i \u00d6sterbymo. Bild till v\u00e4nster: regionsr\u00e5d i region \u00d6sterg\u00f6tland Annicki Oscarsson. Bild till h\u00f6ger: Annicki och ordf\u00f6rande f\u00f6r KD i Ydre Linda Masman. Bild till v\u00e4nster: logga f\u00f6r R\u00e4ddningstj\u00e4nsten i Ydre. Bild till h\u00f6ger: R\u00e4ddningstj\u00e4nstens lokaler i \u00d6sterbymo. Annicki Oscarsson kom till L\u00e4s mer\" \/>\n<meta property=\"og:url\" content=\"https:\/\/wp.kristdemokraterna.se\/ydre\/i-var-kommun\/handelser-ar-2023\/nytt-2023-05-30-kd-traff-med-regionsradet-och-forste-vice-ordforande-i-halso-och-sjukvardsnamnden-i-region-ostergotland-annicki-oscarsson\/\" \/>\n<meta property=\"og:site_name\" content=\"Kristdemokraterna i Ydre\" \/>\n<meta property=\"article:modified_time\" content=\"2024-10-16T16:49:12+00:00\" \/>\n<meta property=\"og:image\" content=\"http:\/\/wp.kristdemokraterna.se\/ydre\/files\/2023\/07\/annicki-225x300.jpg\" \/>\n<meta name=\"twitter:card\" content=\"summary_large_image\" \/>\n<meta name=\"twitter:label1\" content=\"Ber\u00e4knad l\u00e4stid\" \/>\n\t<meta name=\"twitter:data1\" content=\"3 minuter\" \/>\n<script type=\"application\/ld+json\" class=\"yoast-schema-graph\">{\"@context\":\"https:\\\/\\\/schema.org\",\"@graph\":[{\"@type\":\"WebPage\",\"@id\":\"https:\\\/\\\/wp.kristdemokraterna.se\\\/ydre\\\/i-var-kommun\\\/handelser-ar-2023\\\/nytt-2023-05-30-kd-traff-med-regionsradet-och-forste-vice-ordforande-i-halso-och-sjukvardsnamnden-i-region-ostergotland-annicki-oscarsson\\\/\",\"url\":\"https:\\\/\\\/wp.kristdemokraterna.se\\\/ydre\\\/i-var-kommun\\\/handelser-ar-2023\\\/nytt-2023-05-30-kd-traff-med-regionsradet-och-forste-vice-ordforande-i-halso-och-sjukvardsnamnden-i-region-ostergotland-annicki-oscarsson\\\/\",\"name\":\"2023-05-30 KD-tr\u00e4ff med regionsr\u00e5det och f\u00f6rste vice ordf\u00f6rande i H\u00e4lso- och Sjukv\u00e5rdsn\u00e4mnden i region \u00d6sterg\u00f6tland Annicki Oscarsson! - Kristdemokraterna i Ydre\",\"isPartOf\":{\"@id\":\"https:\\\/\\\/wp.kristdemokraterna.se\\\/ydre\\\/#website\"},\"primaryImageOfPage\":{\"@id\":\"https:\\\/\\\/wp.kristdemokraterna.se\\\/ydre\\\/i-var-kommun\\\/handelser-ar-2023\\\/nytt-2023-05-30-kd-traff-med-regionsradet-och-forste-vice-ordforande-i-halso-och-sjukvardsnamnden-i-region-ostergotland-annicki-oscarsson\\\/#primaryimage\"},\"image\":{\"@id\":\"https:\\\/\\\/wp.kristdemokraterna.se\\\/ydre\\\/i-var-kommun\\\/handelser-ar-2023\\\/nytt-2023-05-30-kd-traff-med-regionsradet-och-forste-vice-ordforande-i-halso-och-sjukvardsnamnden-i-region-ostergotland-annicki-oscarsson\\\/#primaryimage\"},\"thumbnailUrl\":\"http:\\\/\\\/wp.kristdemokraterna.se\\\/ydre\\\/files\\\/2023\\\/07\\\/annicki-225x300.jpg\",\"datePublished\":\"2024-10-16T16:22:53+00:00\",\"dateModified\":\"2024-10-16T16:49:12+00:00\",\"breadcrumb\":{\"@id\":\"https:\\\/\\\/wp.kristdemokraterna.se\\\/ydre\\\/i-var-kommun\\\/handelser-ar-2023\\\/nytt-2023-05-30-kd-traff-med-regionsradet-och-forste-vice-ordforande-i-halso-och-sjukvardsnamnden-i-region-ostergotland-annicki-oscarsson\\\/#breadcrumb\"},\"inLanguage\":\"sv-SE\",\"potentialAction\":[{\"@type\":\"ReadAction\",\"target\":[\"https:\\\/\\\/wp.kristdemokraterna.se\\\/ydre\\\/i-var-kommun\\\/handelser-ar-2023\\\/nytt-2023-05-30-kd-traff-med-regionsradet-och-forste-vice-ordforande-i-halso-och-sjukvardsnamnden-i-region-ostergotland-annicki-oscarsson\\\/\"]}]},{\"@type\":\"ImageObject\",\"inLanguage\":\"sv-SE\",\"@id\":\"https:\\\/\\\/wp.kristdemokraterna.se\\\/ydre\\\/i-var-kommun\\\/handelser-ar-2023\\\/nytt-2023-05-30-kd-traff-med-regionsradet-och-forste-vice-ordforande-i-halso-och-sjukvardsnamnden-i-region-ostergotland-annicki-oscarsson\\\/#primaryimage\",\"url\":\"http:\\\/\\\/wp.kristdemokraterna.se\\\/ydre\\\/files\\\/2023\\\/07\\\/annicki-225x300.jpg\",\"contentUrl\":\"http:\\\/\\\/wp.kristdemokraterna.se\\\/ydre\\\/files\\\/2023\\\/07\\\/annicki-225x300.jpg\"},{\"@type\":\"BreadcrumbList\",\"@id\":\"https:\\\/\\\/wp.kristdemokraterna.se\\\/ydre\\\/i-var-kommun\\\/handelser-ar-2023\\\/nytt-2023-05-30-kd-traff-med-regionsradet-och-forste-vice-ordforande-i-halso-och-sjukvardsnamnden-i-region-ostergotland-annicki-oscarsson\\\/#breadcrumb\",\"itemListElement\":[{\"@type\":\"ListItem\",\"position\":1,\"name\":\"Hem\",\"item\":\"https:\\\/\\\/wp.kristdemokraterna.se\\\/ydre\\\/\"},{\"@type\":\"ListItem\",\"position\":2,\"name\":\"Vad vill vi i v\u00e5r kommun\",\"item\":\"https:\\\/\\\/wp.kristdemokraterna.se\\\/ydre\\\/i-var-kommun\\\/\"},{\"@type\":\"ListItem\",\"position\":3,\"name\":\"H\u00e4r \u00e4r 2023 \u00e5rs h\u00e4ndelser\",\"item\":\"https:\\\/\\\/wp.kristdemokraterna.se\\\/ydre\\\/i-var-kommun\\\/handelser-ar-2023\\\/\"},{\"@type\":\"ListItem\",\"position\":4,\"name\":\"2023-05-30 KD-tr\u00e4ff med regionsr\u00e5det och f\u00f6rste vice ordf\u00f6rande i H\u00e4lso- och Sjukv\u00e5rdsn\u00e4mnden i region \u00d6sterg\u00f6tland Annicki Oscarsson!\"}]},{\"@type\":\"WebSite\",\"@id\":\"https:\\\/\\\/wp.kristdemokraterna.se\\\/ydre\\\/#website\",\"url\":\"https:\\\/\\\/wp.kristdemokraterna.se\\\/ydre\\\/\",\"name\":\"Kristdemokraterna i Ydre\",\"description\":\"En till Kristdemokraterna webbplats\",\"inLanguage\":\"sv-SE\"}]}<\/script>\n<!-- \/ Yoast SEO plugin. -->","yoast_head_json":{"title":"2023-05-30 KD-tr\u00e4ff med regionsr\u00e5det och f\u00f6rste vice ordf\u00f6rande i H\u00e4lso- och Sjukv\u00e5rdsn\u00e4mnden i region \u00d6sterg\u00f6tland Annicki Oscarsson! - Kristdemokraterna i Ydre","robots":{"index":"index","follow":"follow","max-snippet":"max-snippet:-1","max-image-preview":"max-image-preview:large","max-video-preview":"max-video-preview:-1"},"canonical":"https:\/\/wp.kristdemokraterna.se\/ydre\/i-var-kommun\/handelser-ar-2023\/nytt-2023-05-30-kd-traff-med-regionsradet-och-forste-vice-ordforande-i-halso-och-sjukvardsnamnden-i-region-ostergotland-annicki-oscarsson\/","og_locale":"sv_SE","og_type":"article","og_title":"2023-05-30 KD-tr\u00e4ff med regionsr\u00e5det och f\u00f6rste vice ordf\u00f6rande i H\u00e4lso- och Sjukv\u00e5rdsn\u00e4mnden i region \u00d6sterg\u00f6tland Annicki Oscarsson! - Kristdemokraterna i Ydre","og_description":"KD-tr\u00e4ffen var p\u00e5 tisdagen den 30 maj 2023 klockan 18:30 i R\u00e4ddningstj\u00e4nstens lokaler i \u00d6sterbymo. Bild till v\u00e4nster: regionsr\u00e5d i region \u00d6sterg\u00f6tland Annicki Oscarsson. Bild till h\u00f6ger: Annicki och ordf\u00f6rande f\u00f6r KD i Ydre Linda Masman. Bild till v\u00e4nster: logga f\u00f6r R\u00e4ddningstj\u00e4nsten i Ydre. Bild till h\u00f6ger: R\u00e4ddningstj\u00e4nstens lokaler i \u00d6sterbymo. Annicki Oscarsson kom till L\u00e4s mer","og_url":"https:\/\/wp.kristdemokraterna.se\/ydre\/i-var-kommun\/handelser-ar-2023\/nytt-2023-05-30-kd-traff-med-regionsradet-och-forste-vice-ordforande-i-halso-och-sjukvardsnamnden-i-region-ostergotland-annicki-oscarsson\/","og_site_name":"Kristdemokraterna i Ydre","article_modified_time":"2024-10-16T16:49:12+00:00","og_image":[{"url":"http:\/\/wp.kristdemokraterna.se\/ydre\/files\/2023\/07\/annicki-225x300.jpg","type":"","width":"","height":""}],"twitter_card":"summary_large_image","twitter_misc":{"Ber\u00e4knad l\u00e4stid":"3 minuter"},"schema":{"@context":"https:\/\/schema.org","@graph":[{"@type":"WebPage","@id":"https:\/\/wp.kristdemokraterna.se\/ydre\/i-var-kommun\/handelser-ar-2023\/nytt-2023-05-30-kd-traff-med-regionsradet-och-forste-vice-ordforande-i-halso-och-sjukvardsnamnden-i-region-ostergotland-annicki-oscarsson\/","url":"https:\/\/wp.kristdemokraterna.se\/ydre\/i-var-kommun\/handelser-ar-2023\/nytt-2023-05-30-kd-traff-med-regionsradet-och-forste-vice-ordforande-i-halso-och-sjukvardsnamnden-i-region-ostergotland-annicki-oscarsson\/","name":"2023-05-30 KD-tr\u00e4ff med regionsr\u00e5det och f\u00f6rste vice ordf\u00f6rande i H\u00e4lso- och Sjukv\u00e5rdsn\u00e4mnden i region \u00d6sterg\u00f6tland Annicki Oscarsson! - Kristdemokraterna i Ydre","isPartOf":{"@id":"https:\/\/wp.kristdemokraterna.se\/ydre\/#website"},"primaryImageOfPage":{"@id":"https:\/\/wp.kristdemokraterna.se\/ydre\/i-var-kommun\/handelser-ar-2023\/nytt-2023-05-30-kd-traff-med-regionsradet-och-forste-vice-ordforande-i-halso-och-sjukvardsnamnden-i-region-ostergotland-annicki-oscarsson\/#primaryimage"},"image":{"@id":"https:\/\/wp.kristdemokraterna.se\/ydre\/i-var-kommun\/handelser-ar-2023\/nytt-2023-05-30-kd-traff-med-regionsradet-och-forste-vice-ordforande-i-halso-och-sjukvardsnamnden-i-region-ostergotland-annicki-oscarsson\/#primaryimage"},"thumbnailUrl":"http:\/\/wp.kristdemokraterna.se\/ydre\/files\/2023\/07\/annicki-225x300.jpg","datePublished":"2024-10-16T16:22:53+00:00","dateModified":"2024-10-16T16:49:12+00:00","breadcrumb":{"@id":"https:\/\/wp.kristdemokraterna.se\/ydre\/i-var-kommun\/handelser-ar-2023\/nytt-2023-05-30-kd-traff-med-regionsradet-och-forste-vice-ordforande-i-halso-och-sjukvardsnamnden-i-region-ostergotland-annicki-oscarsson\/#breadcrumb"},"inLanguage":"sv-SE","potentialAction":[{"@type":"ReadAction","target":["https:\/\/wp.kristdemokraterna.se\/ydre\/i-var-kommun\/handelser-ar-2023\/nytt-2023-05-30-kd-traff-med-regionsradet-och-forste-vice-ordforande-i-halso-och-sjukvardsnamnden-i-region-ostergotland-annicki-oscarsson\/"]}]},{"@type":"ImageObject","inLanguage":"sv-SE","@id":"https:\/\/wp.kristdemokraterna.se\/ydre\/i-var-kommun\/handelser-ar-2023\/nytt-2023-05-30-kd-traff-med-regionsradet-och-forste-vice-ordforande-i-halso-och-sjukvardsnamnden-i-region-ostergotland-annicki-oscarsson\/#primaryimage","url":"http:\/\/wp.kristdemokraterna.se\/ydre\/files\/2023\/07\/annicki-225x300.jpg","contentUrl":"http:\/\/wp.kristdemokraterna.se\/ydre\/files\/2023\/07\/annicki-225x300.jpg"},{"@type":"BreadcrumbList","@id":"https:\/\/wp.kristdemokraterna.se\/ydre\/i-var-kommun\/handelser-ar-2023\/nytt-2023-05-30-kd-traff-med-regionsradet-och-forste-vice-ordforande-i-halso-och-sjukvardsnamnden-i-region-ostergotland-annicki-oscarsson\/#breadcrumb","itemListElement":[{"@type":"ListItem","position":1,"name":"Hem","item":"https:\/\/wp.kristdemokraterna.se\/ydre\/"},{"@type":"ListItem","position":2,"name":"Vad vill vi i v\u00e5r kommun","item":"https:\/\/wp.kristdemokraterna.se\/ydre\/i-var-kommun\/"},{"@type":"ListItem","position":3,"name":"H\u00e4r \u00e4r 2023 \u00e5rs h\u00e4ndelser","item":"https:\/\/wp.kristdemokraterna.se\/ydre\/i-var-kommun\/handelser-ar-2023\/"},{"@type":"ListItem","position":4,"name":"2023-05-30 KD-tr\u00e4ff med regionsr\u00e5det och f\u00f6rste vice ordf\u00f6rande i H\u00e4lso- och Sjukv\u00e5rdsn\u00e4mnden i region \u00d6sterg\u00f6tland Annicki Oscarsson!"}]},{"@type":"WebSite","@id":"https:\/\/wp.kristdemokraterna.se\/ydre\/#website","url":"https:\/\/wp.kristdemokraterna.se\/ydre\/","name":"Kristdemokraterna i Ydre","description":"En till Kristdemokraterna webbplats","inLanguage":"sv-SE"}]}},"_links":{"self":[{"href":"https:\/\/wp.kristdemokraterna.se\/ydre\/wp-json\/wp\/v2\/pages\/1875","targetHints":{"allow":["GET"]}}],"collection":[{"href":"https:\/\/wp.kristdemokraterna.se\/ydre\/wp-json\/wp\/v2\/pages"}],"about":[{"href":"https:\/\/wp.kristdemokraterna.se\/ydre\/wp-json\/wp\/v2\/types\/page"}],"author":[{"embeddable":true,"href":"https:\/\/wp.kristdemokraterna.se\/ydre\/wp-json\/wp\/v2\/users\/793"}],"replies":[{"embeddable":true,"href":"https:\/\/wp.kristdemokraterna.se\/ydre\/wp-json\/wp\/v2\/comments?post=1875"}],"version-history":[{"count":2,"href":"https:\/\/wp.kristdemokraterna.se\/ydre\/wp-json\/wp\/v2\/pages\/1875\/revisions"}],"predecessor-version":[{"id":1885,"href":"https:\/\/wp.kristdemokraterna.se\/ydre\/wp-json\/wp\/v2\/pages\/1875\/revisions\/1885"}],"up":[{"embeddable":true,"href":"https:\/\/wp.kristdemokraterna.se\/ydre\/wp-json\/wp\/v2\/pages\/1677"}],"wp:attachment":[{"href":"https:\/\/wp.kristdemokraterna.se\/ydre\/wp-json\/wp\/v2\/media?parent=1875"}],"curies":[{"name":"wp","href":"https:\/\/api.w.org\/{rel}","templated":true}]}}