{"id":493,"date":"2018-05-07T19:28:11","date_gmt":"2018-05-07T17:28:11","guid":{"rendered":"http:\/\/wp.kristdemokraterna.se\/ydre\/?page_id=493"},"modified":"2018-05-12T14:07:23","modified_gmt":"2018-05-12T12:07:23","slug":"kampanjfolder-for-ydre-kommun","status":"publish","type":"page","link":"https:\/\/wp.kristdemokraterna.se\/ydre\/i-var-kommun\/kampanjfolder-for-ydre-kommun\/","title":{"rendered":"Detta vill vi g\u00f6ra i Ydre!"},"content":{"rendered":"<p>Kristdemokraterna beh\u00f6vs i Ydre. Vi s\u00e4tter m\u00e4nniskov\u00e4rdet fr\u00e4mst. Vi Kristdemokrater tycker att det m\u00e5ste finnas en fungerande v\u00e5rdcentral i Ydre. D\u00e4rf\u00f6r oroar det oss n\u00e4r vi ser hur v\u00e4lf\u00e4rden sviker. F\u00f6r oss \u00e4r det ocks\u00e5 viktigt att kunna \u00e5ldras i trygghet och v\u00e4rdighet. Man ska kunna lita p\u00e5 att \u00e4ldreomsorgen finns d\u00e4r man beh\u00f6ver den. M\u00e5nga av Ydres \u00e4ldre vill bo kvar hemma s\u00e5 l\u00e4nge som m\u00f6jligt. Kristdemokraterna tycker att hemtj\u00e4nsten ska kunna fungera v\u00e4l! Men det kommer en dag n\u00e4r man inte klarar att bo kvar hemma l\u00e4ngre. D\u00e4rf\u00f6r vill vi Kristdemokrater att alla \u00f6ver 85 \u00e5r som vill ska garanteras plats i anpassat boende, som ett trygghetsboende.<\/p>\n<p>Man ska ocks\u00e5 kunna lita p\u00e5 att polisen kommer n\u00e4r man ringer. D\u00e4rf\u00f6r beh\u00f6vs fler poliser generellt i samh\u00e4llet. Men trygghet handlar bland annat om hur vi arbetar med ljuss\u00e4ttning i Ydre. Kommunens ekonomi \u00e4r alla inv\u00e5nares intresse. Den ska drivas med effektivitet och ett gott f\u00f6rvaltarskap d\u00e4r k\u00e4rnverksamheterna prioriteras. Det \u00e4r viktigt att Ydres skolor forts\u00e4tter att h\u00e5lla h\u00f6g kvalitet. Det ska vara bra att v\u00e4xa upp i Ydre.<\/p>\n<p>Vi Kristdemokrater arbetar f\u00f6r ett b\u00e4ttre Sverige. D\u00e4r goda v\u00e4rderingar och tillit byggs genom relationer med m\u00e4nniskor. Vi vill att 2018 blir ett \u00e5r av f\u00f6r\u00e4ndring. Ett \u00e5r n\u00e4r svenska folket v\u00e4ljer en ny regering. Ett \u00e5r n\u00e4r vi p\u00e5b\u00f6rjar arbetet f\u00f6r ett \u00e5teruppr\u00e4ttat v\u00e4lf\u00e4rdsl\u00f6fte. Du ska kunna lita p\u00e5 Sverige och Ydre. Du ska kunna lita p\u00e5 v\u00e4lf\u00e4rden.<\/p>\n","protected":false},"excerpt":{"rendered":"<p>Kristdemokraterna beh\u00f6vs i Ydre. Vi s\u00e4tter m\u00e4nniskov\u00e4rdet fr\u00e4mst. Vi Kristdemokrater tycker att det m\u00e5ste finnas en fungerande v\u00e5rdcentral i Ydre. D\u00e4rf\u00f6r oroar det oss n\u00e4r vi ser hur v\u00e4lf\u00e4rden sviker. F\u00f6r oss \u00e4r det ocks\u00e5 viktigt att kunna \u00e5ldras i trygghet och v\u00e4rdighet. Man ska kunna lita p\u00e5 att \u00e4ldreomsorgen finns d\u00e4r man beh\u00f6ver den. <a class=\"read-more-link\" href=\"https:\/\/wp.kristdemokraterna.se\/ydre\/i-var-kommun\/kampanjfolder-for-ydre-kommun\/\">L\u00e4s mer<\/a><\/p>\n","protected":false},"author":793,"featured_media":0,"parent":342,"menu_order":0,"comment_status":"closed","ping_status":"closed","template":"","meta":{"_acf_changed":false,"footnotes":""},"class_list":["post-493","page","type-page","status-publish","hentry"],"acf":[],"yoast_head":"<!-- This site is optimized with the Yoast SEO plugin v27.3 - https:\/\/yoast.com\/product\/yoast-seo-wordpress\/ -->\n<title>Detta vill vi g\u00f6ra i Ydre! - Kristdemokraterna i Ydre<\/title>\n<meta name=\"robots\" content=\"index, follow, max-snippet:-1, max-image-preview:large, max-video-preview:-1\" \/>\n<link rel=\"canonical\" href=\"https:\/\/wp.kristdemokraterna.se\/ydre\/i-var-kommun\/kampanjfolder-for-ydre-kommun\/\" \/>\n<meta property=\"og:locale\" content=\"sv_SE\" \/>\n<meta property=\"og:type\" content=\"article\" \/>\n<meta property=\"og:title\" content=\"Detta vill vi g\u00f6ra i Ydre! - Kristdemokraterna i Ydre\" \/>\n<meta property=\"og:description\" content=\"Kristdemokraterna beh\u00f6vs i Ydre. Vi s\u00e4tter m\u00e4nniskov\u00e4rdet fr\u00e4mst. Vi Kristdemokrater tycker att det m\u00e5ste finnas en fungerande v\u00e5rdcentral i Ydre. D\u00e4rf\u00f6r oroar det oss n\u00e4r vi ser hur v\u00e4lf\u00e4rden sviker. F\u00f6r oss \u00e4r det ocks\u00e5 viktigt att kunna \u00e5ldras i trygghet och v\u00e4rdighet. Man ska kunna lita p\u00e5 att \u00e4ldreomsorgen finns d\u00e4r man beh\u00f6ver den. L\u00e4s mer\" \/>\n<meta property=\"og:url\" content=\"https:\/\/wp.kristdemokraterna.se\/ydre\/i-var-kommun\/kampanjfolder-for-ydre-kommun\/\" \/>\n<meta property=\"og:site_name\" content=\"Kristdemokraterna i Ydre\" \/>\n<meta property=\"article:modified_time\" content=\"2018-05-12T12:07:23+00:00\" \/>\n<meta name=\"twitter:card\" content=\"summary_large_image\" \/>\n<meta name=\"twitter:label1\" content=\"Ber\u00e4knad l\u00e4stid\" \/>\n\t<meta name=\"twitter:data1\" content=\"1 minut\" \/>\n<script type=\"application\/ld+json\" class=\"yoast-schema-graph\">{\"@context\":\"https:\\\/\\\/schema.org\",\"@graph\":[{\"@type\":\"WebPage\",\"@id\":\"https:\\\/\\\/wp.kristdemokraterna.se\\\/ydre\\\/i-var-kommun\\\/kampanjfolder-for-ydre-kommun\\\/\",\"url\":\"https:\\\/\\\/wp.kristdemokraterna.se\\\/ydre\\\/i-var-kommun\\\/kampanjfolder-for-ydre-kommun\\\/\",\"name\":\"Detta vill vi g\u00f6ra i Ydre! - Kristdemokraterna i Ydre\",\"isPartOf\":{\"@id\":\"https:\\\/\\\/wp.kristdemokraterna.se\\\/ydre\\\/#website\"},\"datePublished\":\"2018-05-07T17:28:11+00:00\",\"dateModified\":\"2018-05-12T12:07:23+00:00\",\"breadcrumb\":{\"@id\":\"https:\\\/\\\/wp.kristdemokraterna.se\\\/ydre\\\/i-var-kommun\\\/kampanjfolder-for-ydre-kommun\\\/#breadcrumb\"},\"inLanguage\":\"sv-SE\",\"potentialAction\":[{\"@type\":\"ReadAction\",\"target\":[\"https:\\\/\\\/wp.kristdemokraterna.se\\\/ydre\\\/i-var-kommun\\\/kampanjfolder-for-ydre-kommun\\\/\"]}]},{\"@type\":\"BreadcrumbList\",\"@id\":\"https:\\\/\\\/wp.kristdemokraterna.se\\\/ydre\\\/i-var-kommun\\\/kampanjfolder-for-ydre-kommun\\\/#breadcrumb\",\"itemListElement\":[{\"@type\":\"ListItem\",\"position\":1,\"name\":\"Hem\",\"item\":\"https:\\\/\\\/wp.kristdemokraterna.se\\\/ydre\\\/\"},{\"@type\":\"ListItem\",\"position\":2,\"name\":\"Vad vill vi i v\u00e5r kommun\",\"item\":\"https:\\\/\\\/wp.kristdemokraterna.se\\\/ydre\\\/i-var-kommun\\\/\"},{\"@type\":\"ListItem\",\"position\":3,\"name\":\"Detta vill vi g\u00f6ra i Ydre!\"}]},{\"@type\":\"WebSite\",\"@id\":\"https:\\\/\\\/wp.kristdemokraterna.se\\\/ydre\\\/#website\",\"url\":\"https:\\\/\\\/wp.kristdemokraterna.se\\\/ydre\\\/\",\"name\":\"Kristdemokraterna i Ydre\",\"description\":\"En till Kristdemokraterna webbplats\",\"inLanguage\":\"sv-SE\"}]}<\/script>\n<!-- \/ Yoast SEO plugin. -->","yoast_head_json":{"title":"Detta vill vi g\u00f6ra i Ydre! - Kristdemokraterna i Ydre","robots":{"index":"index","follow":"follow","max-snippet":"max-snippet:-1","max-image-preview":"max-image-preview:large","max-video-preview":"max-video-preview:-1"},"canonical":"https:\/\/wp.kristdemokraterna.se\/ydre\/i-var-kommun\/kampanjfolder-for-ydre-kommun\/","og_locale":"sv_SE","og_type":"article","og_title":"Detta vill vi g\u00f6ra i Ydre! - Kristdemokraterna i Ydre","og_description":"Kristdemokraterna beh\u00f6vs i Ydre. Vi s\u00e4tter m\u00e4nniskov\u00e4rdet fr\u00e4mst. Vi Kristdemokrater tycker att det m\u00e5ste finnas en fungerande v\u00e5rdcentral i Ydre. D\u00e4rf\u00f6r oroar det oss n\u00e4r vi ser hur v\u00e4lf\u00e4rden sviker. F\u00f6r oss \u00e4r det ocks\u00e5 viktigt att kunna \u00e5ldras i trygghet och v\u00e4rdighet. Man ska kunna lita p\u00e5 att \u00e4ldreomsorgen finns d\u00e4r man beh\u00f6ver den. L\u00e4s mer","og_url":"https:\/\/wp.kristdemokraterna.se\/ydre\/i-var-kommun\/kampanjfolder-for-ydre-kommun\/","og_site_name":"Kristdemokraterna i Ydre","article_modified_time":"2018-05-12T12:07:23+00:00","twitter_card":"summary_large_image","twitter_misc":{"Ber\u00e4knad l\u00e4stid":"1 minut"},"schema":{"@context":"https:\/\/schema.org","@graph":[{"@type":"WebPage","@id":"https:\/\/wp.kristdemokraterna.se\/ydre\/i-var-kommun\/kampanjfolder-for-ydre-kommun\/","url":"https:\/\/wp.kristdemokraterna.se\/ydre\/i-var-kommun\/kampanjfolder-for-ydre-kommun\/","name":"Detta vill vi g\u00f6ra i Ydre! - Kristdemokraterna i Ydre","isPartOf":{"@id":"https:\/\/wp.kristdemokraterna.se\/ydre\/#website"},"datePublished":"2018-05-07T17:28:11+00:00","dateModified":"2018-05-12T12:07:23+00:00","breadcrumb":{"@id":"https:\/\/wp.kristdemokraterna.se\/ydre\/i-var-kommun\/kampanjfolder-for-ydre-kommun\/#breadcrumb"},"inLanguage":"sv-SE","potentialAction":[{"@type":"ReadAction","target":["https:\/\/wp.kristdemokraterna.se\/ydre\/i-var-kommun\/kampanjfolder-for-ydre-kommun\/"]}]},{"@type":"BreadcrumbList","@id":"https:\/\/wp.kristdemokraterna.se\/ydre\/i-var-kommun\/kampanjfolder-for-ydre-kommun\/#breadcrumb","itemListElement":[{"@type":"ListItem","position":1,"name":"Hem","item":"https:\/\/wp.kristdemokraterna.se\/ydre\/"},{"@type":"ListItem","position":2,"name":"Vad vill vi i v\u00e5r kommun","item":"https:\/\/wp.kristdemokraterna.se\/ydre\/i-var-kommun\/"},{"@type":"ListItem","position":3,"name":"Detta vill vi g\u00f6ra i Ydre!"}]},{"@type":"WebSite","@id":"https:\/\/wp.kristdemokraterna.se\/ydre\/#website","url":"https:\/\/wp.kristdemokraterna.se\/ydre\/","name":"Kristdemokraterna i Ydre","description":"En till Kristdemokraterna webbplats","inLanguage":"sv-SE"}]}},"_links":{"self":[{"href":"https:\/\/wp.kristdemokraterna.se\/ydre\/wp-json\/wp\/v2\/pages\/493","targetHints":{"allow":["GET"]}}],"collection":[{"href":"https:\/\/wp.kristdemokraterna.se\/ydre\/wp-json\/wp\/v2\/pages"}],"about":[{"href":"https:\/\/wp.kristdemokraterna.se\/ydre\/wp-json\/wp\/v2\/types\/page"}],"author":[{"embeddable":true,"href":"https:\/\/wp.kristdemokraterna.se\/ydre\/wp-json\/wp\/v2\/users\/793"}],"replies":[{"embeddable":true,"href":"https:\/\/wp.kristdemokraterna.se\/ydre\/wp-json\/wp\/v2\/comments?post=493"}],"version-history":[{"count":7,"href":"https:\/\/wp.kristdemokraterna.se\/ydre\/wp-json\/wp\/v2\/pages\/493\/revisions"}],"predecessor-version":[{"id":507,"href":"https:\/\/wp.kristdemokraterna.se\/ydre\/wp-json\/wp\/v2\/pages\/493\/revisions\/507"}],"up":[{"embeddable":true,"href":"https:\/\/wp.kristdemokraterna.se\/ydre\/wp-json\/wp\/v2\/pages\/342"}],"wp:attachment":[{"href":"https:\/\/wp.kristdemokraterna.se\/ydre\/wp-json\/wp\/v2\/media?parent=493"}],"curies":[{"name":"wp","href":"https:\/\/api.w.org\/{rel}","templated":true}]}}