{"id":510,"date":"2018-05-12T14:26:00","date_gmt":"2018-05-12T12:26:00","guid":{"rendered":"http:\/\/wp.kristdemokraterna.se\/ydre\/?page_id=510"},"modified":"2018-07-25T18:39:14","modified_gmt":"2018-07-25T16:39:14","slug":"turismen-i-ydre","status":"publish","type":"page","link":"https:\/\/wp.kristdemokraterna.se\/ydre\/turismen-i-ydre\/","title":{"rendered":"2014-08-01 Ydre &#8211; en milj\u00f6 f\u00f6r m\u00e4nniskor"},"content":{"rendered":"<p>N\u00e4r jag nyligen kom in p\u00e5 turistbyr\u00e5n i \u00d6sterbymo talade receptionisten i telefon. Det var n\u00e5gon som ville veta vad turister\u00a0<i>brukar<\/i>\u00a0g\u00f6ra i Ydre.<br \/>\nJa, vad brukar de g\u00f6ra? Somliga paddlar kanot, andra bes\u00f6ker kyrkor. Det finns i sj\u00e4lva verket kolossalt mycket att v\u00e4lja p\u00e5. Men ingenting passade den som ringde.<\/p>\n<p><img loading=\"lazy\" decoding=\"async\" src=\"http:\/\/ydrebo.se\/kd\/veckobrev\/kronika140801\/bilar.JPG\" width=\"349\" height=\"270\" \/>\u00a0\u00a0\u00a0\u00a0\u00a0<img loading=\"lazy\" decoding=\"async\" src=\"http:\/\/ydrebo.se\/kd\/veckobrev\/kronika140801\/ukreda.JPG\" width=\"360\" height=\"270\" \/><br \/>\n<i>\u00c4nda fr\u00e5n Nederl\u00e4nderna kommer folk till Ydre f\u00f6r att andas ut. (Till h\u00f6ger Ukreda, \u00d6sterbymo.)<\/i><\/p>\n<p>Den som ringde ville veta vad som \u00e4r inne i Ydre. Det finns ett mycket enkelt svar:<\/p>\n<p><b>Det som \u00e4r inne i Ydre \u00e4r ute.<\/b><\/p>\n<p><img loading=\"lazy\" decoding=\"async\" src=\"http:\/\/ydrebo.se\/kd\/veckobrev\/kronika140801\/vassviksberget3.jpg\" width=\"600\" height=\"431\" \/><\/p>\n<p><i>Harmoni \u00e4r inte att\u00a0<a href=\"https:\/\/www.youtube.com\/watch?v=S4DZQhfrl5Y\" target=\"_blank\" rel=\"noopener\"><b>r\u00e4tta in sig i ledet<\/b><\/a>\u00a0och vara som alla andra.<br \/>\n<\/i>Visst finns det sev\u00e4rdheter inomhus i Ydre, t.ex. i kyrkor, museer, \u00d6sterfors smedja och v\u00e5rt Naturum.<br \/>\nMen det viktigaste finns ute. Den verkliga sev\u00e4rdheten \u00e4r Ydre sj\u00e4lvt med skogar, vatten och f\u00e4lt.<br \/>\nT\u00e4nk att bara f\u00e5 uppleva ljudet fr\u00e5n vinden, vattnet och f\u00e5glarna och se hur fj\u00e4rilarna dansar \u00f6ver en gl\u00e4nta!<\/p>\n<p><img loading=\"lazy\" decoding=\"async\" src=\"http:\/\/ydrebo.se\/kd\/veckobrev\/kronika140801\/skogssjo.JPG\" width=\"360\" height=\"270\" \/>\u00a0\u00a0\u00a0\u00a0\u00a0<img loading=\"lazy\" decoding=\"async\" src=\"http:\/\/ydrebo.se\/kd\/veckobrev\/kronika140801\/bulsjoan.JPG\" width=\"360\" height=\"270\" \/><br \/>\n<i>K\u00e4ringg\u00f6len och Bulsj\u00f6\u00e5n n\u00e4ra Bulsj\u00f6 i Sund.<\/i><\/p>\n<p>Omr\u00e5det utmed Sommen \u00e4r av riksintresse p\u00e5 grund av naturen.<\/p>\n<p><img loading=\"lazy\" decoding=\"async\" src=\"http:\/\/ydrebo.se\/kd\/veckobrev\/kronika140801\/torpons_farjelage2.JPG\" width=\"600\" height=\"450\" \/><\/p>\n<p><i>Karls\u00f6, v\u00e5r nordligaste sk\u00e4rg\u00e5rds\u00f6 (Foto: Barbro Malm).<\/i><\/p>\n<p><span style=\"font-size: large\">N\u00e4r man andats ut finns det tid f\u00f6r b\u00e5de sev\u00e4rdheter och aktiviteter.<br \/>\nMen den b\u00e4sta aktiviteten \u00e4r att helt enkelt\u00a0<i>vara<\/i>\u00a0i Ydre.<br \/>\nYdre \u00e4r st\u00f6rre \u00e4n turistmagneten Bornholm s\u00e5 h\u00e4r finns plats f\u00f6r fler g\u00e4ster utan att\u00a0<a href=\"http:\/\/3.bp.blogspot.com\/-cEsdjD2c9ew\/UPetl96wO_I\/AAAAAAAADAo\/fslu66_GdX8\/s640\/bangla+train.jpg\" target=\"_blank\" rel=\"noopener\"><b>det blir tr\u00e5ngt.<\/b><\/a><br \/>\nH\u00e4r kan man b\u00e5de paddla kanot och bes\u00f6ka kyrkor, annat att f\u00f6rgl\u00f6mma.<\/span><\/p>\n<p><img loading=\"lazy\" decoding=\"async\" src=\"http:\/\/ydrebo.se\/kd\/veckobrev\/kronika140801\/sommen2.JPG\" width=\"360\" height=\"277\" \/>\u00a0\u00a0\u00a0\u00a0\u00a0<img loading=\"lazy\" decoding=\"async\" src=\"http:\/\/ydrebo.se\/kd\/veckobrev\/kronika140801\/torpa.JPG\" width=\"369\" height=\"277\" \/><br \/>\n<i>Torpasj\u00f6n (en av Sommens fj\u00e4rdar) och Torpa kyrka.<\/i><\/p>\n<p>Det g\u00e5r inga charterflyg till Ydre, inga stora turistt\u00e5g och inga l\u00e5ngf\u00e4rdsbussar.<br \/>\nI sj\u00e4lva verket \u00e4r det en kostsam kamp f\u00f6r kommunen att f\u00e5 beh\u00e5lla det som finns kvar av allm\u00e4nna kommunikationer.<br \/>\nDen striden f\u00e5r vi inte ge upp. F\u00f6r det l\u00f6nar sig att komma hit och det m\u00e5ste det f\u00e5 g\u00f6ra ocks\u00e5 i forts\u00e4ttningen.<\/p>\n<p><img loading=\"lazy\" decoding=\"async\" src=\"http:\/\/ydrebo.se\/kd\/veckobrev\/kronika140801\/flygplats.JPG\" width=\"262\" height=\"200\" \/>\u00a0\u00a0\u00a0\u00a0\u00a0<img loading=\"lazy\" decoding=\"async\" src=\"http:\/\/ydrebo.se\/kd\/veckobrev\/kronika140801\/sund.jpg\" width=\"300\" height=\"200\" \/><br \/>\n<i>Schiphol (utanf\u00f6r Amsterdam) och Stora Sundsj\u00f6n.<\/i><\/p>\n<p>V\u00e5ra g\u00e4ster beh\u00f6ver n\u00e5gonstans att \u00e4ta och n\u00e5gonstans att bo.<br \/>\nLiksom ydreborna beh\u00f6ver de aff\u00e4rer av olika slag. Det \u00e4r viktigt att det finns en bank som kan hantera kontanter.<br \/>\n&#8221;Vi m\u00e5ste vara r\u00e4dda om turisterna&#8221; h\u00f6rde jag en expedit s\u00e4ga idag. Det m\u00e5ste ha det bra h\u00e4r med s\u00e5 litet fl\u00e4ktar fr\u00e5n storstaden som m\u00f6jligt.<br \/>\n<b><\/b><a href=\"http:\/\/wp.kristdemokraterna.se\/ydre\/en-visning-pa-raddningsstationen\/\">Men om det h\u00e4nder n\u00e5got?<\/a>\u00a0 (Bildspel av Barbro Malm.) Precis som f\u00f6r oss som bor h\u00e4r \u00e4r v\u00e5rdcentralen, apoteket och r\u00e4ddningstj\u00e4nsten livsviktiga.<\/p>\n<p><img loading=\"lazy\" decoding=\"async\" src=\"http:\/\/ydrebo.se\/kd\/veckobrev\/kronika140801\/bilbrand4.jpg\" width=\"360\" height=\"277\" \/>\u00a0\u00a0\u00a0\u00a0\u00a0<img loading=\"lazy\" decoding=\"async\" src=\"http:\/\/ydrebo.se\/kd\/veckobrev\/kronika140801\/bilbrand8.jpg\" width=\"360\" height=\"277\" \/><i><a href=\"http:\/\/ydrebo.se\/ydre\/bilbrand\/bilbrand1.html\" target=\"_blank\" rel=\"noopener\"><b><br \/>\n<\/b><\/a><a href=\"http:\/\/wp.kristdemokraterna.se\/ydre\/en-visning-pa-raddningsstationen\/\">Lyckligtvis var det en \u00f6vning<\/a>.\u00a0(Bildspel av Barbro Malm).<\/i><\/p>\n<p>Vid alla beslut m\u00e5ste vi t\u00e4nka p\u00e5 m\u00e4nniskorna. Vi m\u00e5ste komma ih\u00e5g vad Ydre \u00e4r:<\/p>\n<p><b>Ydre \u00e4r annorlunda. Ydre \u00e4r en milj\u00f6 f\u00f6r m\u00e4nniskor.<\/b><\/p>\n<p><img loading=\"lazy\" decoding=\"async\" src=\"http:\/\/ydrebo.se\/kd\/veckobrev\/kronika140801\/stack.JPG\" width=\"500\" height=\"500\" \/><\/p>\n<p><i>L\u00f6v\u00e5sa i Sund.<\/i><\/p>\n<p><i>Bengt Malm, ordf.<br \/>\n1 augusti 2014, hundra\u00e5rsdagen av f\u00f6rsta v\u00e4rldkrigets utbrott.<\/i><\/p>\n<p><span style=\"font-size: large\">P.S. Eftersom barn \u00e4r m\u00e4nniskor skall deras milj\u00f6 vara s\u00e5 m\u00e4nsklig som m\u00f6jligt.<br \/>\nKristdemokraterna har\u00a0<i>l\u00e4nge<\/i>\u00a0yrkat p\u00e5 att barngrupperna skall bli mindre \u00f6ver hela landet.<br \/>\nHj\u00e4lp oss att f\u00e5 igenom detta genom att r\u00f6sta p\u00e5 oss!<\/span><\/p>\n","protected":false},"excerpt":{"rendered":"<p>N\u00e4r jag nyligen kom in p\u00e5 turistbyr\u00e5n i \u00d6sterbymo talade receptionisten i telefon. Det var n\u00e5gon som ville veta vad turister\u00a0brukar\u00a0g\u00f6ra i Ydre. Ja, vad brukar de g\u00f6ra? Somliga paddlar kanot, andra bes\u00f6ker kyrkor. Det finns i sj\u00e4lva verket kolossalt mycket att v\u00e4lja p\u00e5. Men ingenting passade den som ringde. \u00a0\u00a0\u00a0\u00a0\u00a0 \u00c4nda fr\u00e5n Nederl\u00e4nderna kommer <a class=\"read-more-link\" href=\"https:\/\/wp.kristdemokraterna.se\/ydre\/turismen-i-ydre\/\">L\u00e4s mer<\/a><\/p>\n","protected":false},"author":793,"featured_media":0,"parent":0,"menu_order":2,"comment_status":"closed","ping_status":"closed","template":"","meta":{"_acf_changed":false,"footnotes":""},"class_list":["post-510","page","type-page","status-publish","hentry"],"acf":[],"yoast_head":"<!-- This site is optimized with the Yoast SEO plugin v27.5 - https:\/\/yoast.com\/product\/yoast-seo-wordpress\/ -->\n<title>2014-08-01 Ydre - en milj\u00f6 f\u00f6r m\u00e4nniskor - Kristdemokraterna i Ydre<\/title>\n<meta name=\"robots\" content=\"index, follow, max-snippet:-1, max-image-preview:large, max-video-preview:-1\" \/>\n<link rel=\"canonical\" href=\"https:\/\/wp.kristdemokraterna.se\/ydre\/turismen-i-ydre\/\" \/>\n<meta property=\"og:locale\" content=\"sv_SE\" \/>\n<meta property=\"og:type\" content=\"article\" \/>\n<meta property=\"og:title\" content=\"2014-08-01 Ydre - en milj\u00f6 f\u00f6r m\u00e4nniskor - Kristdemokraterna i Ydre\" \/>\n<meta property=\"og:description\" content=\"N\u00e4r jag nyligen kom in p\u00e5 turistbyr\u00e5n i \u00d6sterbymo talade receptionisten i telefon. Det var n\u00e5gon som ville veta vad turister\u00a0brukar\u00a0g\u00f6ra i Ydre. Ja, vad brukar de g\u00f6ra? Somliga paddlar kanot, andra bes\u00f6ker kyrkor. Det finns i sj\u00e4lva verket kolossalt mycket att v\u00e4lja p\u00e5. Men ingenting passade den som ringde. \u00a0\u00a0\u00a0\u00a0\u00a0 \u00c4nda fr\u00e5n Nederl\u00e4nderna kommer L\u00e4s mer\" \/>\n<meta property=\"og:url\" content=\"https:\/\/wp.kristdemokraterna.se\/ydre\/turismen-i-ydre\/\" \/>\n<meta property=\"og:site_name\" content=\"Kristdemokraterna i Ydre\" \/>\n<meta property=\"article:modified_time\" content=\"2018-07-25T16:39:14+00:00\" \/>\n<meta property=\"og:image\" content=\"http:\/\/ydrebo.se\/kd\/veckobrev\/kronika140801\/bilar.JPG\" \/>\n<meta name=\"twitter:card\" content=\"summary_large_image\" \/>\n<meta name=\"twitter:label1\" content=\"Ber\u00e4knad l\u00e4stid\" \/>\n\t<meta name=\"twitter:data1\" content=\"3 minuter\" \/>\n<script type=\"application\/ld+json\" class=\"yoast-schema-graph\">{\"@context\":\"https:\\\/\\\/schema.org\",\"@graph\":[{\"@type\":\"WebPage\",\"@id\":\"https:\\\/\\\/wp.kristdemokraterna.se\\\/ydre\\\/turismen-i-ydre\\\/\",\"url\":\"https:\\\/\\\/wp.kristdemokraterna.se\\\/ydre\\\/turismen-i-ydre\\\/\",\"name\":\"2014-08-01 Ydre - en milj\u00f6 f\u00f6r m\u00e4nniskor - Kristdemokraterna i Ydre\",\"isPartOf\":{\"@id\":\"https:\\\/\\\/wp.kristdemokraterna.se\\\/ydre\\\/#website\"},\"primaryImageOfPage\":{\"@id\":\"https:\\\/\\\/wp.kristdemokraterna.se\\\/ydre\\\/turismen-i-ydre\\\/#primaryimage\"},\"image\":{\"@id\":\"https:\\\/\\\/wp.kristdemokraterna.se\\\/ydre\\\/turismen-i-ydre\\\/#primaryimage\"},\"thumbnailUrl\":\"http:\\\/\\\/ydrebo.se\\\/kd\\\/veckobrev\\\/kronika140801\\\/bilar.JPG\",\"datePublished\":\"2018-05-12T12:26:00+00:00\",\"dateModified\":\"2018-07-25T16:39:14+00:00\",\"breadcrumb\":{\"@id\":\"https:\\\/\\\/wp.kristdemokraterna.se\\\/ydre\\\/turismen-i-ydre\\\/#breadcrumb\"},\"inLanguage\":\"sv-SE\",\"potentialAction\":[{\"@type\":\"ReadAction\",\"target\":[\"https:\\\/\\\/wp.kristdemokraterna.se\\\/ydre\\\/turismen-i-ydre\\\/\"]}]},{\"@type\":\"ImageObject\",\"inLanguage\":\"sv-SE\",\"@id\":\"https:\\\/\\\/wp.kristdemokraterna.se\\\/ydre\\\/turismen-i-ydre\\\/#primaryimage\",\"url\":\"http:\\\/\\\/ydrebo.se\\\/kd\\\/veckobrev\\\/kronika140801\\\/bilar.JPG\",\"contentUrl\":\"http:\\\/\\\/ydrebo.se\\\/kd\\\/veckobrev\\\/kronika140801\\\/bilar.JPG\"},{\"@type\":\"BreadcrumbList\",\"@id\":\"https:\\\/\\\/wp.kristdemokraterna.se\\\/ydre\\\/turismen-i-ydre\\\/#breadcrumb\",\"itemListElement\":[{\"@type\":\"ListItem\",\"position\":1,\"name\":\"Hem\",\"item\":\"https:\\\/\\\/wp.kristdemokraterna.se\\\/ydre\\\/\"},{\"@type\":\"ListItem\",\"position\":2,\"name\":\"2014-08-01 Ydre &#8211; en milj\u00f6 f\u00f6r m\u00e4nniskor\"}]},{\"@type\":\"WebSite\",\"@id\":\"https:\\\/\\\/wp.kristdemokraterna.se\\\/ydre\\\/#website\",\"url\":\"https:\\\/\\\/wp.kristdemokraterna.se\\\/ydre\\\/\",\"name\":\"Kristdemokraterna i Ydre\",\"description\":\"En till Kristdemokraterna webbplats\",\"inLanguage\":\"sv-SE\"}]}<\/script>\n<!-- \/ Yoast SEO plugin. -->","yoast_head_json":{"title":"2014-08-01 Ydre - en milj\u00f6 f\u00f6r m\u00e4nniskor - Kristdemokraterna i Ydre","robots":{"index":"index","follow":"follow","max-snippet":"max-snippet:-1","max-image-preview":"max-image-preview:large","max-video-preview":"max-video-preview:-1"},"canonical":"https:\/\/wp.kristdemokraterna.se\/ydre\/turismen-i-ydre\/","og_locale":"sv_SE","og_type":"article","og_title":"2014-08-01 Ydre - en milj\u00f6 f\u00f6r m\u00e4nniskor - Kristdemokraterna i Ydre","og_description":"N\u00e4r jag nyligen kom in p\u00e5 turistbyr\u00e5n i \u00d6sterbymo talade receptionisten i telefon. Det var n\u00e5gon som ville veta vad turister\u00a0brukar\u00a0g\u00f6ra i Ydre. Ja, vad brukar de g\u00f6ra? Somliga paddlar kanot, andra bes\u00f6ker kyrkor. Det finns i sj\u00e4lva verket kolossalt mycket att v\u00e4lja p\u00e5. Men ingenting passade den som ringde. \u00a0\u00a0\u00a0\u00a0\u00a0 \u00c4nda fr\u00e5n Nederl\u00e4nderna kommer L\u00e4s mer","og_url":"https:\/\/wp.kristdemokraterna.se\/ydre\/turismen-i-ydre\/","og_site_name":"Kristdemokraterna i Ydre","article_modified_time":"2018-07-25T16:39:14+00:00","og_image":[{"url":"http:\/\/ydrebo.se\/kd\/veckobrev\/kronika140801\/bilar.JPG","type":"","width":"","height":""}],"twitter_card":"summary_large_image","twitter_misc":{"Ber\u00e4knad l\u00e4stid":"3 minuter"},"schema":{"@context":"https:\/\/schema.org","@graph":[{"@type":"WebPage","@id":"https:\/\/wp.kristdemokraterna.se\/ydre\/turismen-i-ydre\/","url":"https:\/\/wp.kristdemokraterna.se\/ydre\/turismen-i-ydre\/","name":"2014-08-01 Ydre - en milj\u00f6 f\u00f6r m\u00e4nniskor - Kristdemokraterna i Ydre","isPartOf":{"@id":"https:\/\/wp.kristdemokraterna.se\/ydre\/#website"},"primaryImageOfPage":{"@id":"https:\/\/wp.kristdemokraterna.se\/ydre\/turismen-i-ydre\/#primaryimage"},"image":{"@id":"https:\/\/wp.kristdemokraterna.se\/ydre\/turismen-i-ydre\/#primaryimage"},"thumbnailUrl":"http:\/\/ydrebo.se\/kd\/veckobrev\/kronika140801\/bilar.JPG","datePublished":"2018-05-12T12:26:00+00:00","dateModified":"2018-07-25T16:39:14+00:00","breadcrumb":{"@id":"https:\/\/wp.kristdemokraterna.se\/ydre\/turismen-i-ydre\/#breadcrumb"},"inLanguage":"sv-SE","potentialAction":[{"@type":"ReadAction","target":["https:\/\/wp.kristdemokraterna.se\/ydre\/turismen-i-ydre\/"]}]},{"@type":"ImageObject","inLanguage":"sv-SE","@id":"https:\/\/wp.kristdemokraterna.se\/ydre\/turismen-i-ydre\/#primaryimage","url":"http:\/\/ydrebo.se\/kd\/veckobrev\/kronika140801\/bilar.JPG","contentUrl":"http:\/\/ydrebo.se\/kd\/veckobrev\/kronika140801\/bilar.JPG"},{"@type":"BreadcrumbList","@id":"https:\/\/wp.kristdemokraterna.se\/ydre\/turismen-i-ydre\/#breadcrumb","itemListElement":[{"@type":"ListItem","position":1,"name":"Hem","item":"https:\/\/wp.kristdemokraterna.se\/ydre\/"},{"@type":"ListItem","position":2,"name":"2014-08-01 Ydre &#8211; en milj\u00f6 f\u00f6r m\u00e4nniskor"}]},{"@type":"WebSite","@id":"https:\/\/wp.kristdemokraterna.se\/ydre\/#website","url":"https:\/\/wp.kristdemokraterna.se\/ydre\/","name":"Kristdemokraterna i Ydre","description":"En till Kristdemokraterna webbplats","inLanguage":"sv-SE"}]}},"_links":{"self":[{"href":"https:\/\/wp.kristdemokraterna.se\/ydre\/wp-json\/wp\/v2\/pages\/510","targetHints":{"allow":["GET"]}}],"collection":[{"href":"https:\/\/wp.kristdemokraterna.se\/ydre\/wp-json\/wp\/v2\/pages"}],"about":[{"href":"https:\/\/wp.kristdemokraterna.se\/ydre\/wp-json\/wp\/v2\/types\/page"}],"author":[{"embeddable":true,"href":"https:\/\/wp.kristdemokraterna.se\/ydre\/wp-json\/wp\/v2\/users\/793"}],"replies":[{"embeddable":true,"href":"https:\/\/wp.kristdemokraterna.se\/ydre\/wp-json\/wp\/v2\/comments?post=510"}],"version-history":[{"count":11,"href":"https:\/\/wp.kristdemokraterna.se\/ydre\/wp-json\/wp\/v2\/pages\/510\/revisions"}],"predecessor-version":[{"id":1238,"href":"https:\/\/wp.kristdemokraterna.se\/ydre\/wp-json\/wp\/v2\/pages\/510\/revisions\/1238"}],"wp:attachment":[{"href":"https:\/\/wp.kristdemokraterna.se\/ydre\/wp-json\/wp\/v2\/media?parent=510"}],"curies":[{"name":"wp","href":"https:\/\/api.w.org\/{rel}","templated":true}]}}