{"id":516,"date":"2018-05-12T17:20:07","date_gmt":"2018-05-12T15:20:07","guid":{"rendered":"http:\/\/wp.kristdemokraterna.se\/ydre\/?page_id=516"},"modified":"2018-07-25T23:01:45","modified_gmt":"2018-07-25T21:01:45","slug":"en-politik-som-passar-alla","status":"publish","type":"page","link":"https:\/\/wp.kristdemokraterna.se\/ydre\/i-var-kommun\/en-politik-som-passar-alla\/","title":{"rendered":"En politik som passar alla"},"content":{"rendered":"<p><span style=\"font-size: large\"><img loading=\"lazy\" decoding=\"async\" src=\"http:\/\/ydrebo.se\/kd\/trappan.JPG\" width=\"507\" height=\"240\" \/><br \/>\n<a href=\"http:\/\/wp.kristdemokraterna.se\/ydre\/alderstrappan\/\" rel=\"noopener\">\u00c5lderstrappan<\/a><\/span><\/p>\n<p><a href=\"http:\/\/wp.kristdemokraterna.se\/ydre\/kristdemokraternas-politiska-programforklaring\/\">Kristdemokraternas programf\u00f6rklaring<\/a><\/p>\n<p><a href=\"http:\/\/wp.kristdemokraterna.se\/ydre\/det-har\/\">Det h\u00e4r vill Kristdemokraterna i Ydre<\/a><\/p>\n<p><img loading=\"lazy\" decoding=\"async\" src=\"http:\/\/ydrebo.se\/kd\/veckobrev\/norravi.JPG\" width=\"502\" height=\"480\" \/><\/p>\n<p>Alla tidigare Ydrebor har gett oss ett kulturarv som vi m\u00e5ste vara r\u00e4dda om.<br \/>\n<a href=\"http:\/\/wp.kristdemokraterna.se\/ydre\/ydre-ostergotlands-aldsta-kulturbygd\/\">F\u00f6r Ydre \u00e4r \u00d6sterg\u00f6tlands \u00e4ldsta kulturbygd.<\/a><\/p>\n<p>Turismen \u00e4r viktig f\u00f6r Ydre. V\u00e5ra g\u00e4ster kommer f\u00f6r att Ydre \u00e4r annorlunda &#8211; helt enkelt en milj\u00f6 f\u00f6r m\u00e4nniskor. Det m\u00e5ste vara v\u00e4l ordnat f\u00f6r dem. <a href=\"http:\/\/wp.kristdemokraterna.se\/ydre\/turismen-i-ydre\/\">L\u00e4s mer om Ydres turister och turisternas Ydre<\/a>.<\/p>\n<p>Ocks\u00e5 f\u00f6r v\u00e5ra \u00e4ldre m\u00e5ste livet vara <a href=\"http:\/\/wp.kristdemokraterna.se\/ydre\/supersommar\/\">meningsfullt och v\u00e4l ordnat<\/a>.<\/p>\n<p><img loading=\"lazy\" decoding=\"async\" src=\"http:\/\/ydrebo.se\/kd\/veckobrev\/solangen.jpg\" width=\"310\" height=\"400\" \/><br \/>\n<i>Sol\u00e4ngen i \u00d6sterbymo.<\/i><\/p>\n<p>&nbsp;<\/p>\n<p><strong>Debatt i \u00d6stnytt den 9 mars 2018<\/strong><\/p>\n<p><span style=\"font-size: x-large\"><a href=\"https:\/\/www.svt.se\/nyheter\/lokalt\/ost\/debatt-om-bostadsbidrag-for-ensamkommande?cmpid=del%3Afb%3A20180309%3Adebatt-om-bostadsbidrag-for-ensamkommande%3Anyh%3Alp\" target=\"_blank\" rel=\"noopener\"><img loading=\"lazy\" decoding=\"async\" src=\"http:\/\/ydrebo.se\/kd\/debatt.JPG\" width=\"663\" height=\"372\" border=\"0\" \/><\/a><\/span><\/p>\n<p><span style=\"font-size: large\"><i>Se debatten i \u00d6stnytt den 9 mars 2018 om asyls\u00f6kande ungdomar i Ydre.<\/i><\/span><\/p>\n<p>&nbsp;<\/p>\n<p><span style=\"font-size: large\"><b>Senaste kr\u00f6nikan:<\/b><\/span><\/p>\n<p><a href=\"http:\/\/wp.kristdemokraterna.se\/ydre\/2018-02-23-sverige-och-varldens-kriser\/\">Sverige och v\u00e4rldens kriser<\/a> (2018-02-23)<\/p>\n<p><a href=\"http:\/\/wp.kristdemokraterna.se\/ydre\/ydrekronikor-2018\/\">YDREKR\u00d6NIKOR 2018<\/a><\/p>\n<p><a href=\"http:\/\/wp.kristdemokraterna.se\/ydre\/ydrekronikor-2017\/\">YDREKR\u00d6NIKOR 2017<\/a><\/p>\n<p><a href=\"http:\/\/wp.kristdemokraterna.se\/ydre\/ydrekronikor-2016\/\">YDREKR\u00d6NIKOR 2016<\/a><\/p>\n<p><a href=\"http:\/\/wp.kristdemokraterna.se\/ydre\/ydrekronikor-2015\/\">YDREKR\u00d6NIKOR 2015<\/a><\/p>\n<p><a href=\"http:\/\/wp.kristdemokraterna.se\/ydre\/ydrekronikor-2014\/\">YDREKR\u00d6NIKOR 2014<\/a><b><\/b><\/p>\n<p>&nbsp;<\/p>\n<p><span style=\"font-size: large\"><img loading=\"lazy\" decoding=\"async\" src=\"http:\/\/ydrebo.se\/kd\/veckobrev\/stuga.JPG\" width=\"400\" height=\"300\" \/><br \/>\n<\/span><span style=\"font-size: medium\"><i>Foto: Barbro Malm<\/i><\/span><\/p>\n<p>&nbsp;<\/p>\n<p><a href=\"http:\/\/wp.kristdemokraterna.se\/ydre\/2014-08-13-ydrebon-ar-flitig-som-ett-bi\/\">Utan invandrarna stannar Sverige<\/a><\/p>\n<p><a href=\"http:\/\/wp.kristdemokraterna.se\/ydre\/2014-08-21-nar-sverige-blir-obeboeligt\/\">Det m\u00e5ste g\u00e5 att bo i glesbygd<\/a><\/p>\n<p><a href=\"http:\/\/wp.kristdemokraterna.se\/ydre\/2015-01-11-drommen-om-yttrandefrihet\/\">Yttrandefriheten \u00e4r omistlig<\/a><\/p>\n<p><a href=\"http:\/\/wp.kristdemokraterna.se\/ydre\/2014-08-26-allting-fungerar-val-av-sig-sjalvt-eller-hur\/\">Ydre beh\u00f6ver hela sin infrastruktur<\/a><\/p>\n<p><a href=\"http:\/\/wp.kristdemokraterna.se\/ydre\/2014-09-01-vart-enda-ydre\/\">Vi m\u00e5ste vara r\u00e4dda om v\u00e5rt enda Ydre<\/a><\/p>\n<p><a href=\"http:\/\/wp.kristdemokraterna.se\/ydre\/2014-09-30-om-pappa-ville-ge-ja-en-femoring\/\">Hur mycket kan vi investera?<\/a><\/p>\n<p><a href=\"http:\/\/wp.kristdemokraterna.se\/ydre\/2014-11-21-det-fredliga-ydre\/\">Vi beh\u00f6ver trots allt polisen lika mycket som f\u00f6rut<\/a><\/p>\n<p><a href=\"http:\/\/wp.kristdemokraterna.se\/ydre\/2014-11-25-kan-doktorn-komma\/\">Hur fungerar hemsjukv\u00e5rden?<\/a><\/p>\n<p><span style=\"font-size: large\"><img decoding=\"async\" src=\"http:\/\/ydrebo.se\/kd\/barn.JPG\" height=\"288\" \/><br \/>\n<\/span>Sverige &#8211; v\u00e4rldens b\u00e4sta land att v\u00e4xa upp i<\/p>\n<p>Kristdemokraterna har, som inget annat parti, familjen i fokus och arbetar f\u00f6r att vi ska f\u00e5 ett familjev\u00e4nligare samh\u00e4llsklimat. Sverige skall vara v\u00e4rldens b\u00e4sta land att v\u00e4xa upp i.<\/p>\n<p><span style=\"font-size: large\">L\u00e4s om vad Kd vill med skolan i\u00a0<a href=\"http:\/\/wp.kristdemokraterna.se\/skolbloggen\/\" target=\"_blank\" rel=\"noopener\"><b>Skolbloggen.<\/b><\/a><\/span><\/p>\n<p><span style=\"font-size: large\"><a href=\"https:\/\/www.kristdemokraterna.se\/\" target=\"_blank\" rel=\"noopener\"><b>Kristdemokraterna i rikspolitiken<\/b><\/a><\/span><\/p>\n","protected":false},"excerpt":{"rendered":"<p>\u00c5lderstrappan Kristdemokraternas programf\u00f6rklaring Det h\u00e4r vill Kristdemokraterna i Ydre Alla tidigare Ydrebor har gett oss ett kulturarv som vi m\u00e5ste vara r\u00e4dda om. F\u00f6r Ydre \u00e4r \u00d6sterg\u00f6tlands \u00e4ldsta kulturbygd. Turismen \u00e4r viktig f\u00f6r Ydre. V\u00e5ra g\u00e4ster kommer f\u00f6r att Ydre \u00e4r annorlunda &#8211; helt enkelt en milj\u00f6 f\u00f6r m\u00e4nniskor. Det m\u00e5ste vara v\u00e4l ordnat f\u00f6r <a class=\"read-more-link\" href=\"https:\/\/wp.kristdemokraterna.se\/ydre\/i-var-kommun\/en-politik-som-passar-alla\/\">L\u00e4s mer<\/a><\/p>\n","protected":false},"author":793,"featured_media":0,"parent":342,"menu_order":2,"comment_status":"closed","ping_status":"closed","template":"","meta":{"_acf_changed":false,"footnotes":""},"class_list":["post-516","page","type-page","status-publish","hentry"],"acf":[],"yoast_head":"<!-- This site is optimized with the Yoast SEO plugin v27.5 - https:\/\/yoast.com\/product\/yoast-seo-wordpress\/ -->\n<title>En politik som passar alla - Kristdemokraterna i Ydre<\/title>\n<meta name=\"robots\" content=\"index, follow, max-snippet:-1, max-image-preview:large, max-video-preview:-1\" \/>\n<link rel=\"canonical\" href=\"https:\/\/wp.kristdemokraterna.se\/ydre\/i-var-kommun\/en-politik-som-passar-alla\/\" \/>\n<meta property=\"og:locale\" content=\"sv_SE\" \/>\n<meta property=\"og:type\" content=\"article\" \/>\n<meta property=\"og:title\" content=\"En politik som passar alla - Kristdemokraterna i Ydre\" \/>\n<meta property=\"og:description\" content=\"\u00c5lderstrappan Kristdemokraternas programf\u00f6rklaring Det h\u00e4r vill Kristdemokraterna i Ydre Alla tidigare Ydrebor har gett oss ett kulturarv som vi m\u00e5ste vara r\u00e4dda om. F\u00f6r Ydre \u00e4r \u00d6sterg\u00f6tlands \u00e4ldsta kulturbygd. Turismen \u00e4r viktig f\u00f6r Ydre. V\u00e5ra g\u00e4ster kommer f\u00f6r att Ydre \u00e4r annorlunda &#8211; helt enkelt en milj\u00f6 f\u00f6r m\u00e4nniskor. Det m\u00e5ste vara v\u00e4l ordnat f\u00f6r L\u00e4s mer\" \/>\n<meta property=\"og:url\" content=\"https:\/\/wp.kristdemokraterna.se\/ydre\/i-var-kommun\/en-politik-som-passar-alla\/\" \/>\n<meta property=\"og:site_name\" content=\"Kristdemokraterna i Ydre\" \/>\n<meta property=\"article:modified_time\" content=\"2018-07-25T21:01:45+00:00\" \/>\n<meta property=\"og:image\" content=\"http:\/\/ydrebo.se\/kd\/trappan.JPG\" \/>\n<meta name=\"twitter:card\" content=\"summary_large_image\" \/>\n<meta name=\"twitter:label1\" content=\"Ber\u00e4knad l\u00e4stid\" \/>\n\t<meta name=\"twitter:data1\" content=\"1 minut\" \/>\n<script type=\"application\/ld+json\" class=\"yoast-schema-graph\">{\"@context\":\"https:\\\/\\\/schema.org\",\"@graph\":[{\"@type\":\"WebPage\",\"@id\":\"https:\\\/\\\/wp.kristdemokraterna.se\\\/ydre\\\/i-var-kommun\\\/en-politik-som-passar-alla\\\/\",\"url\":\"https:\\\/\\\/wp.kristdemokraterna.se\\\/ydre\\\/i-var-kommun\\\/en-politik-som-passar-alla\\\/\",\"name\":\"En politik som passar alla - Kristdemokraterna i Ydre\",\"isPartOf\":{\"@id\":\"https:\\\/\\\/wp.kristdemokraterna.se\\\/ydre\\\/#website\"},\"primaryImageOfPage\":{\"@id\":\"https:\\\/\\\/wp.kristdemokraterna.se\\\/ydre\\\/i-var-kommun\\\/en-politik-som-passar-alla\\\/#primaryimage\"},\"image\":{\"@id\":\"https:\\\/\\\/wp.kristdemokraterna.se\\\/ydre\\\/i-var-kommun\\\/en-politik-som-passar-alla\\\/#primaryimage\"},\"thumbnailUrl\":\"http:\\\/\\\/ydrebo.se\\\/kd\\\/trappan.JPG\",\"datePublished\":\"2018-05-12T15:20:07+00:00\",\"dateModified\":\"2018-07-25T21:01:45+00:00\",\"breadcrumb\":{\"@id\":\"https:\\\/\\\/wp.kristdemokraterna.se\\\/ydre\\\/i-var-kommun\\\/en-politik-som-passar-alla\\\/#breadcrumb\"},\"inLanguage\":\"sv-SE\",\"potentialAction\":[{\"@type\":\"ReadAction\",\"target\":[\"https:\\\/\\\/wp.kristdemokraterna.se\\\/ydre\\\/i-var-kommun\\\/en-politik-som-passar-alla\\\/\"]}]},{\"@type\":\"ImageObject\",\"inLanguage\":\"sv-SE\",\"@id\":\"https:\\\/\\\/wp.kristdemokraterna.se\\\/ydre\\\/i-var-kommun\\\/en-politik-som-passar-alla\\\/#primaryimage\",\"url\":\"http:\\\/\\\/ydrebo.se\\\/kd\\\/trappan.JPG\",\"contentUrl\":\"http:\\\/\\\/ydrebo.se\\\/kd\\\/trappan.JPG\"},{\"@type\":\"BreadcrumbList\",\"@id\":\"https:\\\/\\\/wp.kristdemokraterna.se\\\/ydre\\\/i-var-kommun\\\/en-politik-som-passar-alla\\\/#breadcrumb\",\"itemListElement\":[{\"@type\":\"ListItem\",\"position\":1,\"name\":\"Hem\",\"item\":\"https:\\\/\\\/wp.kristdemokraterna.se\\\/ydre\\\/\"},{\"@type\":\"ListItem\",\"position\":2,\"name\":\"Vad vill vi i v\u00e5r kommun\",\"item\":\"https:\\\/\\\/wp.kristdemokraterna.se\\\/ydre\\\/i-var-kommun\\\/\"},{\"@type\":\"ListItem\",\"position\":3,\"name\":\"En politik som passar alla\"}]},{\"@type\":\"WebSite\",\"@id\":\"https:\\\/\\\/wp.kristdemokraterna.se\\\/ydre\\\/#website\",\"url\":\"https:\\\/\\\/wp.kristdemokraterna.se\\\/ydre\\\/\",\"name\":\"Kristdemokraterna i Ydre\",\"description\":\"En till Kristdemokraterna webbplats\",\"inLanguage\":\"sv-SE\"}]}<\/script>\n<!-- \/ Yoast SEO plugin. -->","yoast_head_json":{"title":"En politik som passar alla - Kristdemokraterna i Ydre","robots":{"index":"index","follow":"follow","max-snippet":"max-snippet:-1","max-image-preview":"max-image-preview:large","max-video-preview":"max-video-preview:-1"},"canonical":"https:\/\/wp.kristdemokraterna.se\/ydre\/i-var-kommun\/en-politik-som-passar-alla\/","og_locale":"sv_SE","og_type":"article","og_title":"En politik som passar alla - Kristdemokraterna i Ydre","og_description":"\u00c5lderstrappan Kristdemokraternas programf\u00f6rklaring Det h\u00e4r vill Kristdemokraterna i Ydre Alla tidigare Ydrebor har gett oss ett kulturarv som vi m\u00e5ste vara r\u00e4dda om. F\u00f6r Ydre \u00e4r \u00d6sterg\u00f6tlands \u00e4ldsta kulturbygd. Turismen \u00e4r viktig f\u00f6r Ydre. V\u00e5ra g\u00e4ster kommer f\u00f6r att Ydre \u00e4r annorlunda &#8211; helt enkelt en milj\u00f6 f\u00f6r m\u00e4nniskor. Det m\u00e5ste vara v\u00e4l ordnat f\u00f6r L\u00e4s mer","og_url":"https:\/\/wp.kristdemokraterna.se\/ydre\/i-var-kommun\/en-politik-som-passar-alla\/","og_site_name":"Kristdemokraterna i Ydre","article_modified_time":"2018-07-25T21:01:45+00:00","og_image":[{"url":"http:\/\/ydrebo.se\/kd\/trappan.JPG","type":"","width":"","height":""}],"twitter_card":"summary_large_image","twitter_misc":{"Ber\u00e4knad l\u00e4stid":"1 minut"},"schema":{"@context":"https:\/\/schema.org","@graph":[{"@type":"WebPage","@id":"https:\/\/wp.kristdemokraterna.se\/ydre\/i-var-kommun\/en-politik-som-passar-alla\/","url":"https:\/\/wp.kristdemokraterna.se\/ydre\/i-var-kommun\/en-politik-som-passar-alla\/","name":"En politik som passar alla - Kristdemokraterna i Ydre","isPartOf":{"@id":"https:\/\/wp.kristdemokraterna.se\/ydre\/#website"},"primaryImageOfPage":{"@id":"https:\/\/wp.kristdemokraterna.se\/ydre\/i-var-kommun\/en-politik-som-passar-alla\/#primaryimage"},"image":{"@id":"https:\/\/wp.kristdemokraterna.se\/ydre\/i-var-kommun\/en-politik-som-passar-alla\/#primaryimage"},"thumbnailUrl":"http:\/\/ydrebo.se\/kd\/trappan.JPG","datePublished":"2018-05-12T15:20:07+00:00","dateModified":"2018-07-25T21:01:45+00:00","breadcrumb":{"@id":"https:\/\/wp.kristdemokraterna.se\/ydre\/i-var-kommun\/en-politik-som-passar-alla\/#breadcrumb"},"inLanguage":"sv-SE","potentialAction":[{"@type":"ReadAction","target":["https:\/\/wp.kristdemokraterna.se\/ydre\/i-var-kommun\/en-politik-som-passar-alla\/"]}]},{"@type":"ImageObject","inLanguage":"sv-SE","@id":"https:\/\/wp.kristdemokraterna.se\/ydre\/i-var-kommun\/en-politik-som-passar-alla\/#primaryimage","url":"http:\/\/ydrebo.se\/kd\/trappan.JPG","contentUrl":"http:\/\/ydrebo.se\/kd\/trappan.JPG"},{"@type":"BreadcrumbList","@id":"https:\/\/wp.kristdemokraterna.se\/ydre\/i-var-kommun\/en-politik-som-passar-alla\/#breadcrumb","itemListElement":[{"@type":"ListItem","position":1,"name":"Hem","item":"https:\/\/wp.kristdemokraterna.se\/ydre\/"},{"@type":"ListItem","position":2,"name":"Vad vill vi i v\u00e5r kommun","item":"https:\/\/wp.kristdemokraterna.se\/ydre\/i-var-kommun\/"},{"@type":"ListItem","position":3,"name":"En politik som passar alla"}]},{"@type":"WebSite","@id":"https:\/\/wp.kristdemokraterna.se\/ydre\/#website","url":"https:\/\/wp.kristdemokraterna.se\/ydre\/","name":"Kristdemokraterna i Ydre","description":"En till Kristdemokraterna webbplats","inLanguage":"sv-SE"}]}},"_links":{"self":[{"href":"https:\/\/wp.kristdemokraterna.se\/ydre\/wp-json\/wp\/v2\/pages\/516","targetHints":{"allow":["GET"]}}],"collection":[{"href":"https:\/\/wp.kristdemokraterna.se\/ydre\/wp-json\/wp\/v2\/pages"}],"about":[{"href":"https:\/\/wp.kristdemokraterna.se\/ydre\/wp-json\/wp\/v2\/types\/page"}],"author":[{"embeddable":true,"href":"https:\/\/wp.kristdemokraterna.se\/ydre\/wp-json\/wp\/v2\/users\/793"}],"replies":[{"embeddable":true,"href":"https:\/\/wp.kristdemokraterna.se\/ydre\/wp-json\/wp\/v2\/comments?post=516"}],"version-history":[{"count":36,"href":"https:\/\/wp.kristdemokraterna.se\/ydre\/wp-json\/wp\/v2\/pages\/516\/revisions"}],"predecessor-version":[{"id":1363,"href":"https:\/\/wp.kristdemokraterna.se\/ydre\/wp-json\/wp\/v2\/pages\/516\/revisions\/1363"}],"up":[{"embeddable":true,"href":"https:\/\/wp.kristdemokraterna.se\/ydre\/wp-json\/wp\/v2\/pages\/342"}],"wp:attachment":[{"href":"https:\/\/wp.kristdemokraterna.se\/ydre\/wp-json\/wp\/v2\/media?parent=516"}],"curies":[{"name":"wp","href":"https:\/\/api.w.org\/{rel}","templated":true}]}}