{"id":589,"date":"2018-06-13T20:01:35","date_gmt":"2018-06-13T18:01:35","guid":{"rendered":"http:\/\/wp.kristdemokraterna.se\/ydre\/?page_id=589"},"modified":"2018-06-13T20:03:17","modified_gmt":"2018-06-13T18:03:17","slug":"2018-02-11-det-basta-med-ydre","status":"publish","type":"page","link":"https:\/\/wp.kristdemokraterna.se\/ydre\/2018-02-11-det-basta-med-ydre\/","title":{"rendered":"2018-02-11 Det b\u00e4sta med Ydre"},"content":{"rendered":"<p>Ja, vad \u00e4r det b\u00e4sta med Ydre? Vi har en fantastisk milj\u00f6, en bra skola och ett gott n\u00e4ringslivsklimat. Det finns mycket som \u00e4r bra och som f\u00e5r m\u00e5nga att flytta hit \u00e5tminsonte en del av \u00e5ret.<br \/>\nSj\u00e4lv menar jag att det b\u00e4sta med Ydre \u00e4r m\u00e4niskorna. Och det finns bara ett slags m\u00e4nniskor h\u00e4r n\u00e4mligen ydrebor.<\/p>\n<p><img loading=\"lazy\" decoding=\"async\" src=\"http:\/\/ydrebo.se\/kd\/veckobrev2018\/ydrekollage.jpg\" width=\"600\" height=\"480\" border=\"0\" \/><br \/>\n<i>Vi \u00e4r ydrebor alla vi som bor h\u00e4r (fotokollage av Barbro Malm).<\/i><\/p>\n<p>Det har h\u00e4nt att en ydrebo kallats till Migrationsverket och f\u00e5tt h\u00f6ra: &#8221;I morgon fyller du 18 \u00e5r och d\u00e5 skall du flytta fr\u00e5n Ydre.<br \/>\nHar Migrationsverket s\u00e5dan makt att den kan best\u00e4mma att en ydrebo skall flytta i morgon eller om en vecka eller vid n\u00e5gon annan tid? Fr\u00e5gar man en migrationsdomstol f\u00e5r man mycket tydligt besked. Migrationsverket har\u00a0<i>inte<\/i>\u00a0n\u00e5gon s\u00e5dan makt \u00f6ver n\u00e5gon ydrebo. Detsamma kan man l\u00e4sa i best\u00e4mmelserna.<br \/>\nMen vi kan\u00a0<i>sk\u00e4nka<\/i>\u00a0s\u00e5dan makt till Migrationsverket. Fast varf\u00f6r skall vi g\u00f6ra det? Regeringen tycker inte att vi skall g\u00f6ra det, inte riksdagen heller.\u00a0S\u00e5 varf\u00f6r g\u00f6r vi det \u00e4nd\u00e5?<\/p>\n<p><i>Bengt Malm, ordf.<br \/>\n11 februari<\/i><\/p>\n","protected":false},"excerpt":{"rendered":"<p>Ja, vad \u00e4r det b\u00e4sta med Ydre? Vi har en fantastisk milj\u00f6, en bra skola och ett gott n\u00e4ringslivsklimat. Det finns mycket som \u00e4r bra och som f\u00e5r m\u00e5nga att flytta hit \u00e5tminsonte en del av \u00e5ret. Sj\u00e4lv menar jag att det b\u00e4sta med Ydre \u00e4r m\u00e4niskorna. Och det finns bara ett slags m\u00e4nniskor h\u00e4r <a class=\"read-more-link\" href=\"https:\/\/wp.kristdemokraterna.se\/ydre\/2018-02-11-det-basta-med-ydre\/\">L\u00e4s mer<\/a><\/p>\n","protected":false},"author":793,"featured_media":0,"parent":0,"menu_order":0,"comment_status":"closed","ping_status":"closed","template":"","meta":{"_acf_changed":false,"footnotes":""},"class_list":["post-589","page","type-page","status-publish","hentry"],"acf":[],"yoast_head":"<!-- This site is optimized with the Yoast SEO plugin v27.5 - https:\/\/yoast.com\/product\/yoast-seo-wordpress\/ -->\n<title>2018-02-11 Det b\u00e4sta med Ydre - Kristdemokraterna i Ydre<\/title>\n<meta name=\"robots\" content=\"index, follow, max-snippet:-1, max-image-preview:large, max-video-preview:-1\" \/>\n<link rel=\"canonical\" href=\"https:\/\/wp.kristdemokraterna.se\/ydre\/2018-02-11-det-basta-med-ydre\/\" \/>\n<meta property=\"og:locale\" content=\"sv_SE\" \/>\n<meta property=\"og:type\" content=\"article\" \/>\n<meta property=\"og:title\" content=\"2018-02-11 Det b\u00e4sta med Ydre - Kristdemokraterna i Ydre\" \/>\n<meta property=\"og:description\" content=\"Ja, vad \u00e4r det b\u00e4sta med Ydre? Vi har en fantastisk milj\u00f6, en bra skola och ett gott n\u00e4ringslivsklimat. Det finns mycket som \u00e4r bra och som f\u00e5r m\u00e5nga att flytta hit \u00e5tminsonte en del av \u00e5ret. Sj\u00e4lv menar jag att det b\u00e4sta med Ydre \u00e4r m\u00e4niskorna. Och det finns bara ett slags m\u00e4nniskor h\u00e4r L\u00e4s mer\" \/>\n<meta property=\"og:url\" content=\"https:\/\/wp.kristdemokraterna.se\/ydre\/2018-02-11-det-basta-med-ydre\/\" \/>\n<meta property=\"og:site_name\" content=\"Kristdemokraterna i Ydre\" \/>\n<meta property=\"article:modified_time\" content=\"2018-06-13T18:03:17+00:00\" \/>\n<meta property=\"og:image\" content=\"http:\/\/ydrebo.se\/kd\/veckobrev2018\/ydrekollage.jpg\" \/>\n<meta name=\"twitter:card\" content=\"summary_large_image\" \/>\n<meta name=\"twitter:label1\" content=\"Ber\u00e4knad l\u00e4stid\" \/>\n\t<meta name=\"twitter:data1\" content=\"1 minut\" \/>\n<script type=\"application\/ld+json\" class=\"yoast-schema-graph\">{\"@context\":\"https:\\\/\\\/schema.org\",\"@graph\":[{\"@type\":\"WebPage\",\"@id\":\"https:\\\/\\\/wp.kristdemokraterna.se\\\/ydre\\\/2018-02-11-det-basta-med-ydre\\\/\",\"url\":\"https:\\\/\\\/wp.kristdemokraterna.se\\\/ydre\\\/2018-02-11-det-basta-med-ydre\\\/\",\"name\":\"2018-02-11 Det b\u00e4sta med Ydre - Kristdemokraterna i Ydre\",\"isPartOf\":{\"@id\":\"https:\\\/\\\/wp.kristdemokraterna.se\\\/ydre\\\/#website\"},\"primaryImageOfPage\":{\"@id\":\"https:\\\/\\\/wp.kristdemokraterna.se\\\/ydre\\\/2018-02-11-det-basta-med-ydre\\\/#primaryimage\"},\"image\":{\"@id\":\"https:\\\/\\\/wp.kristdemokraterna.se\\\/ydre\\\/2018-02-11-det-basta-med-ydre\\\/#primaryimage\"},\"thumbnailUrl\":\"http:\\\/\\\/ydrebo.se\\\/kd\\\/veckobrev2018\\\/ydrekollage.jpg\",\"datePublished\":\"2018-06-13T18:01:35+00:00\",\"dateModified\":\"2018-06-13T18:03:17+00:00\",\"breadcrumb\":{\"@id\":\"https:\\\/\\\/wp.kristdemokraterna.se\\\/ydre\\\/2018-02-11-det-basta-med-ydre\\\/#breadcrumb\"},\"inLanguage\":\"sv-SE\",\"potentialAction\":[{\"@type\":\"ReadAction\",\"target\":[\"https:\\\/\\\/wp.kristdemokraterna.se\\\/ydre\\\/2018-02-11-det-basta-med-ydre\\\/\"]}]},{\"@type\":\"ImageObject\",\"inLanguage\":\"sv-SE\",\"@id\":\"https:\\\/\\\/wp.kristdemokraterna.se\\\/ydre\\\/2018-02-11-det-basta-med-ydre\\\/#primaryimage\",\"url\":\"http:\\\/\\\/ydrebo.se\\\/kd\\\/veckobrev2018\\\/ydrekollage.jpg\",\"contentUrl\":\"http:\\\/\\\/ydrebo.se\\\/kd\\\/veckobrev2018\\\/ydrekollage.jpg\"},{\"@type\":\"BreadcrumbList\",\"@id\":\"https:\\\/\\\/wp.kristdemokraterna.se\\\/ydre\\\/2018-02-11-det-basta-med-ydre\\\/#breadcrumb\",\"itemListElement\":[{\"@type\":\"ListItem\",\"position\":1,\"name\":\"Hem\",\"item\":\"https:\\\/\\\/wp.kristdemokraterna.se\\\/ydre\\\/\"},{\"@type\":\"ListItem\",\"position\":2,\"name\":\"2018-02-11 Det b\u00e4sta med Ydre\"}]},{\"@type\":\"WebSite\",\"@id\":\"https:\\\/\\\/wp.kristdemokraterna.se\\\/ydre\\\/#website\",\"url\":\"https:\\\/\\\/wp.kristdemokraterna.se\\\/ydre\\\/\",\"name\":\"Kristdemokraterna i Ydre\",\"description\":\"En till Kristdemokraterna webbplats\",\"inLanguage\":\"sv-SE\"}]}<\/script>\n<!-- \/ Yoast SEO plugin. -->","yoast_head_json":{"title":"2018-02-11 Det b\u00e4sta med Ydre - Kristdemokraterna i Ydre","robots":{"index":"index","follow":"follow","max-snippet":"max-snippet:-1","max-image-preview":"max-image-preview:large","max-video-preview":"max-video-preview:-1"},"canonical":"https:\/\/wp.kristdemokraterna.se\/ydre\/2018-02-11-det-basta-med-ydre\/","og_locale":"sv_SE","og_type":"article","og_title":"2018-02-11 Det b\u00e4sta med Ydre - Kristdemokraterna i Ydre","og_description":"Ja, vad \u00e4r det b\u00e4sta med Ydre? Vi har en fantastisk milj\u00f6, en bra skola och ett gott n\u00e4ringslivsklimat. Det finns mycket som \u00e4r bra och som f\u00e5r m\u00e5nga att flytta hit \u00e5tminsonte en del av \u00e5ret. Sj\u00e4lv menar jag att det b\u00e4sta med Ydre \u00e4r m\u00e4niskorna. Och det finns bara ett slags m\u00e4nniskor h\u00e4r L\u00e4s mer","og_url":"https:\/\/wp.kristdemokraterna.se\/ydre\/2018-02-11-det-basta-med-ydre\/","og_site_name":"Kristdemokraterna i Ydre","article_modified_time":"2018-06-13T18:03:17+00:00","og_image":[{"url":"http:\/\/ydrebo.se\/kd\/veckobrev2018\/ydrekollage.jpg","type":"","width":"","height":""}],"twitter_card":"summary_large_image","twitter_misc":{"Ber\u00e4knad l\u00e4stid":"1 minut"},"schema":{"@context":"https:\/\/schema.org","@graph":[{"@type":"WebPage","@id":"https:\/\/wp.kristdemokraterna.se\/ydre\/2018-02-11-det-basta-med-ydre\/","url":"https:\/\/wp.kristdemokraterna.se\/ydre\/2018-02-11-det-basta-med-ydre\/","name":"2018-02-11 Det b\u00e4sta med Ydre - Kristdemokraterna i Ydre","isPartOf":{"@id":"https:\/\/wp.kristdemokraterna.se\/ydre\/#website"},"primaryImageOfPage":{"@id":"https:\/\/wp.kristdemokraterna.se\/ydre\/2018-02-11-det-basta-med-ydre\/#primaryimage"},"image":{"@id":"https:\/\/wp.kristdemokraterna.se\/ydre\/2018-02-11-det-basta-med-ydre\/#primaryimage"},"thumbnailUrl":"http:\/\/ydrebo.se\/kd\/veckobrev2018\/ydrekollage.jpg","datePublished":"2018-06-13T18:01:35+00:00","dateModified":"2018-06-13T18:03:17+00:00","breadcrumb":{"@id":"https:\/\/wp.kristdemokraterna.se\/ydre\/2018-02-11-det-basta-med-ydre\/#breadcrumb"},"inLanguage":"sv-SE","potentialAction":[{"@type":"ReadAction","target":["https:\/\/wp.kristdemokraterna.se\/ydre\/2018-02-11-det-basta-med-ydre\/"]}]},{"@type":"ImageObject","inLanguage":"sv-SE","@id":"https:\/\/wp.kristdemokraterna.se\/ydre\/2018-02-11-det-basta-med-ydre\/#primaryimage","url":"http:\/\/ydrebo.se\/kd\/veckobrev2018\/ydrekollage.jpg","contentUrl":"http:\/\/ydrebo.se\/kd\/veckobrev2018\/ydrekollage.jpg"},{"@type":"BreadcrumbList","@id":"https:\/\/wp.kristdemokraterna.se\/ydre\/2018-02-11-det-basta-med-ydre\/#breadcrumb","itemListElement":[{"@type":"ListItem","position":1,"name":"Hem","item":"https:\/\/wp.kristdemokraterna.se\/ydre\/"},{"@type":"ListItem","position":2,"name":"2018-02-11 Det b\u00e4sta med Ydre"}]},{"@type":"WebSite","@id":"https:\/\/wp.kristdemokraterna.se\/ydre\/#website","url":"https:\/\/wp.kristdemokraterna.se\/ydre\/","name":"Kristdemokraterna i Ydre","description":"En till Kristdemokraterna webbplats","inLanguage":"sv-SE"}]}},"_links":{"self":[{"href":"https:\/\/wp.kristdemokraterna.se\/ydre\/wp-json\/wp\/v2\/pages\/589","targetHints":{"allow":["GET"]}}],"collection":[{"href":"https:\/\/wp.kristdemokraterna.se\/ydre\/wp-json\/wp\/v2\/pages"}],"about":[{"href":"https:\/\/wp.kristdemokraterna.se\/ydre\/wp-json\/wp\/v2\/types\/page"}],"author":[{"embeddable":true,"href":"https:\/\/wp.kristdemokraterna.se\/ydre\/wp-json\/wp\/v2\/users\/793"}],"replies":[{"embeddable":true,"href":"https:\/\/wp.kristdemokraterna.se\/ydre\/wp-json\/wp\/v2\/comments?post=589"}],"version-history":[{"count":4,"href":"https:\/\/wp.kristdemokraterna.se\/ydre\/wp-json\/wp\/v2\/pages\/589\/revisions"}],"predecessor-version":[{"id":593,"href":"https:\/\/wp.kristdemokraterna.se\/ydre\/wp-json\/wp\/v2\/pages\/589\/revisions\/593"}],"wp:attachment":[{"href":"https:\/\/wp.kristdemokraterna.se\/ydre\/wp-json\/wp\/v2\/media?parent=589"}],"curies":[{"name":"wp","href":"https:\/\/api.w.org\/{rel}","templated":true}]}}