{"id":632,"date":"2018-06-17T19:38:44","date_gmt":"2018-06-17T17:38:44","guid":{"rendered":"http:\/\/wp.kristdemokraterna.se\/ydre\/?page_id=632"},"modified":"2018-06-17T20:32:27","modified_gmt":"2018-06-17T18:32:27","slug":"nar-olyckan-ar-framme","status":"publish","type":"page","link":"https:\/\/wp.kristdemokraterna.se\/ydre\/nar-olyckan-ar-framme\/","title":{"rendered":"2017-02-11 N\u00e4r olyckan \u00e4r framme"},"content":{"rendered":"<p><span style=\"font-size: large\">Vad g\u00f6r man d\u00e5 i Ydre? Precis som p\u00e5 andra h\u00e5ll kan man ringa 112. P\u00e5 det s\u00e4ttet kan man t.ex. f\u00e5 hj\u00e4lp av R\u00e4ddningstj\u00e4nsten. Ydre har n\u00e4mligen egen r\u00e4ddningstj\u00e4nst.<br \/>\n<\/span><\/p>\n<p><span style=\"font-size: large\"><img loading=\"lazy\" decoding=\"async\" src=\"https:\/\/ydrebo.se\/ydre\/bilolycka\/bilolycka9.jpg\" width=\"615\" height=\"461\" \/><br \/>\n<\/span><i>Bilden togs av Barbro Malm vid en\u00a0<a href=\"http:\/\/wp.kristdemokraterna.se\/ydre\/en-visning-pa-raddningsstationen\/\" rel=\"noopener\"><b>visning<\/b><\/a>\u00a0p\u00e5 R\u00e4ddningsstationen.<\/i><\/p>\n<p>Ydre R\u00e4ddningstj\u00e4nst samarbetar med r\u00e4ddningstj\u00e4nsterna i andra kommuner framf\u00f6r allt i Sm\u00e5land. S\u00e5 n\u00e4r det h\u00e4rom\u00e5ret var en skogsbrand i Tran\u00e5s kommun som s\u00e5g hotfull ut var v\u00e5r r\u00e4ddningstj\u00e4nst med och sl\u00e4ckte. Annars kunde det blivit som i V\u00e4stmanland.<br \/>\nD\u00e5 \u00e4r vi mer bekymrade \u00f6ver Polisens verksamhet. Ydre \u00e4r visserligen en av de allra laglydigaste kommunerna i Sverige. Men om det h\u00e4nder n\u00e5got d\u00e4r det beh\u00f6vs insatser kan det var l\u00e5ngt till poliserna.<br \/>\nD\u00e4remot har socialtj\u00e4nsten f\u00f6rb\u00e4ttrats genom att vi nyligen anslutit oss till H\u00f6glandets socialjour med h\u00f6gkvarter i Eksj\u00f6. Det g\u00f6r att det dygnet runt g\u00e5r att f\u00e5 hj\u00e4lp fr\u00e5n socialtj\u00e4nsten.<br \/>\nVid sjukdomsfall d\u00e5 det \u00e4r br\u00e5ttom kan vi komma till lasarettet i Eksj\u00f6. N\u00e4r det g\u00e4ller sjukv\u00e5rden i \u00f6vrigt \u00e4r kommunstyrelsen fortfarande inte n\u00f6jd med regionens ideer. F\u00f6r n\u00e5gra dagar sedan tr\u00e4ffades representer f\u00f6r Ydre kommun och Region \u00d6sterg\u00f6tland. Regionen har lyssnat till en del av v\u00e5ra synpunkter. Men vi \u00e4r inte helt n\u00f6jda. Hemsjukv\u00e5rden \u00e4r organiserad p\u00e5 ett on\u00f6digt kostsamt s\u00e4tt. Det \u00e4r vad vi tycker eftersom det drabbar kommunens ekonomi. Men regionen vill inte \u00e4ndra p\u00e5 n\u00e5gonting.<br \/>\nSkulle det h\u00e4nda en stor olycka finns det planer och organisation f\u00f6r hur kommunen skall agera. Vi tror att man kan bo v\u00e4l s\u00e5 tryggt i Ydre som n\u00e5gon annanstans. Men vi m\u00e5ste forts\u00e4tta att vara uppm\u00e4rksamma p\u00e5 behoven och riskerna.<\/p>\n<p><i>Bengt Malm, ordf.<br \/>\n11 februari 2017<\/i><\/p>\n<p>&nbsp;<\/p>\n","protected":false},"excerpt":{"rendered":"<p>Vad g\u00f6r man d\u00e5 i Ydre? Precis som p\u00e5 andra h\u00e5ll kan man ringa 112. P\u00e5 det s\u00e4ttet kan man t.ex. f\u00e5 hj\u00e4lp av R\u00e4ddningstj\u00e4nsten. Ydre har n\u00e4mligen egen r\u00e4ddningstj\u00e4nst. Bilden togs av Barbro Malm vid en\u00a0visning\u00a0p\u00e5 R\u00e4ddningsstationen. Ydre R\u00e4ddningstj\u00e4nst samarbetar med r\u00e4ddningstj\u00e4nsterna i andra kommuner framf\u00f6r allt i Sm\u00e5land. S\u00e5 n\u00e4r det h\u00e4rom\u00e5ret var <a class=\"read-more-link\" href=\"https:\/\/wp.kristdemokraterna.se\/ydre\/nar-olyckan-ar-framme\/\">L\u00e4s mer<\/a><\/p>\n","protected":false},"author":793,"featured_media":0,"parent":0,"menu_order":0,"comment_status":"closed","ping_status":"closed","template":"","meta":{"_acf_changed":false,"footnotes":""},"class_list":["post-632","page","type-page","status-publish","hentry"],"acf":[],"yoast_head":"<!-- This site is optimized with the Yoast SEO plugin v27.5 - https:\/\/yoast.com\/product\/yoast-seo-wordpress\/ -->\n<title>2017-02-11 N\u00e4r olyckan \u00e4r framme - Kristdemokraterna i Ydre<\/title>\n<meta name=\"robots\" content=\"index, follow, max-snippet:-1, max-image-preview:large, max-video-preview:-1\" \/>\n<link rel=\"canonical\" href=\"https:\/\/wp.kristdemokraterna.se\/ydre\/nar-olyckan-ar-framme\/\" \/>\n<meta property=\"og:locale\" content=\"sv_SE\" \/>\n<meta property=\"og:type\" content=\"article\" \/>\n<meta property=\"og:title\" content=\"2017-02-11 N\u00e4r olyckan \u00e4r framme - Kristdemokraterna i Ydre\" \/>\n<meta property=\"og:description\" content=\"Vad g\u00f6r man d\u00e5 i Ydre? Precis som p\u00e5 andra h\u00e5ll kan man ringa 112. P\u00e5 det s\u00e4ttet kan man t.ex. f\u00e5 hj\u00e4lp av R\u00e4ddningstj\u00e4nsten. Ydre har n\u00e4mligen egen r\u00e4ddningstj\u00e4nst. Bilden togs av Barbro Malm vid en\u00a0visning\u00a0p\u00e5 R\u00e4ddningsstationen. Ydre R\u00e4ddningstj\u00e4nst samarbetar med r\u00e4ddningstj\u00e4nsterna i andra kommuner framf\u00f6r allt i Sm\u00e5land. S\u00e5 n\u00e4r det h\u00e4rom\u00e5ret var L\u00e4s mer\" \/>\n<meta property=\"og:url\" content=\"https:\/\/wp.kristdemokraterna.se\/ydre\/nar-olyckan-ar-framme\/\" \/>\n<meta property=\"og:site_name\" content=\"Kristdemokraterna i Ydre\" \/>\n<meta property=\"article:modified_time\" content=\"2018-06-17T18:32:27+00:00\" \/>\n<meta property=\"og:image\" content=\"https:\/\/ydrebo.se\/ydre\/bilolycka\/bilolycka9.jpg\" \/>\n<meta name=\"twitter:card\" content=\"summary_large_image\" \/>\n<meta name=\"twitter:label1\" content=\"Ber\u00e4knad l\u00e4stid\" \/>\n\t<meta name=\"twitter:data1\" content=\"2 minuter\" \/>\n<script type=\"application\/ld+json\" class=\"yoast-schema-graph\">{\"@context\":\"https:\\\/\\\/schema.org\",\"@graph\":[{\"@type\":\"WebPage\",\"@id\":\"https:\\\/\\\/wp.kristdemokraterna.se\\\/ydre\\\/nar-olyckan-ar-framme\\\/\",\"url\":\"https:\\\/\\\/wp.kristdemokraterna.se\\\/ydre\\\/nar-olyckan-ar-framme\\\/\",\"name\":\"2017-02-11 N\u00e4r olyckan \u00e4r framme - Kristdemokraterna i Ydre\",\"isPartOf\":{\"@id\":\"https:\\\/\\\/wp.kristdemokraterna.se\\\/ydre\\\/#website\"},\"primaryImageOfPage\":{\"@id\":\"https:\\\/\\\/wp.kristdemokraterna.se\\\/ydre\\\/nar-olyckan-ar-framme\\\/#primaryimage\"},\"image\":{\"@id\":\"https:\\\/\\\/wp.kristdemokraterna.se\\\/ydre\\\/nar-olyckan-ar-framme\\\/#primaryimage\"},\"thumbnailUrl\":\"https:\\\/\\\/ydrebo.se\\\/ydre\\\/bilolycka\\\/bilolycka9.jpg\",\"datePublished\":\"2018-06-17T17:38:44+00:00\",\"dateModified\":\"2018-06-17T18:32:27+00:00\",\"breadcrumb\":{\"@id\":\"https:\\\/\\\/wp.kristdemokraterna.se\\\/ydre\\\/nar-olyckan-ar-framme\\\/#breadcrumb\"},\"inLanguage\":\"sv-SE\",\"potentialAction\":[{\"@type\":\"ReadAction\",\"target\":[\"https:\\\/\\\/wp.kristdemokraterna.se\\\/ydre\\\/nar-olyckan-ar-framme\\\/\"]}]},{\"@type\":\"ImageObject\",\"inLanguage\":\"sv-SE\",\"@id\":\"https:\\\/\\\/wp.kristdemokraterna.se\\\/ydre\\\/nar-olyckan-ar-framme\\\/#primaryimage\",\"url\":\"https:\\\/\\\/ydrebo.se\\\/ydre\\\/bilolycka\\\/bilolycka9.jpg\",\"contentUrl\":\"https:\\\/\\\/ydrebo.se\\\/ydre\\\/bilolycka\\\/bilolycka9.jpg\"},{\"@type\":\"BreadcrumbList\",\"@id\":\"https:\\\/\\\/wp.kristdemokraterna.se\\\/ydre\\\/nar-olyckan-ar-framme\\\/#breadcrumb\",\"itemListElement\":[{\"@type\":\"ListItem\",\"position\":1,\"name\":\"Hem\",\"item\":\"https:\\\/\\\/wp.kristdemokraterna.se\\\/ydre\\\/\"},{\"@type\":\"ListItem\",\"position\":2,\"name\":\"2017-02-11 N\u00e4r olyckan \u00e4r framme\"}]},{\"@type\":\"WebSite\",\"@id\":\"https:\\\/\\\/wp.kristdemokraterna.se\\\/ydre\\\/#website\",\"url\":\"https:\\\/\\\/wp.kristdemokraterna.se\\\/ydre\\\/\",\"name\":\"Kristdemokraterna i Ydre\",\"description\":\"En till Kristdemokraterna webbplats\",\"inLanguage\":\"sv-SE\"}]}<\/script>\n<!-- \/ Yoast SEO plugin. -->","yoast_head_json":{"title":"2017-02-11 N\u00e4r olyckan \u00e4r framme - Kristdemokraterna i Ydre","robots":{"index":"index","follow":"follow","max-snippet":"max-snippet:-1","max-image-preview":"max-image-preview:large","max-video-preview":"max-video-preview:-1"},"canonical":"https:\/\/wp.kristdemokraterna.se\/ydre\/nar-olyckan-ar-framme\/","og_locale":"sv_SE","og_type":"article","og_title":"2017-02-11 N\u00e4r olyckan \u00e4r framme - Kristdemokraterna i Ydre","og_description":"Vad g\u00f6r man d\u00e5 i Ydre? Precis som p\u00e5 andra h\u00e5ll kan man ringa 112. P\u00e5 det s\u00e4ttet kan man t.ex. f\u00e5 hj\u00e4lp av R\u00e4ddningstj\u00e4nsten. Ydre har n\u00e4mligen egen r\u00e4ddningstj\u00e4nst. Bilden togs av Barbro Malm vid en\u00a0visning\u00a0p\u00e5 R\u00e4ddningsstationen. Ydre R\u00e4ddningstj\u00e4nst samarbetar med r\u00e4ddningstj\u00e4nsterna i andra kommuner framf\u00f6r allt i Sm\u00e5land. S\u00e5 n\u00e4r det h\u00e4rom\u00e5ret var L\u00e4s mer","og_url":"https:\/\/wp.kristdemokraterna.se\/ydre\/nar-olyckan-ar-framme\/","og_site_name":"Kristdemokraterna i Ydre","article_modified_time":"2018-06-17T18:32:27+00:00","og_image":[{"url":"https:\/\/ydrebo.se\/ydre\/bilolycka\/bilolycka9.jpg","type":"","width":"","height":""}],"twitter_card":"summary_large_image","twitter_misc":{"Ber\u00e4knad l\u00e4stid":"2 minuter"},"schema":{"@context":"https:\/\/schema.org","@graph":[{"@type":"WebPage","@id":"https:\/\/wp.kristdemokraterna.se\/ydre\/nar-olyckan-ar-framme\/","url":"https:\/\/wp.kristdemokraterna.se\/ydre\/nar-olyckan-ar-framme\/","name":"2017-02-11 N\u00e4r olyckan \u00e4r framme - Kristdemokraterna i Ydre","isPartOf":{"@id":"https:\/\/wp.kristdemokraterna.se\/ydre\/#website"},"primaryImageOfPage":{"@id":"https:\/\/wp.kristdemokraterna.se\/ydre\/nar-olyckan-ar-framme\/#primaryimage"},"image":{"@id":"https:\/\/wp.kristdemokraterna.se\/ydre\/nar-olyckan-ar-framme\/#primaryimage"},"thumbnailUrl":"https:\/\/ydrebo.se\/ydre\/bilolycka\/bilolycka9.jpg","datePublished":"2018-06-17T17:38:44+00:00","dateModified":"2018-06-17T18:32:27+00:00","breadcrumb":{"@id":"https:\/\/wp.kristdemokraterna.se\/ydre\/nar-olyckan-ar-framme\/#breadcrumb"},"inLanguage":"sv-SE","potentialAction":[{"@type":"ReadAction","target":["https:\/\/wp.kristdemokraterna.se\/ydre\/nar-olyckan-ar-framme\/"]}]},{"@type":"ImageObject","inLanguage":"sv-SE","@id":"https:\/\/wp.kristdemokraterna.se\/ydre\/nar-olyckan-ar-framme\/#primaryimage","url":"https:\/\/ydrebo.se\/ydre\/bilolycka\/bilolycka9.jpg","contentUrl":"https:\/\/ydrebo.se\/ydre\/bilolycka\/bilolycka9.jpg"},{"@type":"BreadcrumbList","@id":"https:\/\/wp.kristdemokraterna.se\/ydre\/nar-olyckan-ar-framme\/#breadcrumb","itemListElement":[{"@type":"ListItem","position":1,"name":"Hem","item":"https:\/\/wp.kristdemokraterna.se\/ydre\/"},{"@type":"ListItem","position":2,"name":"2017-02-11 N\u00e4r olyckan \u00e4r framme"}]},{"@type":"WebSite","@id":"https:\/\/wp.kristdemokraterna.se\/ydre\/#website","url":"https:\/\/wp.kristdemokraterna.se\/ydre\/","name":"Kristdemokraterna i Ydre","description":"En till Kristdemokraterna webbplats","inLanguage":"sv-SE"}]}},"_links":{"self":[{"href":"https:\/\/wp.kristdemokraterna.se\/ydre\/wp-json\/wp\/v2\/pages\/632","targetHints":{"allow":["GET"]}}],"collection":[{"href":"https:\/\/wp.kristdemokraterna.se\/ydre\/wp-json\/wp\/v2\/pages"}],"about":[{"href":"https:\/\/wp.kristdemokraterna.se\/ydre\/wp-json\/wp\/v2\/types\/page"}],"author":[{"embeddable":true,"href":"https:\/\/wp.kristdemokraterna.se\/ydre\/wp-json\/wp\/v2\/users\/793"}],"replies":[{"embeddable":true,"href":"https:\/\/wp.kristdemokraterna.se\/ydre\/wp-json\/wp\/v2\/comments?post=632"}],"version-history":[{"count":3,"href":"https:\/\/wp.kristdemokraterna.se\/ydre\/wp-json\/wp\/v2\/pages\/632\/revisions"}],"predecessor-version":[{"id":638,"href":"https:\/\/wp.kristdemokraterna.se\/ydre\/wp-json\/wp\/v2\/pages\/632\/revisions\/638"}],"wp:attachment":[{"href":"https:\/\/wp.kristdemokraterna.se\/ydre\/wp-json\/wp\/v2\/media?parent=632"}],"curies":[{"name":"wp","href":"https:\/\/api.w.org\/{rel}","templated":true}]}}