{"id":639,"date":"2018-06-17T20:36:04","date_gmt":"2018-06-17T18:36:04","guid":{"rendered":"http:\/\/wp.kristdemokraterna.se\/ydre\/?page_id=639"},"modified":"2018-06-17T20:42:06","modified_gmt":"2018-06-17T18:42:06","slug":"vad-ar-bra-for-ydre","status":"publish","type":"page","link":"https:\/\/wp.kristdemokraterna.se\/ydre\/vad-ar-bra-for-ydre\/","title":{"rendered":"Vad \u00e4r bra f\u00f6r Ydre?"},"content":{"rendered":"<p><span style=\"font-size: large\">Det beror p\u00e5 vad fr\u00e5gan g\u00e4ller. Just nu \u00e4r kommunikationerna aktuella.<br \/>\n<\/span><\/p>\n<p><span style=\"font-size: large\"><img loading=\"lazy\" decoding=\"async\" src=\"https:\/\/ydrebo.se\/sverigeresor\/tidsresa\/resa1.JPG\" width=\"600\" height=\"450\" \/><\/span><i><br \/>\n<a href=\"http:\/\/wp.kristdemokraterna.se\/ydre\/tidsresa-16-augusti-2011\/\" rel=\"noopener\"><b>Inte f\u00f6r oss.<\/b><\/a>\u00a0Men vad f\u00e5r vi i st\u00e4llet?<\/i><\/p>\n<p>Nyligen var en h\u00f6g representant f\u00f6r Region \u00d6sterg\u00f6tland p\u00e5 bes\u00f6k hos oss. Vi undrade naturligtvis hur det kommer att g\u00e5 med L\u00e4nstrafiken f\u00f6r Ydres del.<br \/>\nV\u00e5r bes\u00f6kare k\u00e4nde verkligen starkt f\u00f6r Ydre och han beundrar den flit och fram\u00e5tanda som finns h\u00e4r. S\u00e5 naturligtvis vill regionen g\u00f6ra det bra f\u00f6r oss.<br \/>\nVi fick veta att det b\u00e4sta L\u00e4nstrafiken kan g\u00f6ra f\u00f6r ydreborna \u00e4r att se till att stadstrafiken i Link\u00f6ping fungerar bra. F\u00f6r d\u00e5 beh\u00f6ver vi inte v\u00e4nta l\u00e4nge vid Resecentrum i Link\u00f6ping. Utan n\u00e4r vi kommit dit (hur vi skall komma dit \u00e4r en annan fr\u00e5ga) skall vi n\u00e4stan genast kunna fara vidare med en l\u00e4mplig buss.<br \/>\nDet b\u00e4sta f\u00f6r oss ydrebor \u00e4r allts\u00e5 att bussarna i Link\u00f6ping g\u00e5r var sjunde minut. Det \u00e4r ju bra att vi vet det.<br \/>\nVisst b\u00f6r vi vara tacksamma f\u00f6r att regionen tar sig tid att ber\u00e4tta f\u00f6r oss vad som \u00e4r b\u00e4st f\u00f6r oss ydrebor? Eller hur?<\/p>\n<p><i>Bengt Malm, ordf.<br \/>\n20 februari 2017<\/i><\/p>\n","protected":false},"excerpt":{"rendered":"<p>Det beror p\u00e5 vad fr\u00e5gan g\u00e4ller. Just nu \u00e4r kommunikationerna aktuella. Inte f\u00f6r oss.\u00a0Men vad f\u00e5r vi i st\u00e4llet? Nyligen var en h\u00f6g representant f\u00f6r Region \u00d6sterg\u00f6tland p\u00e5 bes\u00f6k hos oss. Vi undrade naturligtvis hur det kommer att g\u00e5 med L\u00e4nstrafiken f\u00f6r Ydres del. V\u00e5r bes\u00f6kare k\u00e4nde verkligen starkt f\u00f6r Ydre och han beundrar den <a class=\"read-more-link\" href=\"https:\/\/wp.kristdemokraterna.se\/ydre\/vad-ar-bra-for-ydre\/\">L\u00e4s mer<\/a><\/p>\n","protected":false},"author":793,"featured_media":0,"parent":0,"menu_order":0,"comment_status":"closed","ping_status":"closed","template":"","meta":{"_acf_changed":false,"footnotes":""},"class_list":["post-639","page","type-page","status-publish","hentry"],"acf":[],"yoast_head":"<!-- This site is optimized with the Yoast SEO plugin v27.5 - https:\/\/yoast.com\/product\/yoast-seo-wordpress\/ -->\n<title>Vad \u00e4r bra f\u00f6r Ydre? - Kristdemokraterna i Ydre<\/title>\n<meta name=\"robots\" content=\"index, follow, max-snippet:-1, max-image-preview:large, max-video-preview:-1\" \/>\n<link rel=\"canonical\" href=\"https:\/\/wp.kristdemokraterna.se\/ydre\/vad-ar-bra-for-ydre\/\" \/>\n<meta property=\"og:locale\" content=\"sv_SE\" \/>\n<meta property=\"og:type\" content=\"article\" \/>\n<meta property=\"og:title\" content=\"Vad \u00e4r bra f\u00f6r Ydre? - Kristdemokraterna i Ydre\" \/>\n<meta property=\"og:description\" content=\"Det beror p\u00e5 vad fr\u00e5gan g\u00e4ller. Just nu \u00e4r kommunikationerna aktuella. Inte f\u00f6r oss.\u00a0Men vad f\u00e5r vi i st\u00e4llet? Nyligen var en h\u00f6g representant f\u00f6r Region \u00d6sterg\u00f6tland p\u00e5 bes\u00f6k hos oss. Vi undrade naturligtvis hur det kommer att g\u00e5 med L\u00e4nstrafiken f\u00f6r Ydres del. V\u00e5r bes\u00f6kare k\u00e4nde verkligen starkt f\u00f6r Ydre och han beundrar den L\u00e4s mer\" \/>\n<meta property=\"og:url\" content=\"https:\/\/wp.kristdemokraterna.se\/ydre\/vad-ar-bra-for-ydre\/\" \/>\n<meta property=\"og:site_name\" content=\"Kristdemokraterna i Ydre\" \/>\n<meta property=\"article:modified_time\" content=\"2018-06-17T18:42:06+00:00\" \/>\n<meta property=\"og:image\" content=\"https:\/\/ydrebo.se\/sverigeresor\/tidsresa\/resa1.JPG\" \/>\n<meta name=\"twitter:card\" content=\"summary_large_image\" \/>\n<meta name=\"twitter:label1\" content=\"Ber\u00e4knad l\u00e4stid\" \/>\n\t<meta name=\"twitter:data1\" content=\"1 minut\" \/>\n<script type=\"application\/ld+json\" class=\"yoast-schema-graph\">{\"@context\":\"https:\\\/\\\/schema.org\",\"@graph\":[{\"@type\":\"WebPage\",\"@id\":\"https:\\\/\\\/wp.kristdemokraterna.se\\\/ydre\\\/vad-ar-bra-for-ydre\\\/\",\"url\":\"https:\\\/\\\/wp.kristdemokraterna.se\\\/ydre\\\/vad-ar-bra-for-ydre\\\/\",\"name\":\"Vad \u00e4r bra f\u00f6r Ydre? - Kristdemokraterna i Ydre\",\"isPartOf\":{\"@id\":\"https:\\\/\\\/wp.kristdemokraterna.se\\\/ydre\\\/#website\"},\"primaryImageOfPage\":{\"@id\":\"https:\\\/\\\/wp.kristdemokraterna.se\\\/ydre\\\/vad-ar-bra-for-ydre\\\/#primaryimage\"},\"image\":{\"@id\":\"https:\\\/\\\/wp.kristdemokraterna.se\\\/ydre\\\/vad-ar-bra-for-ydre\\\/#primaryimage\"},\"thumbnailUrl\":\"https:\\\/\\\/ydrebo.se\\\/sverigeresor\\\/tidsresa\\\/resa1.JPG\",\"datePublished\":\"2018-06-17T18:36:04+00:00\",\"dateModified\":\"2018-06-17T18:42:06+00:00\",\"breadcrumb\":{\"@id\":\"https:\\\/\\\/wp.kristdemokraterna.se\\\/ydre\\\/vad-ar-bra-for-ydre\\\/#breadcrumb\"},\"inLanguage\":\"sv-SE\",\"potentialAction\":[{\"@type\":\"ReadAction\",\"target\":[\"https:\\\/\\\/wp.kristdemokraterna.se\\\/ydre\\\/vad-ar-bra-for-ydre\\\/\"]}]},{\"@type\":\"ImageObject\",\"inLanguage\":\"sv-SE\",\"@id\":\"https:\\\/\\\/wp.kristdemokraterna.se\\\/ydre\\\/vad-ar-bra-for-ydre\\\/#primaryimage\",\"url\":\"https:\\\/\\\/ydrebo.se\\\/sverigeresor\\\/tidsresa\\\/resa1.JPG\",\"contentUrl\":\"https:\\\/\\\/ydrebo.se\\\/sverigeresor\\\/tidsresa\\\/resa1.JPG\"},{\"@type\":\"BreadcrumbList\",\"@id\":\"https:\\\/\\\/wp.kristdemokraterna.se\\\/ydre\\\/vad-ar-bra-for-ydre\\\/#breadcrumb\",\"itemListElement\":[{\"@type\":\"ListItem\",\"position\":1,\"name\":\"Hem\",\"item\":\"https:\\\/\\\/wp.kristdemokraterna.se\\\/ydre\\\/\"},{\"@type\":\"ListItem\",\"position\":2,\"name\":\"Vad \u00e4r bra f\u00f6r Ydre?\"}]},{\"@type\":\"WebSite\",\"@id\":\"https:\\\/\\\/wp.kristdemokraterna.se\\\/ydre\\\/#website\",\"url\":\"https:\\\/\\\/wp.kristdemokraterna.se\\\/ydre\\\/\",\"name\":\"Kristdemokraterna i Ydre\",\"description\":\"En till Kristdemokraterna webbplats\",\"inLanguage\":\"sv-SE\"}]}<\/script>\n<!-- \/ Yoast SEO plugin. -->","yoast_head_json":{"title":"Vad \u00e4r bra f\u00f6r Ydre? - Kristdemokraterna i Ydre","robots":{"index":"index","follow":"follow","max-snippet":"max-snippet:-1","max-image-preview":"max-image-preview:large","max-video-preview":"max-video-preview:-1"},"canonical":"https:\/\/wp.kristdemokraterna.se\/ydre\/vad-ar-bra-for-ydre\/","og_locale":"sv_SE","og_type":"article","og_title":"Vad \u00e4r bra f\u00f6r Ydre? - Kristdemokraterna i Ydre","og_description":"Det beror p\u00e5 vad fr\u00e5gan g\u00e4ller. Just nu \u00e4r kommunikationerna aktuella. Inte f\u00f6r oss.\u00a0Men vad f\u00e5r vi i st\u00e4llet? Nyligen var en h\u00f6g representant f\u00f6r Region \u00d6sterg\u00f6tland p\u00e5 bes\u00f6k hos oss. Vi undrade naturligtvis hur det kommer att g\u00e5 med L\u00e4nstrafiken f\u00f6r Ydres del. V\u00e5r bes\u00f6kare k\u00e4nde verkligen starkt f\u00f6r Ydre och han beundrar den L\u00e4s mer","og_url":"https:\/\/wp.kristdemokraterna.se\/ydre\/vad-ar-bra-for-ydre\/","og_site_name":"Kristdemokraterna i Ydre","article_modified_time":"2018-06-17T18:42:06+00:00","og_image":[{"url":"https:\/\/ydrebo.se\/sverigeresor\/tidsresa\/resa1.JPG","type":"","width":"","height":""}],"twitter_card":"summary_large_image","twitter_misc":{"Ber\u00e4knad l\u00e4stid":"1 minut"},"schema":{"@context":"https:\/\/schema.org","@graph":[{"@type":"WebPage","@id":"https:\/\/wp.kristdemokraterna.se\/ydre\/vad-ar-bra-for-ydre\/","url":"https:\/\/wp.kristdemokraterna.se\/ydre\/vad-ar-bra-for-ydre\/","name":"Vad \u00e4r bra f\u00f6r Ydre? - Kristdemokraterna i Ydre","isPartOf":{"@id":"https:\/\/wp.kristdemokraterna.se\/ydre\/#website"},"primaryImageOfPage":{"@id":"https:\/\/wp.kristdemokraterna.se\/ydre\/vad-ar-bra-for-ydre\/#primaryimage"},"image":{"@id":"https:\/\/wp.kristdemokraterna.se\/ydre\/vad-ar-bra-for-ydre\/#primaryimage"},"thumbnailUrl":"https:\/\/ydrebo.se\/sverigeresor\/tidsresa\/resa1.JPG","datePublished":"2018-06-17T18:36:04+00:00","dateModified":"2018-06-17T18:42:06+00:00","breadcrumb":{"@id":"https:\/\/wp.kristdemokraterna.se\/ydre\/vad-ar-bra-for-ydre\/#breadcrumb"},"inLanguage":"sv-SE","potentialAction":[{"@type":"ReadAction","target":["https:\/\/wp.kristdemokraterna.se\/ydre\/vad-ar-bra-for-ydre\/"]}]},{"@type":"ImageObject","inLanguage":"sv-SE","@id":"https:\/\/wp.kristdemokraterna.se\/ydre\/vad-ar-bra-for-ydre\/#primaryimage","url":"https:\/\/ydrebo.se\/sverigeresor\/tidsresa\/resa1.JPG","contentUrl":"https:\/\/ydrebo.se\/sverigeresor\/tidsresa\/resa1.JPG"},{"@type":"BreadcrumbList","@id":"https:\/\/wp.kristdemokraterna.se\/ydre\/vad-ar-bra-for-ydre\/#breadcrumb","itemListElement":[{"@type":"ListItem","position":1,"name":"Hem","item":"https:\/\/wp.kristdemokraterna.se\/ydre\/"},{"@type":"ListItem","position":2,"name":"Vad \u00e4r bra f\u00f6r Ydre?"}]},{"@type":"WebSite","@id":"https:\/\/wp.kristdemokraterna.se\/ydre\/#website","url":"https:\/\/wp.kristdemokraterna.se\/ydre\/","name":"Kristdemokraterna i Ydre","description":"En till Kristdemokraterna webbplats","inLanguage":"sv-SE"}]}},"_links":{"self":[{"href":"https:\/\/wp.kristdemokraterna.se\/ydre\/wp-json\/wp\/v2\/pages\/639","targetHints":{"allow":["GET"]}}],"collection":[{"href":"https:\/\/wp.kristdemokraterna.se\/ydre\/wp-json\/wp\/v2\/pages"}],"about":[{"href":"https:\/\/wp.kristdemokraterna.se\/ydre\/wp-json\/wp\/v2\/types\/page"}],"author":[{"embeddable":true,"href":"https:\/\/wp.kristdemokraterna.se\/ydre\/wp-json\/wp\/v2\/users\/793"}],"replies":[{"embeddable":true,"href":"https:\/\/wp.kristdemokraterna.se\/ydre\/wp-json\/wp\/v2\/comments?post=639"}],"version-history":[{"count":5,"href":"https:\/\/wp.kristdemokraterna.se\/ydre\/wp-json\/wp\/v2\/pages\/639\/revisions"}],"predecessor-version":[{"id":648,"href":"https:\/\/wp.kristdemokraterna.se\/ydre\/wp-json\/wp\/v2\/pages\/639\/revisions\/648"}],"wp:attachment":[{"href":"https:\/\/wp.kristdemokraterna.se\/ydre\/wp-json\/wp\/v2\/media?parent=639"}],"curies":[{"name":"wp","href":"https:\/\/api.w.org\/{rel}","templated":true}]}}