{"id":736,"date":"2018-07-07T18:31:13","date_gmt":"2018-07-07T16:31:13","guid":{"rendered":"http:\/\/wp.kristdemokraterna.se\/ydre\/?page_id=736"},"modified":"2018-07-07T18:32:29","modified_gmt":"2018-07-07T16:32:29","slug":"2017-03-31-det-finns-granser","status":"publish","type":"page","link":"https:\/\/wp.kristdemokraterna.se\/ydre\/2017-03-31-det-finns-granser\/","title":{"rendered":"2017-03-31 Det finns gr\u00e4nser"},"content":{"rendered":"<p><span style=\"font-size: large\">Det g\u00f6r det. Och mer blir det. I USA r\u00e5der det strid kring invandringen. Och i v\u00e5r v\u00e4rldsdel h\u00e5ller EU p\u00e5 att f\u00f6rlora Storbritannien som nu har l\u00e4mnat in sin uttr\u00e4desans\u00f6kan.<br \/>\nDet har ocks\u00e5 blivit sv\u00e5rare att korsa Sveriges gr\u00e4nser. F\u00f6r inte s\u00e5 l\u00e4nge sedan var det l\u00e4tt att resa in i ett grannland. Gr\u00e4nsen m\u00e4rktes knappt. Men s\u00e5 \u00e4r det inte l\u00e4ngre.<\/span><\/p>\n<p><span style=\"font-size: large\"><img loading=\"lazy\" decoding=\"async\" src=\"http:\/\/ydrebo.se\/kd\/veckobrev2016\/bro.JPG\" width=\"600\" height=\"463\" \/><br \/>\n<\/span><i>Bevakad gr\u00e4ns (\u00d6resundsbron).<\/p>\n<p><\/i>Kommer v\u00e5ra efterkommande att tro oss n\u00e4r vi ber\u00e4ttar om hur l\u00e4tt det var att resa mellan l\u00e4nderna och hur l\u00e4tt det var att flytta fr\u00e5n ett land till ett annat?<\/p>\n<p><img loading=\"lazy\" decoding=\"async\" src=\"http:\/\/ydrebo.se\/kd\/veckobrev2015\/sjoarp.JPG\" width=\"600\" height=\"450\" \/><br \/>\n<i>M\u00e5nga kunde som Andrew Peterson flytta h\u00e4rifr\u00e5n och andra har kunnat flytta hit.<\/p>\n<p><\/i>Invandringen har varit en stor stridsfr\u00e5ga i Sverige. Nu vill somliga i st\u00e4llet g\u00f6ra skolan till n\u00e4sta \u00e5rs stora valfr\u00e5ga. I Ydre som \u00e4r en s\u00e5 liten kommun finns ingen friskola och i synnerhet ingen &#8221;vinstgivande&#8221;. Vi har allts\u00e5 inget s\u00e5dant &#8221;problem&#8221;. Men det g\u00e4ller f\u00f6r oss att bevara den goda kvaliteten i de skolor vi har. Det har varit ett viktigt \u00e4mne i budgetf\u00f6rhandlingarna.<\/p>\n<p><i>Bengt Malm, ordf.<br \/>\n31 mars 2017\u00a0<\/i><\/p>\n","protected":false},"excerpt":{"rendered":"<p>Det g\u00f6r det. Och mer blir det. I USA r\u00e5der det strid kring invandringen. Och i v\u00e5r v\u00e4rldsdel h\u00e5ller EU p\u00e5 att f\u00f6rlora Storbritannien som nu har l\u00e4mnat in sin uttr\u00e4desans\u00f6kan. Det har ocks\u00e5 blivit sv\u00e5rare att korsa Sveriges gr\u00e4nser. F\u00f6r inte s\u00e5 l\u00e4nge sedan var det l\u00e4tt att resa in i ett grannland. Gr\u00e4nsen <a class=\"read-more-link\" href=\"https:\/\/wp.kristdemokraterna.se\/ydre\/2017-03-31-det-finns-granser\/\">L\u00e4s mer<\/a><\/p>\n","protected":false},"author":793,"featured_media":0,"parent":0,"menu_order":0,"comment_status":"closed","ping_status":"closed","template":"","meta":{"_acf_changed":false,"footnotes":""},"class_list":["post-736","page","type-page","status-publish","hentry"],"acf":[],"yoast_head":"<!-- This site is optimized with the Yoast SEO plugin v27.5 - https:\/\/yoast.com\/product\/yoast-seo-wordpress\/ -->\n<title>2017-03-31 Det finns gr\u00e4nser - Kristdemokraterna i Ydre<\/title>\n<meta name=\"robots\" content=\"index, follow, max-snippet:-1, max-image-preview:large, max-video-preview:-1\" \/>\n<link rel=\"canonical\" href=\"https:\/\/wp.kristdemokraterna.se\/ydre\/2017-03-31-det-finns-granser\/\" \/>\n<meta property=\"og:locale\" content=\"sv_SE\" \/>\n<meta property=\"og:type\" content=\"article\" \/>\n<meta property=\"og:title\" content=\"2017-03-31 Det finns gr\u00e4nser - Kristdemokraterna i Ydre\" \/>\n<meta property=\"og:description\" content=\"Det g\u00f6r det. Och mer blir det. I USA r\u00e5der det strid kring invandringen. Och i v\u00e5r v\u00e4rldsdel h\u00e5ller EU p\u00e5 att f\u00f6rlora Storbritannien som nu har l\u00e4mnat in sin uttr\u00e4desans\u00f6kan. Det har ocks\u00e5 blivit sv\u00e5rare att korsa Sveriges gr\u00e4nser. F\u00f6r inte s\u00e5 l\u00e4nge sedan var det l\u00e4tt att resa in i ett grannland. Gr\u00e4nsen L\u00e4s mer\" \/>\n<meta property=\"og:url\" content=\"https:\/\/wp.kristdemokraterna.se\/ydre\/2017-03-31-det-finns-granser\/\" \/>\n<meta property=\"og:site_name\" content=\"Kristdemokraterna i Ydre\" \/>\n<meta property=\"article:modified_time\" content=\"2018-07-07T16:32:29+00:00\" \/>\n<meta property=\"og:image\" content=\"http:\/\/ydrebo.se\/kd\/veckobrev2016\/bro.JPG\" \/>\n<meta name=\"twitter:card\" content=\"summary_large_image\" \/>\n<meta name=\"twitter:label1\" content=\"Ber\u00e4knad l\u00e4stid\" \/>\n\t<meta name=\"twitter:data1\" content=\"1 minut\" \/>\n<script type=\"application\/ld+json\" class=\"yoast-schema-graph\">{\"@context\":\"https:\\\/\\\/schema.org\",\"@graph\":[{\"@type\":\"WebPage\",\"@id\":\"https:\\\/\\\/wp.kristdemokraterna.se\\\/ydre\\\/2017-03-31-det-finns-granser\\\/\",\"url\":\"https:\\\/\\\/wp.kristdemokraterna.se\\\/ydre\\\/2017-03-31-det-finns-granser\\\/\",\"name\":\"2017-03-31 Det finns gr\u00e4nser - Kristdemokraterna i Ydre\",\"isPartOf\":{\"@id\":\"https:\\\/\\\/wp.kristdemokraterna.se\\\/ydre\\\/#website\"},\"primaryImageOfPage\":{\"@id\":\"https:\\\/\\\/wp.kristdemokraterna.se\\\/ydre\\\/2017-03-31-det-finns-granser\\\/#primaryimage\"},\"image\":{\"@id\":\"https:\\\/\\\/wp.kristdemokraterna.se\\\/ydre\\\/2017-03-31-det-finns-granser\\\/#primaryimage\"},\"thumbnailUrl\":\"http:\\\/\\\/ydrebo.se\\\/kd\\\/veckobrev2016\\\/bro.JPG\",\"datePublished\":\"2018-07-07T16:31:13+00:00\",\"dateModified\":\"2018-07-07T16:32:29+00:00\",\"breadcrumb\":{\"@id\":\"https:\\\/\\\/wp.kristdemokraterna.se\\\/ydre\\\/2017-03-31-det-finns-granser\\\/#breadcrumb\"},\"inLanguage\":\"sv-SE\",\"potentialAction\":[{\"@type\":\"ReadAction\",\"target\":[\"https:\\\/\\\/wp.kristdemokraterna.se\\\/ydre\\\/2017-03-31-det-finns-granser\\\/\"]}]},{\"@type\":\"ImageObject\",\"inLanguage\":\"sv-SE\",\"@id\":\"https:\\\/\\\/wp.kristdemokraterna.se\\\/ydre\\\/2017-03-31-det-finns-granser\\\/#primaryimage\",\"url\":\"http:\\\/\\\/ydrebo.se\\\/kd\\\/veckobrev2016\\\/bro.JPG\",\"contentUrl\":\"http:\\\/\\\/ydrebo.se\\\/kd\\\/veckobrev2016\\\/bro.JPG\"},{\"@type\":\"BreadcrumbList\",\"@id\":\"https:\\\/\\\/wp.kristdemokraterna.se\\\/ydre\\\/2017-03-31-det-finns-granser\\\/#breadcrumb\",\"itemListElement\":[{\"@type\":\"ListItem\",\"position\":1,\"name\":\"Hem\",\"item\":\"https:\\\/\\\/wp.kristdemokraterna.se\\\/ydre\\\/\"},{\"@type\":\"ListItem\",\"position\":2,\"name\":\"2017-03-31 Det finns gr\u00e4nser\"}]},{\"@type\":\"WebSite\",\"@id\":\"https:\\\/\\\/wp.kristdemokraterna.se\\\/ydre\\\/#website\",\"url\":\"https:\\\/\\\/wp.kristdemokraterna.se\\\/ydre\\\/\",\"name\":\"Kristdemokraterna i Ydre\",\"description\":\"En till Kristdemokraterna webbplats\",\"inLanguage\":\"sv-SE\"}]}<\/script>\n<!-- \/ Yoast SEO plugin. -->","yoast_head_json":{"title":"2017-03-31 Det finns gr\u00e4nser - Kristdemokraterna i Ydre","robots":{"index":"index","follow":"follow","max-snippet":"max-snippet:-1","max-image-preview":"max-image-preview:large","max-video-preview":"max-video-preview:-1"},"canonical":"https:\/\/wp.kristdemokraterna.se\/ydre\/2017-03-31-det-finns-granser\/","og_locale":"sv_SE","og_type":"article","og_title":"2017-03-31 Det finns gr\u00e4nser - Kristdemokraterna i Ydre","og_description":"Det g\u00f6r det. Och mer blir det. I USA r\u00e5der det strid kring invandringen. Och i v\u00e5r v\u00e4rldsdel h\u00e5ller EU p\u00e5 att f\u00f6rlora Storbritannien som nu har l\u00e4mnat in sin uttr\u00e4desans\u00f6kan. Det har ocks\u00e5 blivit sv\u00e5rare att korsa Sveriges gr\u00e4nser. F\u00f6r inte s\u00e5 l\u00e4nge sedan var det l\u00e4tt att resa in i ett grannland. Gr\u00e4nsen L\u00e4s mer","og_url":"https:\/\/wp.kristdemokraterna.se\/ydre\/2017-03-31-det-finns-granser\/","og_site_name":"Kristdemokraterna i Ydre","article_modified_time":"2018-07-07T16:32:29+00:00","og_image":[{"url":"http:\/\/ydrebo.se\/kd\/veckobrev2016\/bro.JPG","type":"","width":"","height":""}],"twitter_card":"summary_large_image","twitter_misc":{"Ber\u00e4knad l\u00e4stid":"1 minut"},"schema":{"@context":"https:\/\/schema.org","@graph":[{"@type":"WebPage","@id":"https:\/\/wp.kristdemokraterna.se\/ydre\/2017-03-31-det-finns-granser\/","url":"https:\/\/wp.kristdemokraterna.se\/ydre\/2017-03-31-det-finns-granser\/","name":"2017-03-31 Det finns gr\u00e4nser - Kristdemokraterna i Ydre","isPartOf":{"@id":"https:\/\/wp.kristdemokraterna.se\/ydre\/#website"},"primaryImageOfPage":{"@id":"https:\/\/wp.kristdemokraterna.se\/ydre\/2017-03-31-det-finns-granser\/#primaryimage"},"image":{"@id":"https:\/\/wp.kristdemokraterna.se\/ydre\/2017-03-31-det-finns-granser\/#primaryimage"},"thumbnailUrl":"http:\/\/ydrebo.se\/kd\/veckobrev2016\/bro.JPG","datePublished":"2018-07-07T16:31:13+00:00","dateModified":"2018-07-07T16:32:29+00:00","breadcrumb":{"@id":"https:\/\/wp.kristdemokraterna.se\/ydre\/2017-03-31-det-finns-granser\/#breadcrumb"},"inLanguage":"sv-SE","potentialAction":[{"@type":"ReadAction","target":["https:\/\/wp.kristdemokraterna.se\/ydre\/2017-03-31-det-finns-granser\/"]}]},{"@type":"ImageObject","inLanguage":"sv-SE","@id":"https:\/\/wp.kristdemokraterna.se\/ydre\/2017-03-31-det-finns-granser\/#primaryimage","url":"http:\/\/ydrebo.se\/kd\/veckobrev2016\/bro.JPG","contentUrl":"http:\/\/ydrebo.se\/kd\/veckobrev2016\/bro.JPG"},{"@type":"BreadcrumbList","@id":"https:\/\/wp.kristdemokraterna.se\/ydre\/2017-03-31-det-finns-granser\/#breadcrumb","itemListElement":[{"@type":"ListItem","position":1,"name":"Hem","item":"https:\/\/wp.kristdemokraterna.se\/ydre\/"},{"@type":"ListItem","position":2,"name":"2017-03-31 Det finns gr\u00e4nser"}]},{"@type":"WebSite","@id":"https:\/\/wp.kristdemokraterna.se\/ydre\/#website","url":"https:\/\/wp.kristdemokraterna.se\/ydre\/","name":"Kristdemokraterna i Ydre","description":"En till Kristdemokraterna webbplats","inLanguage":"sv-SE"}]}},"_links":{"self":[{"href":"https:\/\/wp.kristdemokraterna.se\/ydre\/wp-json\/wp\/v2\/pages\/736","targetHints":{"allow":["GET"]}}],"collection":[{"href":"https:\/\/wp.kristdemokraterna.se\/ydre\/wp-json\/wp\/v2\/pages"}],"about":[{"href":"https:\/\/wp.kristdemokraterna.se\/ydre\/wp-json\/wp\/v2\/types\/page"}],"author":[{"embeddable":true,"href":"https:\/\/wp.kristdemokraterna.se\/ydre\/wp-json\/wp\/v2\/users\/793"}],"replies":[{"embeddable":true,"href":"https:\/\/wp.kristdemokraterna.se\/ydre\/wp-json\/wp\/v2\/comments?post=736"}],"version-history":[{"count":3,"href":"https:\/\/wp.kristdemokraterna.se\/ydre\/wp-json\/wp\/v2\/pages\/736\/revisions"}],"predecessor-version":[{"id":739,"href":"https:\/\/wp.kristdemokraterna.se\/ydre\/wp-json\/wp\/v2\/pages\/736\/revisions\/739"}],"wp:attachment":[{"href":"https:\/\/wp.kristdemokraterna.se\/ydre\/wp-json\/wp\/v2\/media?parent=736"}],"curies":[{"name":"wp","href":"https:\/\/api.w.org\/{rel}","templated":true}]}}