{"id":810,"date":"2018-07-07T19:21:52","date_gmt":"2018-07-07T17:21:52","guid":{"rendered":"http:\/\/wp.kristdemokraterna.se\/ydre\/?page_id=810"},"modified":"2018-07-07T19:22:49","modified_gmt":"2018-07-07T17:22:49","slug":"2017-07-22-vem-kan-bli-ydrebo","status":"publish","type":"page","link":"https:\/\/wp.kristdemokraterna.se\/ydre\/2017-07-22-vem-kan-bli-ydrebo\/","title":{"rendered":"2017-07-22 Vem kan bli ydrebo?"},"content":{"rendered":"<p><span style=\"font-size: large\">Hittills har svaret varit enkelt. Vem som \u00e4n flyttar till Ydre blir ydrebo. Det spelar ingen roll om man kommer fr\u00e5n Kinda eller fr\u00e5n Kina. H\u00e4r finns bara ett slags m\u00e4nniskor n\u00e4mligen ydrebor.<br \/>\nMen nu har Moderaterna i Ydre f\u00f6reslagit en \u00e4ndring. &#8221;Integrationsplikt beh\u00f6vs i Ydre&#8221;, skriver man i ortstidningen. Officiellt \u00e4r m\u00e5let att &#8221;jobbklyftan mellan inrikes och utrikesf\u00f6dda ska bort.&#8221;<\/span><\/p>\n<table border=\"0\" width=\"550\" cellspacing=\"0\" cellpadding=\"0\">\n<tbody>\n<tr>\n<td><img loading=\"lazy\" decoding=\"async\" src=\"http:\/\/ydrebo.se\/kd\/veckobrev2017\/tom.gif\" width=\"1\" height=\"110\" \/><img loading=\"lazy\" decoding=\"async\" src=\"http:\/\/ydrebo.se\/kd\/veckobrev2017\/ab.jpg\" width=\"370\" height=\"161\" border=\"0\" \/><\/td>\n<\/tr>\n<\/tbody>\n<\/table>\n<p><i>Kan man bli ydrebo om man kommer h\u00e4rifr\u00e5n? (Gula floden i f\u00f6rfattarens hemtrakt.)<\/p>\n<p><\/i><span style=\"font-size: large\">Men tonen i ins\u00e4ndaren \u00e4r anm\u00e4rkningsv\u00e4rt h\u00e5rd. Och inte f\u00f6rklarar Moderaterna s\u00e4rskilt v\u00e4l vad de menar med integration.<br \/>\nVad menas t.ex. med att vi utrikesf\u00f6dda m\u00e5ste f\u00e5 &#8221;f\u00f6rst\u00e5else f\u00f6r de v\u00e4rderingar som g\u00e4ller h\u00e4r&#8221;? Inte ett ord s\u00e4gs om en av de viktigaste v\u00e4rderingar som s\u00e4rskilt tydligt skiljer Ydre fr\u00e5n de krigsh\u00e4rjade diktaturstater som m\u00e5nga av oss varit i.<br \/>\nT\u00e4nk p\u00e5 hur nationals\u00e5ngen b\u00f6rjar: &#8221;Du gamla, du fria&#8221;. Sverige \u00e4r gammalt men ocks\u00e5 fritt. Med det menar vi inte bara att Sverige \u00e4r en sj\u00e4lvst\u00e4ndig nation utan framf\u00f6r allt att den \u00e4r befolkad av fria m\u00e4nniskor.<\/span><\/p>\n<p><img loading=\"lazy\" decoding=\"async\" src=\"http:\/\/ydrebo.se\/kd\/veckobrev2017\/rabatt.JPG\" width=\"600\" height=\"462\" \/><br \/>\n<i>Hur v\u00e4lkomnande skall Ydre vara enligt Moderaterna? (Torget i \u00d6sterbymo.)<\/p>\n<p><\/i>Att tankefriheten \u00e4r omistlig \u00e4r kanske den viktigaste v\u00e4rderingen vi har. Men m\u00e5nga av oss har levt i kulturer d\u00e4r tankefriheten saknar v\u00e4rde. M\u00e5nga integrationsproblem har sitt ursprung i just detta.<br \/>\nHur skall man f\u00e5 de mest kuvade av invandrarna att t\u00e4nka fritt? Och hur f\u00e5r man alla att respektera andras tankefrihet? Moderaternas l\u00e4roplansf\u00f6rslag handlar mer om att vi skall t\u00e4nka r\u00e4tt. Jag \u00e4r inte s\u00e4ker p\u00e5 att jag sj\u00e4lv skulle bli godk\u00e4nd p\u00e5 deras kurs i svenskhet.<\/p>\n<p><i>Bengt Malm, ordf.<br \/>\n22 juli<\/i><\/p>\n<p><span style=\"font-size: large\"><img loading=\"lazy\" decoding=\"async\" src=\"http:\/\/ydrebo.se\/kd\/veckobrev2017\/vildblommor.JPG\" width=\"600\" height=\"463\" \/><\/span><\/p>\n","protected":false},"excerpt":{"rendered":"<p>Hittills har svaret varit enkelt. Vem som \u00e4n flyttar till Ydre blir ydrebo. Det spelar ingen roll om man kommer fr\u00e5n Kinda eller fr\u00e5n Kina. H\u00e4r finns bara ett slags m\u00e4nniskor n\u00e4mligen ydrebor. Men nu har Moderaterna i Ydre f\u00f6reslagit en \u00e4ndring. &#8221;Integrationsplikt beh\u00f6vs i Ydre&#8221;, skriver man i ortstidningen. Officiellt \u00e4r m\u00e5let att &#8221;jobbklyftan <a class=\"read-more-link\" href=\"https:\/\/wp.kristdemokraterna.se\/ydre\/2017-07-22-vem-kan-bli-ydrebo\/\">L\u00e4s mer<\/a><\/p>\n","protected":false},"author":793,"featured_media":0,"parent":0,"menu_order":0,"comment_status":"closed","ping_status":"closed","template":"","meta":{"_acf_changed":false,"footnotes":""},"class_list":["post-810","page","type-page","status-publish","hentry"],"acf":[],"yoast_head":"<!-- This site is optimized with the Yoast SEO plugin v27.5 - https:\/\/yoast.com\/product\/yoast-seo-wordpress\/ -->\n<title>2017-07-22 Vem kan bli ydrebo? - Kristdemokraterna i Ydre<\/title>\n<meta name=\"robots\" content=\"index, follow, max-snippet:-1, max-image-preview:large, max-video-preview:-1\" \/>\n<link rel=\"canonical\" href=\"https:\/\/wp.kristdemokraterna.se\/ydre\/2017-07-22-vem-kan-bli-ydrebo\/\" \/>\n<meta property=\"og:locale\" content=\"sv_SE\" \/>\n<meta property=\"og:type\" content=\"article\" \/>\n<meta property=\"og:title\" content=\"2017-07-22 Vem kan bli ydrebo? - Kristdemokraterna i Ydre\" \/>\n<meta property=\"og:description\" content=\"Hittills har svaret varit enkelt. Vem som \u00e4n flyttar till Ydre blir ydrebo. Det spelar ingen roll om man kommer fr\u00e5n Kinda eller fr\u00e5n Kina. H\u00e4r finns bara ett slags m\u00e4nniskor n\u00e4mligen ydrebor. Men nu har Moderaterna i Ydre f\u00f6reslagit en \u00e4ndring. &#8221;Integrationsplikt beh\u00f6vs i Ydre&#8221;, skriver man i ortstidningen. Officiellt \u00e4r m\u00e5let att &#8221;jobbklyftan L\u00e4s mer\" \/>\n<meta property=\"og:url\" content=\"https:\/\/wp.kristdemokraterna.se\/ydre\/2017-07-22-vem-kan-bli-ydrebo\/\" \/>\n<meta property=\"og:site_name\" content=\"Kristdemokraterna i Ydre\" \/>\n<meta property=\"article:modified_time\" content=\"2018-07-07T17:22:49+00:00\" \/>\n<meta property=\"og:image\" content=\"http:\/\/ydrebo.se\/kd\/veckobrev2017\/tom.gif\" \/>\n<meta name=\"twitter:card\" content=\"summary_large_image\" \/>\n<meta name=\"twitter:label1\" content=\"Ber\u00e4knad l\u00e4stid\" \/>\n\t<meta name=\"twitter:data1\" content=\"2 minuter\" \/>\n<script type=\"application\/ld+json\" class=\"yoast-schema-graph\">{\"@context\":\"https:\\\/\\\/schema.org\",\"@graph\":[{\"@type\":\"WebPage\",\"@id\":\"https:\\\/\\\/wp.kristdemokraterna.se\\\/ydre\\\/2017-07-22-vem-kan-bli-ydrebo\\\/\",\"url\":\"https:\\\/\\\/wp.kristdemokraterna.se\\\/ydre\\\/2017-07-22-vem-kan-bli-ydrebo\\\/\",\"name\":\"2017-07-22 Vem kan bli ydrebo? - Kristdemokraterna i Ydre\",\"isPartOf\":{\"@id\":\"https:\\\/\\\/wp.kristdemokraterna.se\\\/ydre\\\/#website\"},\"primaryImageOfPage\":{\"@id\":\"https:\\\/\\\/wp.kristdemokraterna.se\\\/ydre\\\/2017-07-22-vem-kan-bli-ydrebo\\\/#primaryimage\"},\"image\":{\"@id\":\"https:\\\/\\\/wp.kristdemokraterna.se\\\/ydre\\\/2017-07-22-vem-kan-bli-ydrebo\\\/#primaryimage\"},\"thumbnailUrl\":\"http:\\\/\\\/ydrebo.se\\\/kd\\\/veckobrev2017\\\/tom.gif\",\"datePublished\":\"2018-07-07T17:21:52+00:00\",\"dateModified\":\"2018-07-07T17:22:49+00:00\",\"breadcrumb\":{\"@id\":\"https:\\\/\\\/wp.kristdemokraterna.se\\\/ydre\\\/2017-07-22-vem-kan-bli-ydrebo\\\/#breadcrumb\"},\"inLanguage\":\"sv-SE\",\"potentialAction\":[{\"@type\":\"ReadAction\",\"target\":[\"https:\\\/\\\/wp.kristdemokraterna.se\\\/ydre\\\/2017-07-22-vem-kan-bli-ydrebo\\\/\"]}]},{\"@type\":\"ImageObject\",\"inLanguage\":\"sv-SE\",\"@id\":\"https:\\\/\\\/wp.kristdemokraterna.se\\\/ydre\\\/2017-07-22-vem-kan-bli-ydrebo\\\/#primaryimage\",\"url\":\"http:\\\/\\\/ydrebo.se\\\/kd\\\/veckobrev2017\\\/tom.gif\",\"contentUrl\":\"http:\\\/\\\/ydrebo.se\\\/kd\\\/veckobrev2017\\\/tom.gif\"},{\"@type\":\"BreadcrumbList\",\"@id\":\"https:\\\/\\\/wp.kristdemokraterna.se\\\/ydre\\\/2017-07-22-vem-kan-bli-ydrebo\\\/#breadcrumb\",\"itemListElement\":[{\"@type\":\"ListItem\",\"position\":1,\"name\":\"Hem\",\"item\":\"https:\\\/\\\/wp.kristdemokraterna.se\\\/ydre\\\/\"},{\"@type\":\"ListItem\",\"position\":2,\"name\":\"2017-07-22 Vem kan bli ydrebo?\"}]},{\"@type\":\"WebSite\",\"@id\":\"https:\\\/\\\/wp.kristdemokraterna.se\\\/ydre\\\/#website\",\"url\":\"https:\\\/\\\/wp.kristdemokraterna.se\\\/ydre\\\/\",\"name\":\"Kristdemokraterna i Ydre\",\"description\":\"En till Kristdemokraterna webbplats\",\"inLanguage\":\"sv-SE\"}]}<\/script>\n<!-- \/ Yoast SEO plugin. -->","yoast_head_json":{"title":"2017-07-22 Vem kan bli ydrebo? - Kristdemokraterna i Ydre","robots":{"index":"index","follow":"follow","max-snippet":"max-snippet:-1","max-image-preview":"max-image-preview:large","max-video-preview":"max-video-preview:-1"},"canonical":"https:\/\/wp.kristdemokraterna.se\/ydre\/2017-07-22-vem-kan-bli-ydrebo\/","og_locale":"sv_SE","og_type":"article","og_title":"2017-07-22 Vem kan bli ydrebo? - Kristdemokraterna i Ydre","og_description":"Hittills har svaret varit enkelt. Vem som \u00e4n flyttar till Ydre blir ydrebo. Det spelar ingen roll om man kommer fr\u00e5n Kinda eller fr\u00e5n Kina. H\u00e4r finns bara ett slags m\u00e4nniskor n\u00e4mligen ydrebor. Men nu har Moderaterna i Ydre f\u00f6reslagit en \u00e4ndring. &#8221;Integrationsplikt beh\u00f6vs i Ydre&#8221;, skriver man i ortstidningen. Officiellt \u00e4r m\u00e5let att &#8221;jobbklyftan L\u00e4s mer","og_url":"https:\/\/wp.kristdemokraterna.se\/ydre\/2017-07-22-vem-kan-bli-ydrebo\/","og_site_name":"Kristdemokraterna i Ydre","article_modified_time":"2018-07-07T17:22:49+00:00","og_image":[{"url":"http:\/\/ydrebo.se\/kd\/veckobrev2017\/tom.gif","type":"","width":"","height":""}],"twitter_card":"summary_large_image","twitter_misc":{"Ber\u00e4knad l\u00e4stid":"2 minuter"},"schema":{"@context":"https:\/\/schema.org","@graph":[{"@type":"WebPage","@id":"https:\/\/wp.kristdemokraterna.se\/ydre\/2017-07-22-vem-kan-bli-ydrebo\/","url":"https:\/\/wp.kristdemokraterna.se\/ydre\/2017-07-22-vem-kan-bli-ydrebo\/","name":"2017-07-22 Vem kan bli ydrebo? - Kristdemokraterna i Ydre","isPartOf":{"@id":"https:\/\/wp.kristdemokraterna.se\/ydre\/#website"},"primaryImageOfPage":{"@id":"https:\/\/wp.kristdemokraterna.se\/ydre\/2017-07-22-vem-kan-bli-ydrebo\/#primaryimage"},"image":{"@id":"https:\/\/wp.kristdemokraterna.se\/ydre\/2017-07-22-vem-kan-bli-ydrebo\/#primaryimage"},"thumbnailUrl":"http:\/\/ydrebo.se\/kd\/veckobrev2017\/tom.gif","datePublished":"2018-07-07T17:21:52+00:00","dateModified":"2018-07-07T17:22:49+00:00","breadcrumb":{"@id":"https:\/\/wp.kristdemokraterna.se\/ydre\/2017-07-22-vem-kan-bli-ydrebo\/#breadcrumb"},"inLanguage":"sv-SE","potentialAction":[{"@type":"ReadAction","target":["https:\/\/wp.kristdemokraterna.se\/ydre\/2017-07-22-vem-kan-bli-ydrebo\/"]}]},{"@type":"ImageObject","inLanguage":"sv-SE","@id":"https:\/\/wp.kristdemokraterna.se\/ydre\/2017-07-22-vem-kan-bli-ydrebo\/#primaryimage","url":"http:\/\/ydrebo.se\/kd\/veckobrev2017\/tom.gif","contentUrl":"http:\/\/ydrebo.se\/kd\/veckobrev2017\/tom.gif"},{"@type":"BreadcrumbList","@id":"https:\/\/wp.kristdemokraterna.se\/ydre\/2017-07-22-vem-kan-bli-ydrebo\/#breadcrumb","itemListElement":[{"@type":"ListItem","position":1,"name":"Hem","item":"https:\/\/wp.kristdemokraterna.se\/ydre\/"},{"@type":"ListItem","position":2,"name":"2017-07-22 Vem kan bli ydrebo?"}]},{"@type":"WebSite","@id":"https:\/\/wp.kristdemokraterna.se\/ydre\/#website","url":"https:\/\/wp.kristdemokraterna.se\/ydre\/","name":"Kristdemokraterna i Ydre","description":"En till Kristdemokraterna webbplats","inLanguage":"sv-SE"}]}},"_links":{"self":[{"href":"https:\/\/wp.kristdemokraterna.se\/ydre\/wp-json\/wp\/v2\/pages\/810","targetHints":{"allow":["GET"]}}],"collection":[{"href":"https:\/\/wp.kristdemokraterna.se\/ydre\/wp-json\/wp\/v2\/pages"}],"about":[{"href":"https:\/\/wp.kristdemokraterna.se\/ydre\/wp-json\/wp\/v2\/types\/page"}],"author":[{"embeddable":true,"href":"https:\/\/wp.kristdemokraterna.se\/ydre\/wp-json\/wp\/v2\/users\/793"}],"replies":[{"embeddable":true,"href":"https:\/\/wp.kristdemokraterna.se\/ydre\/wp-json\/wp\/v2\/comments?post=810"}],"version-history":[{"count":2,"href":"https:\/\/wp.kristdemokraterna.se\/ydre\/wp-json\/wp\/v2\/pages\/810\/revisions"}],"predecessor-version":[{"id":812,"href":"https:\/\/wp.kristdemokraterna.se\/ydre\/wp-json\/wp\/v2\/pages\/810\/revisions\/812"}],"wp:attachment":[{"href":"https:\/\/wp.kristdemokraterna.se\/ydre\/wp-json\/wp\/v2\/media?parent=810"}],"curies":[{"name":"wp","href":"https:\/\/api.w.org\/{rel}","templated":true}]}}