{"id":829,"date":"2018-07-07T19:36:58","date_gmt":"2018-07-07T17:36:58","guid":{"rendered":"http:\/\/wp.kristdemokraterna.se\/ydre\/?page_id=829"},"modified":"2018-07-07T19:37:39","modified_gmt":"2018-07-07T17:37:39","slug":"2017-08-23-ydre-och-hallonbergen","status":"publish","type":"page","link":"https:\/\/wp.kristdemokraterna.se\/ydre\/2017-08-23-ydre-och-hallonbergen\/","title":{"rendered":"2017-08-23 Ydre och Hallonbergen"},"content":{"rendered":"<p>Det byggs mer i Sverige \u00e4n p\u00e5 l\u00e4nge. Och det r\u00e4cker inte. M\u00e4nniskorna m\u00e5ste ha tak \u00f6ver huvudet. Det m\u00e5ste finnas fler skolor och f\u00f6rskolor. Allt fler lantliga milj\u00f6er f\u00f6rvandlas till stad.<br \/>\nSom ung bodde jag n\u00e4ra Hallonbergen som d\u00e5 var en skogbevuxen h\u00f6jd utanf\u00f6r Sundbyberg. Det var ren landsbygd. Men s\u00e5 kom h\u00f6ghus, k\u00f6pcentrum och tunnelbana.<br \/>\nS\u00e5 var det p\u00e5 m\u00e5nga h\u00e5ll. V\u00e4llingby kom tidigare och Sk\u00e4rholmen senare. Visst fick folk bost\u00e4der. Och nu \u00e4r det som sagt dags igen f\u00f6r byggande i stor skala. I Link\u00f6ping talar man med stolthet om den &#8221;sp\u00e4nning och dynamik&#8221; som kommer att finnas i den v\u00e4ldiga nya stadsdel som planeras.<br \/>\nHurdan \u00e4r den d\u00e4r &#8221;sp\u00e4nningen och dynamiken&#8221;. Konstn\u00e4ren Anna Sj\u00f6dahl gjorde sin mycket ber\u00f6mda tolkning i m\u00e5lningen\u00a0<a href=\"http:\/\/vasteraskonstmuseum.se\/wp-content\/uploads\/2013\/09\/skrietnyhetsbrev.gif\" target=\"_blank\" rel=\"noopener\"><b>V\u00e5r i Hallonbergen<\/b><\/a>.<\/p>\n<p><img loading=\"lazy\" decoding=\"async\" src=\"http:\/\/ydrebo.se\/kd\/veckobrev2016\/raas.JPG\" width=\"600\" height=\"450\" \/><br \/>\n<i>Vid R\u00e5\u00e5s kvarn.<\/i><\/p>\n<p>Allt oftare s\u00e4gs det hela Sverige\u00a0<i>inte<\/i>\u00a0skall leva. V\u00e5r framtid s\u00e4gs finnas i Hallonbergen och liknande st\u00e4llen. Men om vi inte skulle trivas med v\u00e5r i Hallonbergen? Om vi \u00e4nd\u00e5 vill uppleva v\u00e5rar och andra \u00e5rstider i Ydre? D\u00e5 m\u00e5ste vi vara r\u00e4dda om v\u00e5r bygd! Det blir en viktig fr\u00e5ga vid n\u00e4sta \u00e5rs kommunalval.<\/p>\n<p><img loading=\"lazy\" decoding=\"async\" src=\"http:\/\/ydrebo.se\/kd\/veckobrev2016\/solviken.JPG\" width=\"600\" height=\"461\" \/><br \/>\n<i>Solviken vid Sommen.<\/i><\/p>\n<p><i>Bengt Malm, ordf.<br \/>\n23 augusti<\/i><\/p>\n<p><img loading=\"lazy\" decoding=\"async\" src=\"http:\/\/ydrebo.se\/kd\/veckobrev\/ukreda4.JPG\" width=\"600\" height=\"462\" \/><\/p>\n","protected":false},"excerpt":{"rendered":"<p>Det byggs mer i Sverige \u00e4n p\u00e5 l\u00e4nge. Och det r\u00e4cker inte. M\u00e4nniskorna m\u00e5ste ha tak \u00f6ver huvudet. Det m\u00e5ste finnas fler skolor och f\u00f6rskolor. Allt fler lantliga milj\u00f6er f\u00f6rvandlas till stad. Som ung bodde jag n\u00e4ra Hallonbergen som d\u00e5 var en skogbevuxen h\u00f6jd utanf\u00f6r Sundbyberg. Det var ren landsbygd. Men s\u00e5 kom h\u00f6ghus, k\u00f6pcentrum <a class=\"read-more-link\" href=\"https:\/\/wp.kristdemokraterna.se\/ydre\/2017-08-23-ydre-och-hallonbergen\/\">L\u00e4s mer<\/a><\/p>\n","protected":false},"author":793,"featured_media":0,"parent":0,"menu_order":0,"comment_status":"closed","ping_status":"closed","template":"","meta":{"_acf_changed":false,"footnotes":""},"class_list":["post-829","page","type-page","status-publish","hentry"],"acf":[],"yoast_head":"<!-- This site is optimized with the Yoast SEO plugin v27.5 - https:\/\/yoast.com\/product\/yoast-seo-wordpress\/ -->\n<title>2017-08-23 Ydre och Hallonbergen - Kristdemokraterna i Ydre<\/title>\n<meta name=\"robots\" content=\"index, follow, max-snippet:-1, max-image-preview:large, max-video-preview:-1\" \/>\n<link rel=\"canonical\" href=\"https:\/\/wp.kristdemokraterna.se\/ydre\/2017-08-23-ydre-och-hallonbergen\/\" \/>\n<meta property=\"og:locale\" content=\"sv_SE\" \/>\n<meta property=\"og:type\" content=\"article\" \/>\n<meta property=\"og:title\" content=\"2017-08-23 Ydre och Hallonbergen - Kristdemokraterna i Ydre\" \/>\n<meta property=\"og:description\" content=\"Det byggs mer i Sverige \u00e4n p\u00e5 l\u00e4nge. Och det r\u00e4cker inte. M\u00e4nniskorna m\u00e5ste ha tak \u00f6ver huvudet. Det m\u00e5ste finnas fler skolor och f\u00f6rskolor. Allt fler lantliga milj\u00f6er f\u00f6rvandlas till stad. Som ung bodde jag n\u00e4ra Hallonbergen som d\u00e5 var en skogbevuxen h\u00f6jd utanf\u00f6r Sundbyberg. Det var ren landsbygd. Men s\u00e5 kom h\u00f6ghus, k\u00f6pcentrum L\u00e4s mer\" \/>\n<meta property=\"og:url\" content=\"https:\/\/wp.kristdemokraterna.se\/ydre\/2017-08-23-ydre-och-hallonbergen\/\" \/>\n<meta property=\"og:site_name\" content=\"Kristdemokraterna i Ydre\" \/>\n<meta property=\"article:modified_time\" content=\"2018-07-07T17:37:39+00:00\" \/>\n<meta property=\"og:image\" content=\"http:\/\/ydrebo.se\/kd\/veckobrev2016\/raas.JPG\" \/>\n<meta name=\"twitter:card\" content=\"summary_large_image\" \/>\n<meta name=\"twitter:label1\" content=\"Ber\u00e4knad l\u00e4stid\" \/>\n\t<meta name=\"twitter:data1\" content=\"1 minut\" \/>\n<script type=\"application\/ld+json\" class=\"yoast-schema-graph\">{\"@context\":\"https:\\\/\\\/schema.org\",\"@graph\":[{\"@type\":\"WebPage\",\"@id\":\"https:\\\/\\\/wp.kristdemokraterna.se\\\/ydre\\\/2017-08-23-ydre-och-hallonbergen\\\/\",\"url\":\"https:\\\/\\\/wp.kristdemokraterna.se\\\/ydre\\\/2017-08-23-ydre-och-hallonbergen\\\/\",\"name\":\"2017-08-23 Ydre och Hallonbergen - Kristdemokraterna i Ydre\",\"isPartOf\":{\"@id\":\"https:\\\/\\\/wp.kristdemokraterna.se\\\/ydre\\\/#website\"},\"primaryImageOfPage\":{\"@id\":\"https:\\\/\\\/wp.kristdemokraterna.se\\\/ydre\\\/2017-08-23-ydre-och-hallonbergen\\\/#primaryimage\"},\"image\":{\"@id\":\"https:\\\/\\\/wp.kristdemokraterna.se\\\/ydre\\\/2017-08-23-ydre-och-hallonbergen\\\/#primaryimage\"},\"thumbnailUrl\":\"http:\\\/\\\/ydrebo.se\\\/kd\\\/veckobrev2016\\\/raas.JPG\",\"datePublished\":\"2018-07-07T17:36:58+00:00\",\"dateModified\":\"2018-07-07T17:37:39+00:00\",\"breadcrumb\":{\"@id\":\"https:\\\/\\\/wp.kristdemokraterna.se\\\/ydre\\\/2017-08-23-ydre-och-hallonbergen\\\/#breadcrumb\"},\"inLanguage\":\"sv-SE\",\"potentialAction\":[{\"@type\":\"ReadAction\",\"target\":[\"https:\\\/\\\/wp.kristdemokraterna.se\\\/ydre\\\/2017-08-23-ydre-och-hallonbergen\\\/\"]}]},{\"@type\":\"ImageObject\",\"inLanguage\":\"sv-SE\",\"@id\":\"https:\\\/\\\/wp.kristdemokraterna.se\\\/ydre\\\/2017-08-23-ydre-och-hallonbergen\\\/#primaryimage\",\"url\":\"http:\\\/\\\/ydrebo.se\\\/kd\\\/veckobrev2016\\\/raas.JPG\",\"contentUrl\":\"http:\\\/\\\/ydrebo.se\\\/kd\\\/veckobrev2016\\\/raas.JPG\"},{\"@type\":\"BreadcrumbList\",\"@id\":\"https:\\\/\\\/wp.kristdemokraterna.se\\\/ydre\\\/2017-08-23-ydre-och-hallonbergen\\\/#breadcrumb\",\"itemListElement\":[{\"@type\":\"ListItem\",\"position\":1,\"name\":\"Hem\",\"item\":\"https:\\\/\\\/wp.kristdemokraterna.se\\\/ydre\\\/\"},{\"@type\":\"ListItem\",\"position\":2,\"name\":\"2017-08-23 Ydre och Hallonbergen\"}]},{\"@type\":\"WebSite\",\"@id\":\"https:\\\/\\\/wp.kristdemokraterna.se\\\/ydre\\\/#website\",\"url\":\"https:\\\/\\\/wp.kristdemokraterna.se\\\/ydre\\\/\",\"name\":\"Kristdemokraterna i Ydre\",\"description\":\"En till Kristdemokraterna webbplats\",\"inLanguage\":\"sv-SE\"}]}<\/script>\n<!-- \/ Yoast SEO plugin. -->","yoast_head_json":{"title":"2017-08-23 Ydre och Hallonbergen - Kristdemokraterna i Ydre","robots":{"index":"index","follow":"follow","max-snippet":"max-snippet:-1","max-image-preview":"max-image-preview:large","max-video-preview":"max-video-preview:-1"},"canonical":"https:\/\/wp.kristdemokraterna.se\/ydre\/2017-08-23-ydre-och-hallonbergen\/","og_locale":"sv_SE","og_type":"article","og_title":"2017-08-23 Ydre och Hallonbergen - Kristdemokraterna i Ydre","og_description":"Det byggs mer i Sverige \u00e4n p\u00e5 l\u00e4nge. Och det r\u00e4cker inte. M\u00e4nniskorna m\u00e5ste ha tak \u00f6ver huvudet. Det m\u00e5ste finnas fler skolor och f\u00f6rskolor. Allt fler lantliga milj\u00f6er f\u00f6rvandlas till stad. Som ung bodde jag n\u00e4ra Hallonbergen som d\u00e5 var en skogbevuxen h\u00f6jd utanf\u00f6r Sundbyberg. Det var ren landsbygd. Men s\u00e5 kom h\u00f6ghus, k\u00f6pcentrum L\u00e4s mer","og_url":"https:\/\/wp.kristdemokraterna.se\/ydre\/2017-08-23-ydre-och-hallonbergen\/","og_site_name":"Kristdemokraterna i Ydre","article_modified_time":"2018-07-07T17:37:39+00:00","og_image":[{"url":"http:\/\/ydrebo.se\/kd\/veckobrev2016\/raas.JPG","type":"","width":"","height":""}],"twitter_card":"summary_large_image","twitter_misc":{"Ber\u00e4knad l\u00e4stid":"1 minut"},"schema":{"@context":"https:\/\/schema.org","@graph":[{"@type":"WebPage","@id":"https:\/\/wp.kristdemokraterna.se\/ydre\/2017-08-23-ydre-och-hallonbergen\/","url":"https:\/\/wp.kristdemokraterna.se\/ydre\/2017-08-23-ydre-och-hallonbergen\/","name":"2017-08-23 Ydre och Hallonbergen - Kristdemokraterna i Ydre","isPartOf":{"@id":"https:\/\/wp.kristdemokraterna.se\/ydre\/#website"},"primaryImageOfPage":{"@id":"https:\/\/wp.kristdemokraterna.se\/ydre\/2017-08-23-ydre-och-hallonbergen\/#primaryimage"},"image":{"@id":"https:\/\/wp.kristdemokraterna.se\/ydre\/2017-08-23-ydre-och-hallonbergen\/#primaryimage"},"thumbnailUrl":"http:\/\/ydrebo.se\/kd\/veckobrev2016\/raas.JPG","datePublished":"2018-07-07T17:36:58+00:00","dateModified":"2018-07-07T17:37:39+00:00","breadcrumb":{"@id":"https:\/\/wp.kristdemokraterna.se\/ydre\/2017-08-23-ydre-och-hallonbergen\/#breadcrumb"},"inLanguage":"sv-SE","potentialAction":[{"@type":"ReadAction","target":["https:\/\/wp.kristdemokraterna.se\/ydre\/2017-08-23-ydre-och-hallonbergen\/"]}]},{"@type":"ImageObject","inLanguage":"sv-SE","@id":"https:\/\/wp.kristdemokraterna.se\/ydre\/2017-08-23-ydre-och-hallonbergen\/#primaryimage","url":"http:\/\/ydrebo.se\/kd\/veckobrev2016\/raas.JPG","contentUrl":"http:\/\/ydrebo.se\/kd\/veckobrev2016\/raas.JPG"},{"@type":"BreadcrumbList","@id":"https:\/\/wp.kristdemokraterna.se\/ydre\/2017-08-23-ydre-och-hallonbergen\/#breadcrumb","itemListElement":[{"@type":"ListItem","position":1,"name":"Hem","item":"https:\/\/wp.kristdemokraterna.se\/ydre\/"},{"@type":"ListItem","position":2,"name":"2017-08-23 Ydre och Hallonbergen"}]},{"@type":"WebSite","@id":"https:\/\/wp.kristdemokraterna.se\/ydre\/#website","url":"https:\/\/wp.kristdemokraterna.se\/ydre\/","name":"Kristdemokraterna i Ydre","description":"En till Kristdemokraterna webbplats","inLanguage":"sv-SE"}]}},"_links":{"self":[{"href":"https:\/\/wp.kristdemokraterna.se\/ydre\/wp-json\/wp\/v2\/pages\/829","targetHints":{"allow":["GET"]}}],"collection":[{"href":"https:\/\/wp.kristdemokraterna.se\/ydre\/wp-json\/wp\/v2\/pages"}],"about":[{"href":"https:\/\/wp.kristdemokraterna.se\/ydre\/wp-json\/wp\/v2\/types\/page"}],"author":[{"embeddable":true,"href":"https:\/\/wp.kristdemokraterna.se\/ydre\/wp-json\/wp\/v2\/users\/793"}],"replies":[{"embeddable":true,"href":"https:\/\/wp.kristdemokraterna.se\/ydre\/wp-json\/wp\/v2\/comments?post=829"}],"version-history":[{"count":3,"href":"https:\/\/wp.kristdemokraterna.se\/ydre\/wp-json\/wp\/v2\/pages\/829\/revisions"}],"predecessor-version":[{"id":832,"href":"https:\/\/wp.kristdemokraterna.se\/ydre\/wp-json\/wp\/v2\/pages\/829\/revisions\/832"}],"wp:attachment":[{"href":"https:\/\/wp.kristdemokraterna.se\/ydre\/wp-json\/wp\/v2\/media?parent=829"}],"curies":[{"name":"wp","href":"https:\/\/api.w.org\/{rel}","templated":true}]}}