{"id":854,"date":"2018-07-07T19:51:58","date_gmt":"2018-07-07T17:51:58","guid":{"rendered":"http:\/\/wp.kristdemokraterna.se\/ydre\/?page_id=854"},"modified":"2018-07-07T20:34:13","modified_gmt":"2018-07-07T18:34:13","slug":"2017-10-12","status":"publish","type":"page","link":"https:\/\/wp.kristdemokraterna.se\/ydre\/2017-10-12\/","title":{"rendered":"2017-10-12 V\u00e4gval"},"content":{"rendered":"<p>F\u00f6re dessa yttersta dagar kunde man p\u00e5 stadshuset i Barcelona se\u00a0<a href=\"http:\/\/c7.alamy.com\/comp\/HG2Y5G\/refugees-welcome-banner-on-the-ajuntament-de-barcelona-city-hall-building-HG2Y5G.jpg\" target=\"_blank\" rel=\"noopener\"><b>en banderoll<\/b><\/a>\u00a0med texten\u00a0<i>Flyktingar v\u00e4lkomna<\/i>\u00a0undertecknad\u00a0<i>Barcelona flyktingarnas stad<\/i>. Borde vi ha en s\u00e5dan banderoll p\u00e5 kommunhuset i \u00d6sterbymo?<br \/>\nDet \u00e4r m\u00e5nga val m\u00e4nniskor st\u00e4lls inf\u00f6r just nu. Det har varit eller kommer snart att bli val eller folkomr\u00f6stningar i \u00e5tskilliga l\u00e4nder.<br \/>\nOcks\u00e5 h\u00e4r i Ydre har vi valsituationer. Hur skall vi t.ex. st\u00e4lla oss till planerna p\u00e5 f\u00f6rf\u00e4rande stora vindkraftverk som ett f\u00f6retag vill bygga utanf\u00f6r Hestra?<\/p>\n<p><img loading=\"lazy\" decoding=\"async\" src=\"http:\/\/ydrebo.se\/kd\/veckobrev2017\/skogsvag.JPG\" width=\"600\" height=\"450\" \/><br \/>\n<i>Vilken \u00e4r den r\u00e4tta v\u00e4gen?<\/i><\/p>\n<p>Men mest allvarlig \u00e4r \u00e4nd\u00e5 flyktingfr\u00e5gan. Kristdemokraterna har beg\u00e4rt att Ydre skall ompr\u00f6va beslutet att skicka i v\u00e4g asyls\u00f6kande ungdomar som fyllt 18 \u00e5r.<br \/>\nSnart (den 24 oktober) \u00e4r det FN-dagen. V\u00e4lkomna d\u00e5 till\u00a0en kv\u00e4ll om flyktingar.<\/p>\n<p><i>Bengt Malm, ordf., f.d. flykting<br \/>\n12 oktober<\/i><\/p>\n","protected":false},"excerpt":{"rendered":"<p>F\u00f6re dessa yttersta dagar kunde man p\u00e5 stadshuset i Barcelona se\u00a0en banderoll\u00a0med texten\u00a0Flyktingar v\u00e4lkomna\u00a0undertecknad\u00a0Barcelona flyktingarnas stad. Borde vi ha en s\u00e5dan banderoll p\u00e5 kommunhuset i \u00d6sterbymo? Det \u00e4r m\u00e5nga val m\u00e4nniskor st\u00e4lls inf\u00f6r just nu. Det har varit eller kommer snart att bli val eller folkomr\u00f6stningar i \u00e5tskilliga l\u00e4nder. Ocks\u00e5 h\u00e4r i Ydre har vi <a class=\"read-more-link\" href=\"https:\/\/wp.kristdemokraterna.se\/ydre\/2017-10-12\/\">L\u00e4s mer<\/a><\/p>\n","protected":false},"author":793,"featured_media":0,"parent":0,"menu_order":0,"comment_status":"closed","ping_status":"closed","template":"","meta":{"_acf_changed":false,"footnotes":""},"class_list":["post-854","page","type-page","status-publish","hentry"],"acf":[],"yoast_head":"<!-- This site is optimized with the Yoast SEO plugin v27.5 - https:\/\/yoast.com\/product\/yoast-seo-wordpress\/ -->\n<title>2017-10-12 V\u00e4gval - Kristdemokraterna i Ydre<\/title>\n<meta name=\"robots\" content=\"index, follow, max-snippet:-1, max-image-preview:large, max-video-preview:-1\" \/>\n<link rel=\"canonical\" href=\"https:\/\/wp.kristdemokraterna.se\/ydre\/2017-10-12\/\" \/>\n<meta property=\"og:locale\" content=\"sv_SE\" \/>\n<meta property=\"og:type\" content=\"article\" \/>\n<meta property=\"og:title\" content=\"2017-10-12 V\u00e4gval - Kristdemokraterna i Ydre\" \/>\n<meta property=\"og:description\" content=\"F\u00f6re dessa yttersta dagar kunde man p\u00e5 stadshuset i Barcelona se\u00a0en banderoll\u00a0med texten\u00a0Flyktingar v\u00e4lkomna\u00a0undertecknad\u00a0Barcelona flyktingarnas stad. Borde vi ha en s\u00e5dan banderoll p\u00e5 kommunhuset i \u00d6sterbymo? Det \u00e4r m\u00e5nga val m\u00e4nniskor st\u00e4lls inf\u00f6r just nu. Det har varit eller kommer snart att bli val eller folkomr\u00f6stningar i \u00e5tskilliga l\u00e4nder. Ocks\u00e5 h\u00e4r i Ydre har vi L\u00e4s mer\" \/>\n<meta property=\"og:url\" content=\"https:\/\/wp.kristdemokraterna.se\/ydre\/2017-10-12\/\" \/>\n<meta property=\"og:site_name\" content=\"Kristdemokraterna i Ydre\" \/>\n<meta property=\"article:modified_time\" content=\"2018-07-07T18:34:13+00:00\" \/>\n<meta property=\"og:image\" content=\"http:\/\/ydrebo.se\/kd\/veckobrev2017\/skogsvag.JPG\" \/>\n<meta name=\"twitter:card\" content=\"summary_large_image\" \/>\n<meta name=\"twitter:label1\" content=\"Ber\u00e4knad l\u00e4stid\" \/>\n\t<meta name=\"twitter:data1\" content=\"1 minut\" \/>\n<script type=\"application\/ld+json\" class=\"yoast-schema-graph\">{\"@context\":\"https:\\\/\\\/schema.org\",\"@graph\":[{\"@type\":\"WebPage\",\"@id\":\"https:\\\/\\\/wp.kristdemokraterna.se\\\/ydre\\\/2017-10-12\\\/\",\"url\":\"https:\\\/\\\/wp.kristdemokraterna.se\\\/ydre\\\/2017-10-12\\\/\",\"name\":\"2017-10-12 V\u00e4gval - Kristdemokraterna i Ydre\",\"isPartOf\":{\"@id\":\"https:\\\/\\\/wp.kristdemokraterna.se\\\/ydre\\\/#website\"},\"primaryImageOfPage\":{\"@id\":\"https:\\\/\\\/wp.kristdemokraterna.se\\\/ydre\\\/2017-10-12\\\/#primaryimage\"},\"image\":{\"@id\":\"https:\\\/\\\/wp.kristdemokraterna.se\\\/ydre\\\/2017-10-12\\\/#primaryimage\"},\"thumbnailUrl\":\"http:\\\/\\\/ydrebo.se\\\/kd\\\/veckobrev2017\\\/skogsvag.JPG\",\"datePublished\":\"2018-07-07T17:51:58+00:00\",\"dateModified\":\"2018-07-07T18:34:13+00:00\",\"breadcrumb\":{\"@id\":\"https:\\\/\\\/wp.kristdemokraterna.se\\\/ydre\\\/2017-10-12\\\/#breadcrumb\"},\"inLanguage\":\"sv-SE\",\"potentialAction\":[{\"@type\":\"ReadAction\",\"target\":[\"https:\\\/\\\/wp.kristdemokraterna.se\\\/ydre\\\/2017-10-12\\\/\"]}]},{\"@type\":\"ImageObject\",\"inLanguage\":\"sv-SE\",\"@id\":\"https:\\\/\\\/wp.kristdemokraterna.se\\\/ydre\\\/2017-10-12\\\/#primaryimage\",\"url\":\"http:\\\/\\\/ydrebo.se\\\/kd\\\/veckobrev2017\\\/skogsvag.JPG\",\"contentUrl\":\"http:\\\/\\\/ydrebo.se\\\/kd\\\/veckobrev2017\\\/skogsvag.JPG\"},{\"@type\":\"BreadcrumbList\",\"@id\":\"https:\\\/\\\/wp.kristdemokraterna.se\\\/ydre\\\/2017-10-12\\\/#breadcrumb\",\"itemListElement\":[{\"@type\":\"ListItem\",\"position\":1,\"name\":\"Hem\",\"item\":\"https:\\\/\\\/wp.kristdemokraterna.se\\\/ydre\\\/\"},{\"@type\":\"ListItem\",\"position\":2,\"name\":\"2017-10-12 V\u00e4gval\"}]},{\"@type\":\"WebSite\",\"@id\":\"https:\\\/\\\/wp.kristdemokraterna.se\\\/ydre\\\/#website\",\"url\":\"https:\\\/\\\/wp.kristdemokraterna.se\\\/ydre\\\/\",\"name\":\"Kristdemokraterna i Ydre\",\"description\":\"En till Kristdemokraterna webbplats\",\"inLanguage\":\"sv-SE\"}]}<\/script>\n<!-- \/ Yoast SEO plugin. -->","yoast_head_json":{"title":"2017-10-12 V\u00e4gval - Kristdemokraterna i Ydre","robots":{"index":"index","follow":"follow","max-snippet":"max-snippet:-1","max-image-preview":"max-image-preview:large","max-video-preview":"max-video-preview:-1"},"canonical":"https:\/\/wp.kristdemokraterna.se\/ydre\/2017-10-12\/","og_locale":"sv_SE","og_type":"article","og_title":"2017-10-12 V\u00e4gval - Kristdemokraterna i Ydre","og_description":"F\u00f6re dessa yttersta dagar kunde man p\u00e5 stadshuset i Barcelona se\u00a0en banderoll\u00a0med texten\u00a0Flyktingar v\u00e4lkomna\u00a0undertecknad\u00a0Barcelona flyktingarnas stad. Borde vi ha en s\u00e5dan banderoll p\u00e5 kommunhuset i \u00d6sterbymo? Det \u00e4r m\u00e5nga val m\u00e4nniskor st\u00e4lls inf\u00f6r just nu. Det har varit eller kommer snart att bli val eller folkomr\u00f6stningar i \u00e5tskilliga l\u00e4nder. Ocks\u00e5 h\u00e4r i Ydre har vi L\u00e4s mer","og_url":"https:\/\/wp.kristdemokraterna.se\/ydre\/2017-10-12\/","og_site_name":"Kristdemokraterna i Ydre","article_modified_time":"2018-07-07T18:34:13+00:00","og_image":[{"url":"http:\/\/ydrebo.se\/kd\/veckobrev2017\/skogsvag.JPG","type":"","width":"","height":""}],"twitter_card":"summary_large_image","twitter_misc":{"Ber\u00e4knad l\u00e4stid":"1 minut"},"schema":{"@context":"https:\/\/schema.org","@graph":[{"@type":"WebPage","@id":"https:\/\/wp.kristdemokraterna.se\/ydre\/2017-10-12\/","url":"https:\/\/wp.kristdemokraterna.se\/ydre\/2017-10-12\/","name":"2017-10-12 V\u00e4gval - Kristdemokraterna i Ydre","isPartOf":{"@id":"https:\/\/wp.kristdemokraterna.se\/ydre\/#website"},"primaryImageOfPage":{"@id":"https:\/\/wp.kristdemokraterna.se\/ydre\/2017-10-12\/#primaryimage"},"image":{"@id":"https:\/\/wp.kristdemokraterna.se\/ydre\/2017-10-12\/#primaryimage"},"thumbnailUrl":"http:\/\/ydrebo.se\/kd\/veckobrev2017\/skogsvag.JPG","datePublished":"2018-07-07T17:51:58+00:00","dateModified":"2018-07-07T18:34:13+00:00","breadcrumb":{"@id":"https:\/\/wp.kristdemokraterna.se\/ydre\/2017-10-12\/#breadcrumb"},"inLanguage":"sv-SE","potentialAction":[{"@type":"ReadAction","target":["https:\/\/wp.kristdemokraterna.se\/ydre\/2017-10-12\/"]}]},{"@type":"ImageObject","inLanguage":"sv-SE","@id":"https:\/\/wp.kristdemokraterna.se\/ydre\/2017-10-12\/#primaryimage","url":"http:\/\/ydrebo.se\/kd\/veckobrev2017\/skogsvag.JPG","contentUrl":"http:\/\/ydrebo.se\/kd\/veckobrev2017\/skogsvag.JPG"},{"@type":"BreadcrumbList","@id":"https:\/\/wp.kristdemokraterna.se\/ydre\/2017-10-12\/#breadcrumb","itemListElement":[{"@type":"ListItem","position":1,"name":"Hem","item":"https:\/\/wp.kristdemokraterna.se\/ydre\/"},{"@type":"ListItem","position":2,"name":"2017-10-12 V\u00e4gval"}]},{"@type":"WebSite","@id":"https:\/\/wp.kristdemokraterna.se\/ydre\/#website","url":"https:\/\/wp.kristdemokraterna.se\/ydre\/","name":"Kristdemokraterna i Ydre","description":"En till Kristdemokraterna webbplats","inLanguage":"sv-SE"}]}},"_links":{"self":[{"href":"https:\/\/wp.kristdemokraterna.se\/ydre\/wp-json\/wp\/v2\/pages\/854","targetHints":{"allow":["GET"]}}],"collection":[{"href":"https:\/\/wp.kristdemokraterna.se\/ydre\/wp-json\/wp\/v2\/pages"}],"about":[{"href":"https:\/\/wp.kristdemokraterna.se\/ydre\/wp-json\/wp\/v2\/types\/page"}],"author":[{"embeddable":true,"href":"https:\/\/wp.kristdemokraterna.se\/ydre\/wp-json\/wp\/v2\/users\/793"}],"replies":[{"embeddable":true,"href":"https:\/\/wp.kristdemokraterna.se\/ydre\/wp-json\/wp\/v2\/comments?post=854"}],"version-history":[{"count":4,"href":"https:\/\/wp.kristdemokraterna.se\/ydre\/wp-json\/wp\/v2\/pages\/854\/revisions"}],"predecessor-version":[{"id":900,"href":"https:\/\/wp.kristdemokraterna.se\/ydre\/wp-json\/wp\/v2\/pages\/854\/revisions\/900"}],"wp:attachment":[{"href":"https:\/\/wp.kristdemokraterna.se\/ydre\/wp-json\/wp\/v2\/media?parent=854"}],"curies":[{"name":"wp","href":"https:\/\/api.w.org\/{rel}","templated":true}]}}